This is the mail archive of the
gcc-testresults@gcc.gnu.org
mailing list for the GCC project.
Results for 3.5-tree-ssa 20040503 (merged 20040428) testsuite on mn10300-unknown-elf
- From: Diego Novillo <dnovillo at redhat dot com>
- To: gcc-testresults at gcc dot gnu dot org
- Date: Mon, 3 May 2004 19:54:48 -0400
- Subject: Results for 3.5-tree-ssa 20040503 (merged 20040428) testsuite on mn10300-unknown-elf
LAST_UPDATED:
Target is mn10300-unknown-elf
Host is i686-pc-linux-gnu
=== binutils tests ===
Running target mn10300-sim
=== binutils Summary for mn10300-sim ===
# of expected passes 32
# of unsupported tests 1
Running target mn10300
ERROR: couldn't load description file for mn10300
=== expect tests ===
Running target unix
=== expect Summary ===
# of expected passes 1
/home/cygnus/dnovillo/devo/mn10300-elf.tree-ssa/bld.toohappy/expect/expect version is 5.26
Host is i686-pc-linux-gnu
=== gas tests ===
Running target mn10300-sim
=== gas Summary ===
# of expected passes 70
# of expected failures 1
Host is i686-pc-linux-gnu
=== gcc tests ===
Running target mn10300-sim
FAIL: gcc.c-torture/compile/20010605-1.c (test for excess errors)
FAIL: gcc.c-torture/compile/20010605-1.c (test for excess errors)
FAIL: gcc.c-torture/execute/builtins/string-asm-1.c compilation, -O0
UNRESOLVED: gcc.c-torture/execute/builtins/string-asm-1.c execution, -O0
FAIL: gcc.c-torture/execute/builtins/string-asm-1.c compilation, -O1
UNRESOLVED: gcc.c-torture/execute/builtins/string-asm-1.c execution, -O1
FAIL: gcc.c-torture/execute/builtins/string-asm-1.c compilation, -O2
UNRESOLVED: gcc.c-torture/execute/builtins/string-asm-1.c execution, -O2
FAIL: gcc.c-torture/execute/builtins/string-asm-1.c compilation, -O3 -fomit-frame-pointer
UNRESOLVED: gcc.c-torture/execute/builtins/string-asm-1.c execution, -O3 -fomit-frame-pointer
FAIL: gcc.c-torture/execute/builtins/string-asm-1.c compilation, -O3 -g
UNRESOLVED: gcc.c-torture/execute/builtins/string-asm-1.c execution, -O3 -g
FAIL: gcc.c-torture/execute/builtins/string-asm-1.c compilation, -Os
UNRESOLVED: gcc.c-torture/execute/builtins/string-asm-1.c execution, -Os
FAIL: gcc.c-torture/execute/builtins/string-asm-2.c compilation, -O0
UNRESOLVED: gcc.c-torture/execute/builtins/string-asm-2.c execution, -O0
FAIL: gcc.c-torture/execute/builtins/string-asm-2.c compilation, -O1
UNRESOLVED: gcc.c-torture/execute/builtins/string-asm-2.c execution, -O1
FAIL: gcc.c-torture/execute/builtins/string-asm-2.c compilation, -O2
UNRESOLVED: gcc.c-torture/execute/builtins/string-asm-2.c execution, -O2
FAIL: gcc.c-torture/execute/builtins/string-asm-2.c compilation, -O3 -fomit-frame-pointer
UNRESOLVED: gcc.c-torture/execute/builtins/string-asm-2.c execution, -O3 -fomit-frame-pointer
FAIL: gcc.c-torture/execute/builtins/string-asm-2.c compilation, -O3 -g
UNRESOLVED: gcc.c-torture/execute/builtins/string-asm-2.c execution, -O3 -g
FAIL: gcc.c-torture/execute/builtins/string-asm-2.c compilation, -Os
UNRESOLVED: gcc.c-torture/execute/builtins/string-asm-2.c execution, -Os
FAIL: gcc.c-torture/execute/builtins/string-asm-1.c compilation, -O0
UNRESOLVED: gcc.c-torture/execute/builtins/string-asm-1.c execution, -O0
FAIL: gcc.c-torture/execute/builtins/string-asm-1.c compilation, -O1
UNRESOLVED: gcc.c-torture/execute/builtins/string-asm-1.c execution, -O1
FAIL: gcc.c-torture/execute/builtins/string-asm-1.c compilation, -O2
UNRESOLVED: gcc.c-torture/execute/builtins/string-asm-1.c execution, -O2
FAIL: gcc.c-torture/execute/builtins/string-asm-1.c compilation, -O3 -fomit-frame-pointer
UNRESOLVED: gcc.c-torture/execute/builtins/string-asm-1.c execution, -O3 -fomit-frame-pointer
FAIL: gcc.c-torture/execute/builtins/string-asm-1.c compilation, -O3 -g
UNRESOLVED: gcc.c-torture/execute/builtins/string-asm-1.c execution, -O3 -g
FAIL: gcc.c-torture/execute/builtins/string-asm-1.c compilation, -Os
UNRESOLVED: gcc.c-torture/execute/builtins/string-asm-1.c execution, -Os
FAIL: gcc.c-torture/execute/builtins/string-asm-2.c compilation, -O0
UNRESOLVED: gcc.c-torture/execute/builtins/string-asm-2.c execution, -O0
FAIL: gcc.c-torture/execute/builtins/string-asm-2.c compilation, -O1
UNRESOLVED: gcc.c-torture/execute/builtins/string-asm-2.c execution, -O1
FAIL: gcc.c-torture/execute/builtins/string-asm-2.c compilation, -O2
UNRESOLVED: gcc.c-torture/execute/builtins/string-asm-2.c execution, -O2
FAIL: gcc.c-torture/execute/builtins/string-asm-2.c compilation, -O3 -fomit-frame-pointer
UNRESOLVED: gcc.c-torture/execute/builtins/string-asm-2.c execution, -O3 -fomit-frame-pointer
FAIL: gcc.c-torture/execute/builtins/string-asm-2.c compilation, -O3 -g
UNRESOLVED: gcc.c-torture/execute/builtins/string-asm-2.c execution, -O3 -g
FAIL: gcc.c-torture/execute/builtins/string-asm-2.c compilation, -Os
UNRESOLVED: gcc.c-torture/execute/builtins/string-asm-2.c execution, -Os
FAIL: gcc.c-torture/execute/20020412-1.c execution, -O0
FAIL: gcc.c-torture/execute/20020412-1.c execution, -O1
FAIL: gcc.c-torture/execute/20020412-1.c execution, -O2
FAIL: gcc.c-torture/execute/20020412-1.c execution, -O3 -fomit-frame-pointer
FAIL: gcc.c-torture/execute/20020412-1.c execution, -O3 -fomit-frame-pointer -funroll-loops
FAIL: gcc.c-torture/execute/20020412-1.c execution, -O3 -fomit-frame-pointer -funroll-all-loops -finline-functions
FAIL: gcc.c-torture/execute/20020412-1.c execution, -O3 -g
FAIL: gcc.c-torture/execute/20020412-1.c execution, -Os
FAIL: gcc.c-torture/execute/20020720-1.c compilation, -O1
UNRESOLVED: gcc.c-torture/execute/20020720-1.c execution, -O1
FAIL: gcc.c-torture/execute/20020720-1.c compilation, -O2
UNRESOLVED: gcc.c-torture/execute/20020720-1.c execution, -O2
FAIL: gcc.c-torture/execute/20020720-1.c compilation, -O3 -fomit-frame-pointer
UNRESOLVED: gcc.c-torture/execute/20020720-1.c execution, -O3 -fomit-frame-pointer
FAIL: gcc.c-torture/execute/20020720-1.c compilation, -O3 -g
UNRESOLVED: gcc.c-torture/execute/20020720-1.c execution, -O3 -g
FAIL: gcc.c-torture/execute/20020720-1.c compilation, -Os
UNRESOLVED: gcc.c-torture/execute/20020720-1.c execution, -Os
FAIL: gcc.c-torture/execute/921017-1.c compilation, -O0
UNRESOLVED: gcc.c-torture/execute/921017-1.c execution, -O0
FAIL: gcc.c-torture/execute/921017-1.c compilation, -O1
UNRESOLVED: gcc.c-torture/execute/921017-1.c execution, -O1
FAIL: gcc.c-torture/execute/921017-1.c compilation, -O2
UNRESOLVED: gcc.c-torture/execute/921017-1.c execution, -O2
FAIL: gcc.c-torture/execute/921017-1.c compilation, -O3 -fomit-frame-pointer
UNRESOLVED: gcc.c-torture/execute/921017-1.c execution, -O3 -fomit-frame-pointer
FAIL: gcc.c-torture/execute/921017-1.c compilation, -O3 -g
UNRESOLVED: gcc.c-torture/execute/921017-1.c execution, -O3 -g
FAIL: gcc.c-torture/execute/921017-1.c compilation, -Os
UNRESOLVED: gcc.c-torture/execute/921017-1.c execution, -Os
FAIL: gcc.c-torture/execute/va-arg-22.c execution, -O1
FAIL: gcc.c-torture/execute/va-arg-22.c execution, -O2
FAIL: gcc.c-torture/execute/va-arg-22.c execution, -O3 -fomit-frame-pointer
FAIL: gcc.c-torture/execute/va-arg-22.c execution, -O3 -fomit-frame-pointer -funroll-loops
FAIL: gcc.c-torture/execute/va-arg-22.c execution, -O3 -fomit-frame-pointer -funroll-all-loops -finline-functions
FAIL: gcc.c-torture/execute/va-arg-22.c execution, -O3 -g
FAIL: gcc.c-torture/execute/va-arg-22.c execution, -Os
FAIL: gcc.dg/compat/struct-return-2 c_compat_x_tst.o-c_compat_y_tst.o execute
FAIL: gcc.dg/cpp/assert4.c (test for excess errors)
FAIL: gcc.dg/20021014-1.c (test for excess errors)
WARNING: gcc.dg/20021014-1.c compilation failed to produce executable
FAIL: gcc.dg/c90-const-expr-3.c (test for excess errors)
FAIL: gcc.dg/c90-intconst-1.c (test for excess errors)
FAIL: gcc.dg/c90-intprom-1.c (test for excess errors)
FAIL: gcc.dg/c99-const-expr-3.c (test for excess errors)
WARNING: program timed out.
FAIL: gcc.dg/c99-intconst-1.c (test for excess errors)
FAIL: gcc.dg/c99-intprom-1.c (test for excess errors)
FAIL: gcc.dg/nest.c (test for excess errors)
WARNING: gcc.dg/nest.c compilation failed to produce executable
XPASS: gcc.dg/setjmp-1.c spurious clobbered warning (test for bogus messages, line 16)
FAIL: gcc.dg/uninit-H.c (test for bogus messages, line 18)
FAIL: gcc.dg/torture/builtin-ctype-1.c (test for excess errors)
FAIL: gcc.dg/torture/builtin-ctype-1.c (test for excess errors)
FAIL: gcc.dg/torture/builtin-ctype-1.c (test for excess errors)
FAIL: gcc.dg/torture/builtin-ctype-1.c (test for excess errors)
FAIL: gcc.dg/torture/builtin-ctype-1.c (test for excess errors)
FAIL: gcc.dg/torture/builtin-ctype-2.c (test for excess errors)
FAIL: gcc.dg/torture/builtin-ctype-2.c (test for excess errors)
FAIL: gcc.dg/torture/builtin-ctype-2.c (test for excess errors)
FAIL: gcc.dg/torture/builtin-ctype-2.c (test for excess errors)
FAIL: gcc.dg/torture/builtin-ctype-2.c (test for excess errors)
ERROR: gcc.dg/tree-ssa/20030530-2.c: error executing dg-final: couldn't open "20030530-2.c.t44.dom3 20030530-2.c.t45.dom3": no such file or directory
UNRESOLVED: gcc.dg/tree-ssa/20030530-2.c: error executing dg-final: couldn't open "20030530-2.c.t44.dom3 20030530-2.c.t45.dom3": no such file or directory
ERROR: gcc.dg/tree-ssa/20030611-1.c: error executing dg-final: couldn't open "20030611-1.c.t44.dom3 20030611-1.c.t45.dom3": no such file or directory
UNRESOLVED: gcc.dg/tree-ssa/20030611-1.c: error executing dg-final: couldn't open "20030611-1.c.t44.dom3 20030611-1.c.t45.dom3": no such file or directory
ERROR: gcc.dg/tree-ssa/20030703-1.c: error executing dg-final: couldn't open "20030703-1.c.t44.dom3 20030703-1.c.t45.dom3": no such file or directory
UNRESOLVED: gcc.dg/tree-ssa/20030703-1.c: error executing dg-final: couldn't open "20030703-1.c.t44.dom3 20030703-1.c.t45.dom3": no such file or directory
ERROR: gcc.dg/tree-ssa/20030703-2.c: error executing dg-final: couldn't open "20030703-2.c.t44.dom3 20030703-2.c.t45.dom3": no such file or directory
UNRESOLVED: gcc.dg/tree-ssa/20030703-2.c: error executing dg-final: couldn't open "20030703-2.c.t44.dom3 20030703-2.c.t45.dom3": no such file or directory
ERROR: gcc.dg/tree-ssa/20030708-1.c: error executing dg-final: couldn't open "20030708-1.c.t44.dom3 20030708-1.c.t45.dom3": no such file or directory
UNRESOLVED: gcc.dg/tree-ssa/20030708-1.c: error executing dg-final: couldn't open "20030708-1.c.t44.dom3 20030708-1.c.t45.dom3": no such file or directory
ERROR: gcc.dg/tree-ssa/20030709-1.c: error executing dg-final: couldn't open "20030709-1.c.t51.optimized 20030709-1.c.t52.optimized": no such file or directory
UNRESOLVED: gcc.dg/tree-ssa/20030709-1.c: error executing dg-final: couldn't open "20030709-1.c.t51.optimized 20030709-1.c.t52.optimized": no such file or directory
ERROR: gcc.dg/tree-ssa/20030709-2.c: error executing dg-final: couldn't open "20030709-2.c.t46.cddce 20030709-2.c.t47.cddce": no such file or directory
UNRESOLVED: gcc.dg/tree-ssa/20030709-2.c: error executing dg-final: couldn't open "20030709-2.c.t46.cddce 20030709-2.c.t47.cddce": no such file or directory
ERROR: gcc.dg/tree-ssa/20030709-3.c: error executing dg-final: couldn't open "20030709-3.c.t44.dom3 20030709-3.c.t45.dom3": no such file or directory
UNRESOLVED: gcc.dg/tree-ssa/20030709-3.c: error executing dg-final: couldn't open "20030709-3.c.t44.dom3 20030709-3.c.t45.dom3": no such file or directory
ERROR: gcc.dg/tree-ssa/20030710-1.c: error executing dg-final: couldn't open "20030710-1.c.t44.dom3 20030710-1.c.t45.dom3": no such file or directory
UNRESOLVED: gcc.dg/tree-ssa/20030710-1.c: error executing dg-final: couldn't open "20030710-1.c.t44.dom3 20030710-1.c.t45.dom3": no such file or directory
ERROR: gcc.dg/tree-ssa/20030711-1.c: error executing dg-final: couldn't open "20030711-1.c.t44.dom3 20030711-1.c.t45.dom3": no such file or directory
UNRESOLVED: gcc.dg/tree-ssa/20030711-1.c: error executing dg-final: couldn't open "20030711-1.c.t44.dom3 20030711-1.c.t45.dom3": no such file or directory
ERROR: gcc.dg/tree-ssa/20030711-2.c: error executing dg-final: couldn't open "20030711-2.c.t45.dom3 20030711-2.c.t44.dom3": no such file or directory
UNRESOLVED: gcc.dg/tree-ssa/20030711-2.c: error executing dg-final: couldn't open "20030711-2.c.t45.dom3 20030711-2.c.t44.dom3": no such file or directory
ERROR: gcc.dg/tree-ssa/20030711-3.c: error executing dg-final: couldn't open "20030711-3.c.t45.dom3 20030711-3.c.t44.dom3": no such file or directory
UNRESOLVED: gcc.dg/tree-ssa/20030711-3.c: error executing dg-final: couldn't open "20030711-3.c.t45.dom3 20030711-3.c.t44.dom3": no such file or directory
ERROR: gcc.dg/tree-ssa/20030714-1.c: error executing dg-final: couldn't open "20030714-1.c.t45.dom3 20030714-1.c.t44.dom3": no such file or directory
UNRESOLVED: gcc.dg/tree-ssa/20030714-1.c: error executing dg-final: couldn't open "20030714-1.c.t45.dom3 20030714-1.c.t44.dom3": no such file or directory
ERROR: gcc.dg/tree-ssa/20030714-2.c: error executing dg-final: couldn't open "20030714-2.c.t45.dom3 20030714-2.c.t44.dom3": no such file or directory
UNRESOLVED: gcc.dg/tree-ssa/20030714-2.c: error executing dg-final: couldn't open "20030714-2.c.t45.dom3 20030714-2.c.t44.dom3": no such file or directory
ERROR: gcc.dg/tree-ssa/20030728-1.c: error executing dg-final: couldn't open "20030728-1.c.t52.optimized 20030728-1.c.t51.optimized": no such file or directory
UNRESOLVED: gcc.dg/tree-ssa/20030728-1.c: error executing dg-final: couldn't open "20030728-1.c.t52.optimized 20030728-1.c.t51.optimized": no such file or directory
ERROR: gcc.dg/tree-ssa/20030729-1.c: error executing dg-final: couldn't open "20030729-1.c.t45.dom3 20030729-1.c.t44.dom3": no such file or directory
UNRESOLVED: gcc.dg/tree-ssa/20030729-1.c: error executing dg-final: couldn't open "20030729-1.c.t45.dom3 20030729-1.c.t44.dom3": no such file or directory
ERROR: gcc.dg/tree-ssa/20030730-1.c: error executing dg-final: couldn't open "20030730-1.c.t45.dom3 20030730-1.c.t44.dom3": no such file or directory
UNRESOLVED: gcc.dg/tree-ssa/20030730-1.c: error executing dg-final: couldn't open "20030730-1.c.t45.dom3 20030730-1.c.t44.dom3": no such file or directory
ERROR: gcc.dg/tree-ssa/20030730-2.c: error executing dg-final: couldn't open "20030730-2.c.t45.dom3 20030730-2.c.t44.dom3": no such file or directory
UNRESOLVED: gcc.dg/tree-ssa/20030730-2.c: error executing dg-final: couldn't open "20030730-2.c.t45.dom3 20030730-2.c.t44.dom3": no such file or directory
ERROR: gcc.dg/tree-ssa/20030731-1.c: error executing dg-final: couldn't open "20030731-1.c.t45.dom3 20030731-1.c.t44.dom3": no such file or directory
UNRESOLVED: gcc.dg/tree-ssa/20030731-1.c: error executing dg-final: couldn't open "20030731-1.c.t45.dom3 20030731-1.c.t44.dom3": no such file or directory
ERROR: gcc.dg/tree-ssa/20030731-2.c: error executing dg-final: couldn't open "20030731-2.c.t41.ccp 20030731-2.c.t40.ccp": no such file or directory
UNRESOLVED: gcc.dg/tree-ssa/20030731-2.c: error executing dg-final: couldn't open "20030731-2.c.t41.ccp 20030731-2.c.t40.ccp": no such file or directory
ERROR: gcc.dg/tree-ssa/20030807-1.c: error executing dg-final: couldn't open "20030807-1.c.t45.dom3 20030807-1.c.t44.dom3": no such file or directory
UNRESOLVED: gcc.dg/tree-ssa/20030807-1.c: error executing dg-final: couldn't open "20030807-1.c.t45.dom3 20030807-1.c.t44.dom3": no such file or directory
ERROR: gcc.dg/tree-ssa/20030807-10.c: error executing dg-final: couldn't open "20030807-10.c.t45.dom3 20030807-10.c.t44.dom3": no such file or directory
UNRESOLVED: gcc.dg/tree-ssa/20030807-10.c: error executing dg-final: couldn't open "20030807-10.c.t45.dom3 20030807-10.c.t44.dom3": no such file or directory
ERROR: gcc.dg/tree-ssa/20030807-11.c: error executing dg-final: couldn't open "20030807-11.c.t45.dom3 20030807-11.c.t44.dom3": no such file or directory
UNRESOLVED: gcc.dg/tree-ssa/20030807-11.c: error executing dg-final: couldn't open "20030807-11.c.t45.dom3 20030807-11.c.t44.dom3": no such file or directory
ERROR: gcc.dg/tree-ssa/20030807-2.c: error executing dg-final: couldn't open "20030807-2.c.t45.dom3 20030807-2.c.t44.dom3": no such file or directory
UNRESOLVED: gcc.dg/tree-ssa/20030807-2.c: error executing dg-final: couldn't open "20030807-2.c.t45.dom3 20030807-2.c.t44.dom3": no such file or directory
ERROR: gcc.dg/tree-ssa/20030807-3.c: error executing dg-final: couldn't open "20030807-3.c.t45.dom3 20030807-3.c.t44.dom3": no such file or directory
UNRESOLVED: gcc.dg/tree-ssa/20030807-3.c: error executing dg-final: couldn't open "20030807-3.c.t45.dom3 20030807-3.c.t44.dom3": no such file or directory
ERROR: gcc.dg/tree-ssa/20030807-5.c: error executing dg-final: couldn't open "20030807-5.c.t45.dom3 20030807-5.c.t44.dom3": no such file or directory
UNRESOLVED: gcc.dg/tree-ssa/20030807-5.c: error executing dg-final: couldn't open "20030807-5.c.t45.dom3 20030807-5.c.t44.dom3": no such file or directory
ERROR: gcc.dg/tree-ssa/20030807-6.c: error executing dg-final: couldn't open "20030807-6.c.t45.dom3 20030807-6.c.t44.dom3": no such file or directory
UNRESOLVED: gcc.dg/tree-ssa/20030807-6.c: error executing dg-final: couldn't open "20030807-6.c.t45.dom3 20030807-6.c.t44.dom3": no such file or directory
ERROR: gcc.dg/tree-ssa/20030807-7.c: error executing dg-final: couldn't open "20030807-7.c.t45.dom3 20030807-7.c.t44.dom3": no such file or directory
UNRESOLVED: gcc.dg/tree-ssa/20030807-7.c: error executing dg-final: couldn't open "20030807-7.c.t45.dom3 20030807-7.c.t44.dom3": no such file or directory
ERROR: gcc.dg/tree-ssa/20030807-8.c: error executing dg-final: couldn't open "20030807-8.c.t45.dom3 20030807-8.c.t44.dom3": no such file or directory
UNRESOLVED: gcc.dg/tree-ssa/20030807-8.c: error executing dg-final: couldn't open "20030807-8.c.t45.dom3 20030807-8.c.t44.dom3": no such file or directory
ERROR: gcc.dg/tree-ssa/20030807-9.c: error executing dg-final: couldn't open "20030807-9.c.t45.dom3 20030807-9.c.t44.dom3": no such file or directory
UNRESOLVED: gcc.dg/tree-ssa/20030807-9.c: error executing dg-final: couldn't open "20030807-9.c.t45.dom3 20030807-9.c.t44.dom3": no such file or directory
ERROR: gcc.dg/tree-ssa/20030808-1.c: error executing dg-final: couldn't open "20030808-1.c.t47.cddce 20030808-1.c.t46.cddce": no such file or directory
UNRESOLVED: gcc.dg/tree-ssa/20030808-1.c: error executing dg-final: couldn't open "20030808-1.c.t47.cddce 20030808-1.c.t46.cddce": no such file or directory
ERROR: gcc.dg/tree-ssa/20030814-1.c: error executing dg-final: couldn't open "20030814-1.c.t45.dom3 20030814-1.c.t44.dom3": no such file or directory
UNRESOLVED: gcc.dg/tree-ssa/20030814-1.c: error executing dg-final: couldn't open "20030814-1.c.t45.dom3 20030814-1.c.t44.dom3": no such file or directory
ERROR: gcc.dg/tree-ssa/20030814-2.c: error executing dg-final: couldn't open "20030814-2.c.t45.dom3 20030814-2.c.t44.dom3": no such file or directory
UNRESOLVED: gcc.dg/tree-ssa/20030814-2.c: error executing dg-final: couldn't open "20030814-2.c.t45.dom3 20030814-2.c.t44.dom3": no such file or directory
ERROR: gcc.dg/tree-ssa/20030814-3.c: error executing dg-final: couldn't open "20030814-3.c.t45.dom3 20030814-3.c.t44.dom3": no such file or directory
UNRESOLVED: gcc.dg/tree-ssa/20030814-3.c: error executing dg-final: couldn't open "20030814-3.c.t45.dom3 20030814-3.c.t44.dom3": no such file or directory
ERROR: gcc.dg/tree-ssa/20030814-4.c: error executing dg-final: couldn't open "20030814-4.c.t45.dom3 20030814-4.c.t44.dom3": no such file or directory
UNRESOLVED: gcc.dg/tree-ssa/20030814-4.c: error executing dg-final: couldn't open "20030814-4.c.t45.dom3 20030814-4.c.t44.dom3": no such file or directory
ERROR: gcc.dg/tree-ssa/20030814-5.c: error executing dg-final: couldn't open "20030814-5.c.t45.dom3 20030814-5.c.t44.dom3": no such file or directory
UNRESOLVED: gcc.dg/tree-ssa/20030814-5.c: error executing dg-final: couldn't open "20030814-5.c.t45.dom3 20030814-5.c.t44.dom3": no such file or directory
ERROR: gcc.dg/tree-ssa/20030814-6.c: error executing dg-final: couldn't open "20030814-6.c.t45.dom3 20030814-6.c.t44.dom3": no such file or directory
UNRESOLVED: gcc.dg/tree-ssa/20030814-6.c: error executing dg-final: couldn't open "20030814-6.c.t45.dom3 20030814-6.c.t44.dom3": no such file or directory
ERROR: gcc.dg/tree-ssa/20030814-7.c: error executing dg-final: couldn't open "20030814-7.c.t45.dom3 20030814-7.c.t44.dom3": no such file or directory
UNRESOLVED: gcc.dg/tree-ssa/20030814-7.c: error executing dg-final: couldn't open "20030814-7.c.t45.dom3 20030814-7.c.t44.dom3": no such file or directory
ERROR: gcc.dg/tree-ssa/20030815-1.c: error executing dg-final: couldn't open "20030815-1.c.t45.dom3 20030815-1.c.t44.dom3": no such file or directory
UNRESOLVED: gcc.dg/tree-ssa/20030815-1.c: error executing dg-final: couldn't open "20030815-1.c.t45.dom3 20030815-1.c.t44.dom3": no such file or directory
ERROR: gcc.dg/tree-ssa/20030821-1.c: error executing dg-final: couldn't open "20030821-1.c.t52.optimized 20030821-1.c.t51.optimized": no such file or directory
UNRESOLVED: gcc.dg/tree-ssa/20030821-1.c: error executing dg-final: couldn't open "20030821-1.c.t52.optimized 20030821-1.c.t51.optimized": no such file or directory
ERROR: gcc.dg/tree-ssa/20030824-1.c: error executing dg-final: couldn't open "20030824-1.c.t52.optimized 20030824-1.c.t51.optimized": no such file or directory
UNRESOLVED: gcc.dg/tree-ssa/20030824-1.c: error executing dg-final: couldn't open "20030824-1.c.t52.optimized 20030824-1.c.t51.optimized": no such file or directory
ERROR: gcc.dg/tree-ssa/20030824-2.c: error executing dg-final: couldn't open "20030824-2.c.t52.optimized 20030824-2.c.t51.optimized": no such file or directory
UNRESOLVED: gcc.dg/tree-ssa/20030824-2.c: error executing dg-final: couldn't open "20030824-2.c.t52.optimized 20030824-2.c.t51.optimized": no such file or directory
ERROR: gcc.dg/tree-ssa/20030825-1.c: error executing dg-final: couldn't open "20030825-1.c.t52.optimized 20030825-1.c.t51.optimized": no such file or directory
UNRESOLVED: gcc.dg/tree-ssa/20030825-1.c: error executing dg-final: couldn't open "20030825-1.c.t52.optimized 20030825-1.c.t51.optimized": no such file or directory
ERROR: gcc.dg/tree-ssa/20030907-1.c: error executing dg-final: couldn't open "20030907-1.c.t52.optimized 20030907-1.c.t51.optimized": no such file or directory
UNRESOLVED: gcc.dg/tree-ssa/20030907-1.c: error executing dg-final: couldn't open "20030907-1.c.t52.optimized 20030907-1.c.t51.optimized": no such file or directory
ERROR: gcc.dg/tree-ssa/20030917-1.c: error executing dg-final: couldn't open "20030917-1.c.t41.ccp 20030917-1.c.t40.ccp": no such file or directory
UNRESOLVED: gcc.dg/tree-ssa/20030917-1.c: error executing dg-final: couldn't open "20030917-1.c.t41.ccp 20030917-1.c.t40.ccp": no such file or directory
ERROR: gcc.dg/tree-ssa/20030917-3.c: error executing dg-final: couldn't open "20030917-3.c.t41.ccp 20030917-3.c.t40.ccp": no such file or directory
UNRESOLVED: gcc.dg/tree-ssa/20030917-3.c: error executing dg-final: couldn't open "20030917-3.c.t41.ccp 20030917-3.c.t40.ccp": no such file or directory
ERROR: gcc.dg/tree-ssa/20030922-1.c: error executing dg-final: couldn't open "20030922-1.c.t45.dom3 20030922-1.c.t44.dom3": no such file or directory
UNRESOLVED: gcc.dg/tree-ssa/20030922-1.c: error executing dg-final: couldn't open "20030922-1.c.t45.dom3 20030922-1.c.t44.dom3": no such file or directory
ERROR: gcc.dg/tree-ssa/20031021-1.c: error executing dg-final: couldn't open "20031021-1.c.t52.optimized 20031021-1.c.t51.optimized": no such file or directory
UNRESOLVED: gcc.dg/tree-ssa/20031021-1.c: error executing dg-final: couldn't open "20031021-1.c.t52.optimized 20031021-1.c.t51.optimized": no such file or directory
ERROR: gcc.dg/tree-ssa/20031106-1.c: error executing dg-final: couldn't open "20031106-1.c.t52.optimized 20031106-1.c.t51.optimized": no such file or directory
UNRESOLVED: gcc.dg/tree-ssa/20031106-1.c: error executing dg-final: couldn't open "20031106-1.c.t52.optimized 20031106-1.c.t51.optimized": no such file or directory
ERROR: gcc.dg/tree-ssa/20031106-2.c: error executing dg-final: couldn't open "20031106-2.c.t52.optimized 20031106-2.c.t51.optimized": no such file or directory
UNRESOLVED: gcc.dg/tree-ssa/20031106-2.c: error executing dg-final: couldn't open "20031106-2.c.t52.optimized 20031106-2.c.t51.optimized": no such file or directory
ERROR: gcc.dg/tree-ssa/20031106-3.c: error executing dg-final: couldn't open "20031106-3.c.t52.optimized 20031106-3.c.t51.optimized": no such file or directory
UNRESOLVED: gcc.dg/tree-ssa/20031106-3.c: error executing dg-final: couldn't open "20031106-3.c.t52.optimized 20031106-3.c.t51.optimized": no such file or directory
ERROR: gcc.dg/tree-ssa/20031106-4.c: error executing dg-final: couldn't open "20031106-4.c.t52.optimized 20031106-4.c.t51.optimized": no such file or directory
UNRESOLVED: gcc.dg/tree-ssa/20031106-4.c: error executing dg-final: couldn't open "20031106-4.c.t52.optimized 20031106-4.c.t51.optimized": no such file or directory
ERROR: gcc.dg/tree-ssa/20031106-5.c: error executing dg-final: couldn't open "20031106-5.c.t52.optimized 20031106-5.c.t51.optimized": no such file or directory
UNRESOLVED: gcc.dg/tree-ssa/20031106-5.c: error executing dg-final: couldn't open "20031106-5.c.t52.optimized 20031106-5.c.t51.optimized": no such file or directory
ERROR: gcc.dg/tree-ssa/20031106-6.c: error executing dg-final: couldn't open "20031106-6.c.t52.optimized 20031106-6.c.t51.optimized": no such file or directory
UNRESOLVED: gcc.dg/tree-ssa/20031106-6.c: error executing dg-final: couldn't open "20031106-6.c.t52.optimized 20031106-6.c.t51.optimized": no such file or directory
ERROR: gcc.dg/tree-ssa/20031216-1.c: error executing dg-final: couldn't open "20031216-1.c.t52.optimized 20031216-1.c.t51.optimized": no such file or directory
UNRESOLVED: gcc.dg/tree-ssa/20031216-1.c: error executing dg-final: couldn't open "20031216-1.c.t52.optimized 20031216-1.c.t51.optimized": no such file or directory
ERROR: gcc.dg/tree-ssa/20040204-1.c: error executing dg-final: couldn't open "20040204-1.c.t52.optimized 20040204-1.c.t51.optimized": no such file or directory
UNRESOLVED: gcc.dg/tree-ssa/20040204-1.c: error executing dg-final: couldn't open "20040204-1.c.t52.optimized 20040204-1.c.t51.optimized": no such file or directory
ERROR: gcc.dg/tree-ssa/20040211-1.c: error executing dg-final: couldn't open "20040211-1.c.t47.cddce 20040211-1.c.t46.cddce": no such file or directory
UNRESOLVED: gcc.dg/tree-ssa/20040211-1.c: error executing dg-final: couldn't open "20040211-1.c.t47.cddce 20040211-1.c.t46.cddce": no such file or directory
ERROR: gcc.dg/tree-ssa/20040305-1.c: error executing dg-final: couldn't open "20040305-1.c.t47.cddce 20040305-1.c.t46.cddce": no such file or directory
UNRESOLVED: gcc.dg/tree-ssa/20040305-1.c: error executing dg-final: couldn't open "20040305-1.c.t47.cddce 20040305-1.c.t46.cddce": no such file or directory
ERROR: gcc.dg/tree-ssa/asm-1.c: error executing dg-final: couldn't open "asm-1.c.t52.optimized asm-1.c.t51.optimized": no such file or directory
UNRESOLVED: gcc.dg/tree-ssa/asm-1.c: error executing dg-final: couldn't open "asm-1.c.t52.optimized asm-1.c.t51.optimized": no such file or directory
ERROR: gcc.dg/tree-ssa/sra-1.c: error executing dg-final: couldn't open "sra-1.c.t52.optimized sra-1.c.t51.optimized": no such file or directory
UNRESOLVED: gcc.dg/tree-ssa/sra-1.c: error executing dg-final: couldn't open "sra-1.c.t52.optimized sra-1.c.t51.optimized": no such file or directory
ERROR: gcc.dg/tree-ssa/sra-2.c: error executing dg-final: couldn't open "sra-2.c.t52.optimized sra-2.c.t51.optimized": no such file or directory
UNRESOLVED: gcc.dg/tree-ssa/sra-2.c: error executing dg-final: couldn't open "sra-2.c.t52.optimized sra-2.c.t51.optimized": no such file or directory
ERROR: gcc.dg/tree-ssa/sra-3.c: error executing dg-final: couldn't open "sra-3.c.t52.optimized sra-3.c.t51.optimized": no such file or directory
UNRESOLVED: gcc.dg/tree-ssa/sra-3.c: error executing dg-final: couldn't open "sra-3.c.t52.optimized sra-3.c.t51.optimized": no such file or directory
ERROR: gcc.dg/tree-ssa/ssa-ccp-1.c: error executing dg-final: couldn't open "ssa-ccp-1.c.t41.ccp ssa-ccp-1.c.t40.ccp": no such file or directory
UNRESOLVED: gcc.dg/tree-ssa/ssa-ccp-1.c: error executing dg-final: couldn't open "ssa-ccp-1.c.t41.ccp ssa-ccp-1.c.t40.ccp": no such file or directory
ERROR: gcc.dg/tree-ssa/ssa-ccp-10.c: error executing dg-final: couldn't open "ssa-ccp-10.c.t43.fab ssa-ccp-10.c.t42.fab": no such file or directory
UNRESOLVED: gcc.dg/tree-ssa/ssa-ccp-10.c: error executing dg-final: couldn't open "ssa-ccp-10.c.t43.fab ssa-ccp-10.c.t42.fab": no such file or directory
ERROR: gcc.dg/tree-ssa/ssa-ccp-11.c: error executing dg-final: couldn't open "ssa-ccp-11.c.t52.optimized ssa-ccp-11.c.t51.optimized": no such file or directory
UNRESOLVED: gcc.dg/tree-ssa/ssa-ccp-11.c: error executing dg-final: couldn't open "ssa-ccp-11.c.t52.optimized ssa-ccp-11.c.t51.optimized": no such file or directory
ERROR: gcc.dg/tree-ssa/ssa-ccp-2.c: error executing dg-final: couldn't open "ssa-ccp-2.c.t41.ccp ssa-ccp-2.c.t40.ccp": no such file or directory
UNRESOLVED: gcc.dg/tree-ssa/ssa-ccp-2.c: error executing dg-final: couldn't open "ssa-ccp-2.c.t41.ccp ssa-ccp-2.c.t40.ccp": no such file or directory
ERROR: gcc.dg/tree-ssa/ssa-ccp-3.c: error executing dg-final: couldn't open "ssa-ccp-3.c.t41.ccp ssa-ccp-3.c.t40.ccp": no such file or directory
UNRESOLVED: gcc.dg/tree-ssa/ssa-ccp-3.c: error executing dg-final: couldn't open "ssa-ccp-3.c.t41.ccp ssa-ccp-3.c.t40.ccp": no such file or directory
ERROR: gcc.dg/tree-ssa/ssa-ccp-7.c: error executing dg-final: couldn't open "ssa-ccp-7.c.t41.ccp ssa-ccp-7.c.t40.ccp": no such file or directory
UNRESOLVED: gcc.dg/tree-ssa/ssa-ccp-7.c: error executing dg-final: couldn't open "ssa-ccp-7.c.t41.ccp ssa-ccp-7.c.t40.ccp": no such file or directory
ERROR: gcc.dg/tree-ssa/ssa-ccp-9.c: error executing dg-final: couldn't open "ssa-ccp-9.c.t41.ccp ssa-ccp-9.c.t40.ccp": no such file or directory
UNRESOLVED: gcc.dg/tree-ssa/ssa-ccp-9.c: error executing dg-final: couldn't open "ssa-ccp-9.c.t41.ccp ssa-ccp-9.c.t40.ccp": no such file or directory
ERROR: gcc.dg/tree-ssa/ssa-dce-3.c: error executing dg-final: couldn't open "ssa-dce-3.c.t47.cddce ssa-dce-3.c.t46.cddce": no such file or directory
UNRESOLVED: gcc.dg/tree-ssa/ssa-dce-3.c: error executing dg-final: couldn't open "ssa-dce-3.c.t47.cddce ssa-dce-3.c.t46.cddce": no such file or directory
ERROR: gcc.dg/tree-ssa/ssa-pre-1.c: error executing dg-final: couldn't open "ssa-pre-1.c.t44.pre ssa-pre-1.c.t43.pre": no such file or directory
UNRESOLVED: gcc.dg/tree-ssa/ssa-pre-1.c: error executing dg-final: couldn't open "ssa-pre-1.c.t44.pre ssa-pre-1.c.t43.pre": no such file or directory
ERROR: gcc.dg/tree-ssa/ssa-pre-2.c: error executing dg-final: couldn't open "ssa-pre-2.c.t44.pre ssa-pre-2.c.t43.pre": no such file or directory
UNRESOLVED: gcc.dg/tree-ssa/ssa-pre-2.c: error executing dg-final: couldn't open "ssa-pre-2.c.t44.pre ssa-pre-2.c.t43.pre": no such file or directory
ERROR: gcc.dg/tree-ssa/tailcall-1.c: error executing dg-final: couldn't open "tailcall-1.c.t51.tailc tailcall-1.c.t50.tailc": no such file or directory
UNRESOLVED: gcc.dg/tree-ssa/tailcall-1.c: error executing dg-final: couldn't open "tailcall-1.c.t51.tailc tailcall-1.c.t50.tailc": no such file or directory
ERROR: gcc.dg/tree-ssa/tailcall-2.c: error executing dg-final: couldn't open "tailcall-2.c.t51.tailc tailcall-2.c.t50.tailc": no such file or directory
UNRESOLVED: gcc.dg/tree-ssa/tailcall-2.c: error executing dg-final: couldn't open "tailcall-2.c.t51.tailc tailcall-2.c.t50.tailc": no such file or directory
ERROR: gcc.dg/tree-ssa/tailrecursion-5.c: error executing dg-final: couldn't open "tailrecursion-5.c.t52.optimized tailrecursion-5.c.t51.optimized": no such file or directory
UNRESOLVED: gcc.dg/tree-ssa/tailrecursion-5.c: error executing dg-final: couldn't open "tailrecursion-5.c.t52.optimized tailrecursion-5.c.t51.optimized": no such file or directory
FAIL: gcc.misc-tests/bprob-1.c execution: file bprob-1.gcda does not exist, -g -fprofile-arcs
UNRESOLVED: gcc.misc-tests/bprob-1.c compilation, -g -fbranch-probabilities
UNRESOLVED: gcc.misc-tests/bprob-1.c execution, -g -fbranch-probabilities
FAIL: gcc.misc-tests/bprob-1.c execution: file bprob-1.gcda does not exist, -O0 -fprofile-arcs
UNRESOLVED: gcc.misc-tests/bprob-1.c compilation, -O0 -fbranch-probabilities
UNRESOLVED: gcc.misc-tests/bprob-1.c execution, -O0 -fbranch-probabilities
FAIL: gcc.misc-tests/bprob-1.c execution: file bprob-1.gcda does not exist, -O1 -fprofile-arcs
UNRESOLVED: gcc.misc-tests/bprob-1.c compilation, -O1 -fbranch-probabilities
UNRESOLVED: gcc.misc-tests/bprob-1.c execution, -O1 -fbranch-probabilities
FAIL: gcc.misc-tests/bprob-1.c execution: file bprob-1.gcda does not exist, -O2 -DPERFTIME -fprofile-arcs
UNRESOLVED: gcc.misc-tests/bprob-1.c compilation, -O2 -DPERFTIME -fbranch-probabilities
UNRESOLVED: gcc.misc-tests/bprob-1.c execution, -O2 -DPERFTIME -fbranch-probabilities
FAIL: gcc.misc-tests/bprob-1.c execution: file bprob-1.gcda does not exist, -O3 -DPERFTIME -fprofile-arcs
UNRESOLVED: gcc.misc-tests/bprob-1.c compilation, -O3 -DPERFTIME -fbranch-probabilities
UNRESOLVED: gcc.misc-tests/bprob-1.c execution, -O3 -DPERFTIME -fbranch-probabilities
FAIL: gcc.misc-tests/bprob-1.c execution: file bprob-1.gcda does not exist, -O3 -g -DPERFTIME -fprofile-arcs
UNRESOLVED: gcc.misc-tests/bprob-1.c compilation, -O3 -g -DPERFTIME -fbranch-probabilities
UNRESOLVED: gcc.misc-tests/bprob-1.c execution, -O3 -g -DPERFTIME -fbranch-probabilities
FAIL: gcc.misc-tests/bprob-1.c execution: file bprob-1.gcda does not exist, -Os -fprofile-arcs
UNRESOLVED: gcc.misc-tests/bprob-1.c compilation, -Os -fbranch-probabilities
UNRESOLVED: gcc.misc-tests/bprob-1.c execution, -Os -fbranch-probabilities
FAIL: gcc.misc-tests/bprob-2.c execution: file bprob-2.gcda does not exist, -g -fprofile-arcs
UNRESOLVED: gcc.misc-tests/bprob-2.c compilation, -g -fbranch-probabilities
UNRESOLVED: gcc.misc-tests/bprob-2.c execution, -g -fbranch-probabilities
FAIL: gcc.misc-tests/bprob-2.c execution: file bprob-2.gcda does not exist, -O0 -fprofile-arcs
UNRESOLVED: gcc.misc-tests/bprob-2.c compilation, -O0 -fbranch-probabilities
UNRESOLVED: gcc.misc-tests/bprob-2.c execution, -O0 -fbranch-probabilities
FAIL: gcc.misc-tests/bprob-2.c execution: file bprob-2.gcda does not exist, -O1 -fprofile-arcs
UNRESOLVED: gcc.misc-tests/bprob-2.c compilation, -O1 -fbranch-probabilities
UNRESOLVED: gcc.misc-tests/bprob-2.c execution, -O1 -fbranch-probabilities
FAIL: gcc.misc-tests/bprob-2.c execution: file bprob-2.gcda does not exist, -O2 -DPERFTIME -fprofile-arcs
UNRESOLVED: gcc.misc-tests/bprob-2.c compilation, -O2 -DPERFTIME -fbranch-probabilities
UNRESOLVED: gcc.misc-tests/bprob-2.c execution, -O2 -DPERFTIME -fbranch-probabilities
FAIL: gcc.misc-tests/bprob-2.c execution: file bprob-2.gcda does not exist, -O3 -DPERFTIME -fprofile-arcs
UNRESOLVED: gcc.misc-tests/bprob-2.c compilation, -O3 -DPERFTIME -fbranch-probabilities
UNRESOLVED: gcc.misc-tests/bprob-2.c execution, -O3 -DPERFTIME -fbranch-probabilities
FAIL: gcc.misc-tests/bprob-2.c execution: file bprob-2.gcda does not exist, -O3 -g -DPERFTIME -fprofile-arcs
UNRESOLVED: gcc.misc-tests/bprob-2.c compilation, -O3 -g -DPERFTIME -fbranch-probabilities
UNRESOLVED: gcc.misc-tests/bprob-2.c execution, -O3 -g -DPERFTIME -fbranch-probabilities
FAIL: gcc.misc-tests/bprob-2.c execution: file bprob-2.gcda does not exist, -Os -fprofile-arcs
UNRESOLVED: gcc.misc-tests/bprob-2.c compilation, -Os -fbranch-probabilities
UNRESOLVED: gcc.misc-tests/bprob-2.c execution, -Os -fbranch-probabilities
=== gcc Summary for mn10300-sim ===
# of expected passes 26025
# of unexpected failures 87
# of unexpected successes 1
# of expected failures 52
# of unresolved testcases 138
# of untested testcases 28
# of unsupported tests 351
Running target mn10300
ERROR: couldn't load description file for mn10300
Host is i686-pc-linux-gnu
=== g++ tests ===
Running target mn10300-sim
FAIL: g++.dg/bprob/g++-bprob-1.C execution: file g++-bprob-1.gcda does not exist, -g -fprofile-arcs
UNRESOLVED: g++.dg/bprob/g++-bprob-1.C compilation, -g -fbranch-probabilities
UNRESOLVED: g++.dg/bprob/g++-bprob-1.C execution, -g -fbranch-probabilities
FAIL: g++.dg/bprob/g++-bprob-1.C execution: file g++-bprob-1.gcda does not exist, -O0 -fprofile-arcs
UNRESOLVED: g++.dg/bprob/g++-bprob-1.C compilation, -O0 -fbranch-probabilities
UNRESOLVED: g++.dg/bprob/g++-bprob-1.C execution, -O0 -fbranch-probabilities
FAIL: g++.dg/bprob/g++-bprob-1.C execution: file g++-bprob-1.gcda does not exist, -O1 -fprofile-arcs
UNRESOLVED: g++.dg/bprob/g++-bprob-1.C compilation, -O1 -fbranch-probabilities
UNRESOLVED: g++.dg/bprob/g++-bprob-1.C execution, -O1 -fbranch-probabilities
FAIL: g++.dg/bprob/g++-bprob-1.C execution: file g++-bprob-1.gcda does not exist, -O2 -fprofile-arcs
UNRESOLVED: g++.dg/bprob/g++-bprob-1.C compilation, -O2 -fbranch-probabilities
UNRESOLVED: g++.dg/bprob/g++-bprob-1.C execution, -O2 -fbranch-probabilities
FAIL: g++.dg/bprob/g++-bprob-1.C execution: file g++-bprob-1.gcda does not exist, -O3 -fprofile-arcs
UNRESOLVED: g++.dg/bprob/g++-bprob-1.C compilation, -O3 -fbranch-probabilities
UNRESOLVED: g++.dg/bprob/g++-bprob-1.C execution, -O3 -fbranch-probabilities
FAIL: g++.dg/bprob/g++-bprob-1.C execution: file g++-bprob-1.gcda does not exist, -O3 -g -fprofile-arcs
UNRESOLVED: g++.dg/bprob/g++-bprob-1.C compilation, -O3 -g -fbranch-probabilities
UNRESOLVED: g++.dg/bprob/g++-bprob-1.C execution, -O3 -g -fbranch-probabilities
FAIL: g++.dg/bprob/g++-bprob-1.C execution: file g++-bprob-1.gcda does not exist, -Os -fprofile-arcs
UNRESOLVED: g++.dg/bprob/g++-bprob-1.C compilation, -Os -fbranch-probabilities
UNRESOLVED: g++.dg/bprob/g++-bprob-1.C execution, -Os -fbranch-probabilities
FAIL: g++.dg/abi/bitfield4.C (test for excess errors)
WARNING: g++.dg/abi/bitfield4.C compilation failed to produce executable
XPASS: g++.dg/eh/elide1.C execution test
FAIL: g++.dg/inherit/thunk2.C (test for excess errors)
FAIL: g++.dg/init/enum2.C (test for excess errors)
ERROR: g++.dg/opt/nothrow1.C: error executing dg-final: couldn't open "nothrow1.C.t52.optimized nothrow1.C.t51.optimized": no such file or directory
UNRESOLVED: g++.dg/opt/nothrow1.C: error executing dg-final: couldn't open "nothrow1.C.t52.optimized nothrow1.C.t51.optimized": no such file or directory
FAIL: g++.dg/special/initp1.C execution test
FAIL: g++.old-deja/g++.benjamin/bool01.C (test for excess errors)
WARNING: g++.old-deja/g++.benjamin/bool01.C compilation failed to produce executable
FAIL: g++.old-deja/g++.benjamin/p12475.C (test for excess errors)
FAIL: g++.old-deja/g++.brendan/crash13.C (test for errors, line 34)
FAIL: g++.old-deja/g++.jason/rfg10.C (test for excess errors)
FAIL: g++.old-deja/g++.jason/thunk1.C (test for excess errors)
WARNING: g++.old-deja/g++.jason/thunk1.C compilation failed to produce executable
FAIL: g++.old-deja/g++.jason/thunk2.C (test for excess errors)
WARNING: g++.old-deja/g++.jason/thunk2.C compilation failed to produce executable
FAIL: g++.old-deja/g++.jason/thunk3.C (test for excess errors)
WARNING: g++.old-deja/g++.jason/thunk3.C compilation failed to produce executable
FAIL: g++.old-deja/g++.law/friend5.C (test for errors, line 19)
FAIL: g++.old-deja/g++.law/friend5.C (test for errors, line 24)
FAIL: g++.old-deja/g++.law/profile1.C (test for excess errors)
WARNING: g++.old-deja/g++.law/profile1.C compilation failed to produce executable
WARNING: g++.old-deja/g++.mike/p10769a.C compilation failed to produce executable
FAIL: g++.old-deja/g++.mike/p9732b.C execution test
WARNING: g++.old-deja/g++.other/enum5.C compilation failed to produce executable
WARNING: g++.old-deja/g++.pt/friend44.C compilation failed to produce executable
FAIL: g++.old-deja/g++.pt/static11.C execution test
=== g++ Summary for mn10300-sim ===
# of expected passes 9582
# of unexpected failures 23
# of unexpected successes 1
# of expected failures 93
# of unresolved testcases 15
# of unsupported tests 84
Running target mn10300
ERROR: couldn't load description file for mn10300
Host is i686-pc-linux-gnu
=== objc tests ===
Running target mn10300-sim
FAIL: objc.dg/bitfield-3.m (test for excess errors)
=== objc Summary ===
# of expected passes 1338
# of unexpected failures 1
# of unsupported tests 8
/notnfs/dnovillo/BLD-devo-mn10300-elf.toohappy.tree-ssa/gcc/xgcc version 3.5-tree-ssa 20040503 (merged 20040428)
Host is i686-pc-linux-gnu
=== ld tests ===
Running target mn10300-sim
XPASS: ld-elf/merge
FAIL: selective4
FAIL: selective5
XPASS: undefined function
=== ld Summary ===
# of expected passes 38
# of unexpected failures 2
# of unexpected successes 2
# of expected failures 1
Host is i686-pc-linux-gnu
=== newlib tests ===
Running target mn10300-sim
FAIL: Failed to compile /home/cygnus/dnovillo/devo/src.tree-ssa/newlib/testsuite/newlib.iconv/tst-iconv1.c.
FAIL: Failed to compile /home/cygnus/dnovillo/devo/src.tree-ssa/newlib/testsuite/newlib.iconv/tst-iconv2.c.
FAIL: Failed to compile /home/cygnus/dnovillo/devo/src.tree-ssa/newlib/testsuite/newlib.iconv/tst-iconv3.c.
FAIL: UTF-8.c: Expected: Set C-UTF-8 locale. Got: Failed to set C-UTF-8 locale.
=== newlib Summary ===
# of expected passes 9
# of unexpected failures 4
Host is i686-pc-linux-gnu
=== newlib tests ===
Running target mn10300-sim
FAIL: Failed to compile /home/cygnus/dnovillo/devo/src.tree-ssa/newlib/testsuite/newlib.iconv/tst-iconv1.c.
FAIL: Failed to compile /home/cygnus/dnovillo/devo/src.tree-ssa/newlib/testsuite/newlib.iconv/tst-iconv2.c.
FAIL: Failed to compile /home/cygnus/dnovillo/devo/src.tree-ssa/newlib/testsuite/newlib.iconv/tst-iconv3.c.
FAIL: UTF-8.c: Expected: Set C-UTF-8 locale. Got: Failed to set C-UTF-8 locale.
=== newlib Summary ===
# of expected passes 9
# of unexpected failures 4
Host is mn10300-unknown-elf
=== libstdc++ tests ===
Running target mn10300-sim
FAIL: 21_strings/basic_string/cons/char/1.cc execution test
FAIL: 21_strings/basic_string/cons/char/6.cc execution test
FAIL: 21_strings/basic_string/insert/char/1.cc execution test
FAIL: 21_strings/basic_string/inserters_extractors/char/10.cc execution test
FAIL: 27_io/basic_filebuf/close/char/1.cc execution test
FAIL: 27_io/basic_filebuf/close/char/2.cc execution test
FAIL: 27_io/basic_filebuf/close/char/4.cc execution test
FAIL: 27_io/basic_filebuf/close/char/4879.cc (test for excess errors)
WARNING: 27_io/basic_filebuf/close/char/4879.cc compilation failed to produce executable
FAIL: 27_io/basic_filebuf/close/char/9964.cc (test for excess errors)
WARNING: 27_io/basic_filebuf/close/char/9964.cc compilation failed to produce executable
FAIL: 27_io/basic_filebuf/imbue/char/13171-2.cc (test for excess errors)
WARNING: 27_io/basic_filebuf/imbue/char/13171-2.cc compilation failed to produce executable
FAIL: 27_io/basic_filebuf/imbue/char/13582-2.cc (test for excess errors)
WARNING: 27_io/basic_filebuf/imbue/char/13582-2.cc compilation failed to produce executable
FAIL: 27_io/basic_filebuf/imbue/char/2.cc execution test
FAIL: 27_io/basic_filebuf/in_avail/char/1.cc execution test
FAIL: 27_io/basic_filebuf/is_open/char/1.cc execution test
FAIL: 27_io/basic_filebuf/open/char/1.cc execution test
FAIL: 27_io/basic_filebuf/open/char/2.cc execution test
FAIL: 27_io/basic_filebuf/open/char/9507.cc (test for excess errors)
WARNING: 27_io/basic_filebuf/open/char/9507.cc compilation failed to produce executable
FAIL: 27_io/basic_filebuf/pbackfail/char/9761.cc execution test
FAIL: 27_io/basic_filebuf/sbumpc/char/1-in.cc execution test
FAIL: 27_io/basic_filebuf/sbumpc/char/1-io.cc execution test
FAIL: 27_io/basic_filebuf/sbumpc/char/2-in.cc execution test
FAIL: 27_io/basic_filebuf/sbumpc/char/2-io.cc execution test
FAIL: 27_io/basic_filebuf/seekoff/char/1-in.cc execution test
FAIL: 27_io/basic_filebuf/seekoff/char/1-io.cc execution test
FAIL: 27_io/basic_filebuf/seekoff/char/2-in.cc execution test
FAIL: 27_io/basic_filebuf/seekoff/char/2-io.cc execution test
FAIL: 27_io/basic_filebuf/seekoff/char/3-in.cc execution test
FAIL: 27_io/basic_filebuf/seekoff/char/3-io.cc execution test
FAIL: 27_io/basic_filebuf/seekpos/char/1-in.cc execution test
FAIL: 27_io/basic_filebuf/seekpos/char/1-io.cc execution test
FAIL: 27_io/basic_filebuf/seekpos/char/2-in.cc execution test
FAIL: 27_io/basic_filebuf/seekpos/char/2-io.cc execution test
FAIL: 27_io/basic_filebuf/setbuf/char/1.cc execution test
FAIL: 27_io/basic_filebuf/sgetc/char/1-in.cc execution test
FAIL: 27_io/basic_filebuf/sgetc/char/1-io.cc execution test
FAIL: 27_io/basic_filebuf/sgetc/char/2-in.cc execution test
FAIL: 27_io/basic_filebuf/sgetc/char/2-io.cc execution test
FAIL: 27_io/basic_filebuf/sgetn/char/1-in.cc execution test
FAIL: 27_io/basic_filebuf/sgetn/char/1-io.cc execution test
FAIL: 27_io/basic_filebuf/sgetn/char/2-in.cc execution test
FAIL: 27_io/basic_filebuf/sgetn/char/2-io.cc execution test
FAIL: 27_io/basic_filebuf/sgetn/char/3.cc execution test
FAIL: 27_io/basic_filebuf/showmanyc/char/9533-1.cc (test for excess errors)
WARNING: 27_io/basic_filebuf/showmanyc/char/9533-1.cc compilation failed to produce executable
FAIL: 27_io/basic_filebuf/snextc/char/1-in.cc execution test
FAIL: 27_io/basic_filebuf/snextc/char/1-io.cc execution test
FAIL: 27_io/basic_filebuf/snextc/char/2-in.cc execution test
FAIL: 27_io/basic_filebuf/snextc/char/2-io.cc execution test
FAIL: 27_io/basic_filebuf/sputbackc/char/1-in.cc execution test
FAIL: 27_io/basic_filebuf/sputbackc/char/2-in.cc execution test
FAIL: 27_io/basic_filebuf/sungetc/char/1-in.cc execution test
FAIL: 27_io/basic_filebuf/sungetc/char/2-in.cc execution test
FAIL: 27_io/basic_filebuf/underflow/10096.cc execution test
FAIL: 27_io/basic_filebuf/underflow/char/10097.cc (test for excess errors)
WARNING: 27_io/basic_filebuf/underflow/char/10097.cc compilation failed to produce executable
FAIL: 27_io/basic_ifstream/cons/char/1.cc execution test
FAIL: 27_io/basic_ifstream/open/char/1.cc execution test
FAIL: 27_io/basic_istream/extractors_other/char/2.cc execution test
FAIL: 27_io/basic_istream/get/char/2.cc execution test
FAIL: 27_io/basic_istream/getline/char/5.cc execution test
FAIL: 27_io/basic_istream/readsome/char/6746-2.cc execution test
FAIL: 27_io/basic_istream/seekg/char/fstream.cc execution test
FAIL: 27_io/basic_istream/seekg/char/sstream.cc execution test
FAIL: 27_io/basic_istream/tellg/char/1.cc execution test
FAIL: 27_io/basic_istream/tellg/char/fstream.cc execution test
FAIL: 27_io/basic_istream/tellg/char/sstream.cc execution test
FAIL: 27_io/basic_ostream/inserters_other/char/1.cc execution test
FAIL: 27_io/objects/char/10.cc execution test
FAIL: 27_io/objects/char/12048-1.cc execution test
FAIL: 27_io/objects/char/12048-2.cc execution test
FAIL: 27_io/objects/char/12048-3.cc execution test
FAIL: 27_io/objects/char/12048-4.cc execution test
XPASS: 27_io/objects/char/12048-5.cc execution test
FAIL: 27_io/objects/char/7.cc (test for excess errors)
WARNING: 27_io/objects/char/7.cc compilation failed to produce executable
FAIL: 27_io/objects/char/9661-1.cc (test for excess errors)
WARNING: 27_io/objects/char/9661-1.cc compilation failed to produce executable
FAIL: ext/stdio_sync_filebuf/char/12048-1.cc execution test
FAIL: ext/stdio_sync_filebuf/char/12048-2.cc execution test
FAIL: ext/stdio_sync_filebuf/char/12048-3.cc execution test
FAIL: ext/stdio_sync_filebuf/char/12048-4.cc execution test
=== libstdc++ Summary for mn10300-sim ===
# of expected passes 1870
# of unexpected failures 76
# of unexpected successes 1
# of expected failures 3
# of unsupported tests 8
Running target mn10300
ERROR: couldn't load description file for mn10300
Host is i686-pc-linux-gnu
=== newlib tests ===
Running target mn10300-sim
FAIL: Failed to compile /home/cygnus/dnovillo/devo/src.tree-ssa/newlib/testsuite/newlib.iconv/tst-iconv1.c.
FAIL: Failed to compile /home/cygnus/dnovillo/devo/src.tree-ssa/newlib/testsuite/newlib.iconv/tst-iconv2.c.
FAIL: Failed to compile /home/cygnus/dnovillo/devo/src.tree-ssa/newlib/testsuite/newlib.iconv/tst-iconv3.c.
FAIL: UTF-8.c: Expected: Set C-UTF-8 locale. Got: Failed to set C-UTF-8 locale.
=== newlib Summary ===
# of expected passes 9
# of unexpected failures 4
=== tcl tests ===
Running target unix
ERROR: /home/cygnus/dnovillo/devo/src.tree-ssa/tcl/testsuite/../tests/defs does not exist.
ERROR: Couldn't start the Tcl test shell
=== tcl Summary ===
=== tk tests ===
Running target unix
ERROR: Couldn't start the Tk test environment
=== tk Summary ===
Compiler version: 3.5-tree-ssa 20040503 (merged 20040428)
Platform: mn10300-unknown-elf
configure flags: --prefix=/home/cygnus/dnovillo/devo/mn10300-elf.tree-ssa --target=mn10300-elf --enable-languages=c,c++,java,objc