This is the mail archive of the
gcc-testresults@gcc.gnu.org
mailing list for the GCC project.
Results for 3.3.4 20040502 (prerelease) testsuite on ia64-unknown-linux-gnu
- From: hjl at gnu-4 dot sc dot intel dot com (H.J. Lu)
- To: gcc-testresults at gcc dot gnu dot org
- Date: Sun, 2 May 2004 21:10:42 -0700 (PDT)
- Subject: Results for 3.3.4 20040502 (prerelease) testsuite on ia64-unknown-linux-gnu
LAST_UPDATED: Sun May 2 16:23:24 UTC 2004
Native configuration is ia64-unknown-linux-gnu
=== g++ tests ===
Running target unix
=== g++ Summary ===
# of expected passes 7964
# of expected failures 98
# of untested testcases 23
# of unsupported tests 28
/export/build/gnu/gcc-3.3/build-ia64-linux/gcc/testsuite/../g++ version 3.3.4 20040502 (prerelease)
=== g77 tests ===
Running target unix
=== g77 Summary ===
# of expected passes 1720
# of unsupported tests 8
/export/build/gnu/gcc-3.3/build-ia64-linux/gcc/testsuite/../g77 version 3.3.4 20040502 (prerelease)
=== gcc tests ===
Running target unix
FAIL: gcc.c-torture/compile/20000701-1.c, -O3 -g
FAIL: gcc.c-torture/compile/20000827-1.c, -O3 -fomit-frame-pointer -funroll-all-loops -finline-functions
XPASS: gcc.c-torture/execute/20020227-1.c execution, -O0
FAIL: gcc.c-torture/execute/20020227-1.c compilation, -O2
UNRESOLVED: gcc.c-torture/execute/20020227-1.c execution, -O2
FAIL: gcc.c-torture/execute/20020227-1.c compilation, -O3 -fomit-frame-pointer
UNRESOLVED: gcc.c-torture/execute/20020227-1.c execution, -O3 -fomit-frame-pointer
FAIL: gcc.c-torture/execute/20020227-1.c compilation, -O3 -g
UNRESOLVED: gcc.c-torture/execute/20020227-1.c execution, -O3 -g
FAIL: gcc.c-torture/execute/20020227-1.c compilation, -Os
UNRESOLVED: gcc.c-torture/execute/20020227-1.c execution, -Os
FAIL: gcc.dg/duff-2.c (test for excess errors)
FAIL: gcc.dg/special/gcsec-1.c (test for excess errors)
=== gcc Summary ===
# of expected passes 20837
# of unexpected failures 8
# of unexpected successes 1
# of expected failures 78
# of unresolved testcases 4
# of unsupported tests 185
/export/build/gnu/gcc-3.3/build-ia64-linux/gcc/xgcc version 3.3.4 20040502 (prerelease)
=== objc tests ===
Running target unix
=== objc Summary ===
# of expected passes 1166
/export/build/gnu/gcc-3.3/build-ia64-linux/gcc/xgcc version 3.3.4 20040502 (prerelease)
=== libjava tests ===
Running target unix
=== libjava Summary ===
# of expected passes 2991
# of expected failures 16
# of untested testcases 12
=== libstdc++-v3 check-abi Summary ===
# of added symbols: 27
# of missing symbols: 0
# of incompatible symbols: 0
=== libstdc++-v3 tests ===
Running target unix
XPASS: 22_locale/collate_byname.cc execution test
XPASS: 22_locale/collate_members_char.cc execution test
XPASS: 22_locale/collate_members_wchar_t.cc execution test
XPASS: 22_locale/ctype_is_char.cc execution test
XPASS: 22_locale/ctype_is_wchar_t.cc execution test
XPASS: 22_locale/members.cc execution test
XPASS: 22_locale/messages_byname.cc execution test
XPASS: 22_locale/messages_members_char.cc execution test
XPASS: 22_locale/money_get_members_char.cc execution test
XPASS: 22_locale/money_get_members_wchar_t.cc execution test
XPASS: 22_locale/money_put_members_char.cc execution test
XPASS: 22_locale/money_put_members_wchar_t.cc execution test
XPASS: 22_locale/moneypunct_byname.cc execution test
XPASS: 22_locale/moneypunct_members_char.cc execution test
XPASS: 22_locale/moneypunct_members_wchar_t.cc execution test
XPASS: 22_locale/num_get_members_char.cc execution test
XPASS: 22_locale/num_get_members_wchar_t.cc execution test
XPASS: 22_locale/num_put_members_char.cc execution test
XPASS: 22_locale/numpunct_byname.cc execution test
XPASS: 22_locale/numpunct_members_char.cc execution test
XPASS: 22_locale/numpunct_members_wchar_t.cc execution test
XPASS: 22_locale/time_get_members_char.cc execution test
XPASS: 22_locale/time_get_members_wchar_t.cc execution test
=== libstdc++-v3 Summary ===
# of expected passes 453
# of unexpected successes 23
# of expected failures 5
Compiler version: 3.3.4 20040502 (prerelease)
Platform: ia64-unknown-linux-gnu
configure flags: --host=ia64-unknown-linux-gnu --enable-clocale=gnu --with-system-zlib --enable-shared --enable-threads=posix --enable-haifa --disable-checking --prefix=/usr/gcc-3.3 --with-local-prefix=/usr/local