This is the mail archive of the
gcc-testresults@gcc.gnu.org
mailing list for the GCC project.
Results for gcc testsuite on alphaev68-dec-osf5.1
- From: Stefano Curtarolo <auro at alpha dot mems dot duke dot edu>
- To: gcc-testresults at gcc dot gnu dot org
- Date: Sun, 2 May 2004 10:55:48 -0500 (EST)
- Subject: Results for gcc testsuite on alphaev68-dec-osf5.1
Compaq Tru64 UNIX V5.1a
Alphaev68-dec-osf5.1
Compaq AlphaServer ES45
Bootstrap with gcc-3.3.3, gnu make and ld.
LAST_UPDATED: Obtained from CVS: -rgcc_3_4_0_release
Native configuration is alphaev68-dec-osf5.1
=== libstdc++ tests ===
Running target unix
FAIL: 22_locale/collate/compare/wchar_t/2.cc (test for excess errors)
WARNING: 22_locale/collate/compare/wchar_t/2.cc compilation failed to produce executable
FAIL: 22_locale/collate/compare/wchar_t/wrapped_env.cc (test for excess errors)
WARNING: 22_locale/collate/compare/wchar_t/wrapped_env.cc compilation failed to produce executable
FAIL: 22_locale/collate/compare/wchar_t/wrapped_locale.cc (test for excess errors)
WARNING: 22_locale/collate/compare/wchar_t/wrapped_locale.cc compilation failed to produce executable
FAIL: 22_locale/collate/hash/wchar_t/2.cc (test for excess errors)
WARNING: 22_locale/collate/hash/wchar_t/2.cc compilation failed to produce executable
FAIL: 22_locale/collate/hash/wchar_t/wrapped_env.cc (test for excess errors)
WARNING: 22_locale/collate/hash/wchar_t/wrapped_env.cc compilation failed to produce executable
FAIL: 22_locale/collate/hash/wchar_t/wrapped_locale.cc (test for excess errors)
WARNING: 22_locale/collate/hash/wchar_t/wrapped_locale.cc compilation failed to produce executable
FAIL: 22_locale/collate/transform/wchar_t/2.cc (test for excess errors)
WARNING: 22_locale/collate/transform/wchar_t/2.cc compilation failed to produce executable
FAIL: 22_locale/collate/transform/wchar_t/wrapped_env.cc (test for excess errors)
WARNING: 22_locale/collate/transform/wchar_t/wrapped_env.cc compilation failed to produce executable
FAIL: 22_locale/collate/transform/wchar_t/wrapped_locale.cc (test for excess errors)
WARNING: 22_locale/collate/transform/wchar_t/wrapped_locale.cc compilation failed to produce executable
WARNING: program timed out.
FAIL: 26_numerics/complex_inserters_extractors.cc (test for excess errors)
WARNING: 26_numerics/complex_inserters_extractors.cc compilation failed to produce executable
WARNING: program timed out.
FAIL: 27_io/basic_filebuf/open/char/9507.cc execution test
FAIL: 27_io/basic_istream/extractors_arithmetic/char/12.cc execution test
FAIL: 27_io/fpos/14320-5.cc (test for excess errors)
WARNING: 27_io/fpos/14320-5.cc compilation failed to produce executable
=== libstdc++ Summary ===
# of expected passes 2624
# of unexpected failures 13
# of expected failures 5
=== g++ tests ===
Running target unix
WARNING: program timed out.
FAIL: g++.dg/eh/cleanup1.C (test for excess errors)
FAIL: ./empty.H (test for excess errors)
FAIL: ./empty.H (test for excess errors)
FAIL: ./empty.H (test for excess errors)
FAIL: ./static-1.H (test for excess errors)
FAIL: ./static-1.H (test for excess errors)
FAIL: ./static-1.H (test for excess errors)
FAIL: ./system-1.H (test for excess errors)
FAIL: ./system-1.H (test for excess errors)
FAIL: ./system-1.H (test for excess errors)
FAIL: ./system-2.H (test for excess errors)
FAIL: ./system-2.H (test for excess errors)
FAIL: ./system-2.H (test for excess errors)
FAIL: ./uninst.H (test for excess errors)
FAIL: ./uninst.H (test for excess errors)
FAIL: ./uninst.H (test for excess errors)
WARNING: g++.old-deja/g++.mike/p10769a.C compilation failed to produce executable
WARNING: g++.old-deja/g++.other/enum5.C compilation failed to produce executable
WARNING: g++.old-deja/g++.pt/friend44.C compilation failed to produce executable
=== g++ Summary ===
# of expected passes 9427
# of unexpected failures 16
# of expected failures 68
# of untested testcases 30
# of unsupported tests 71
=== g77 tests ===
Running target unix
=== g77 Summary ===
# of expected passes 1800
# of unsupported tests 6
=== gcc tests ===
Running target unix
FAIL: gcc.c-torture/compile/920625-2.c (test for excess errors)
FAIL: gcc.c-torture/compile/labels-3.c (test for excess errors)
FAIL: gcc.c-torture/compile/labels-3.c (test for excess errors)
FAIL: gcc.c-torture/compile/labels-3.c (test for excess errors)
FAIL: gcc.c-torture/compile/labels-3.c (test for excess errors)
FAIL: gcc.c-torture/compile/labels-3.c (test for excess errors)
FAIL: gcc.c-torture/compile/labels-3.c (test for excess errors)
FAIL: gcc.c-torture/execute/regstack-1.c execution, -O1
FAIL: gcc.c-torture/execute/ieee/20010226-1.c execution, -O1
FAIL: gcc.c-torture/execute/ieee/inf-1.c execution, -O1
FAIL: gcc.c-torture/execute/ieee/20010226-1.c execution, -O1
FAIL: gcc.c-torture/execute/ieee/inf-1.c execution, -O1
FAIL: gcc.dg/20040123-1.c scan-assembler abort
FAIL: gcc.dg/array-quals-1.c scan-assembler-not \\\\.data(?!\\\\.rel\\\\.ro)
FAIL: gcc.dg/builtins-18.c (test for excess errors)
FAIL: ./common-1.h (test for excess errors)
FAIL: ./common-1.h (test for excess errors)
FAIL: ./common-1.h (test for excess errors)
FAIL: ./common-1.h (test for excess errors)
FAIL: ./common-1.h (test for excess errors)
FAIL: ./common-1.h (test for excess errors)
FAIL: ./common-1.h (test for excess errors)
FAIL: ./cpp-1.h (test for excess errors)
FAIL: ./cpp-1.h (test for excess errors)
FAIL: ./cpp-1.h (test for excess errors)
FAIL: ./cpp-1.h (test for excess errors)
FAIL: ./cpp-1.h (test for excess errors)
FAIL: ./cpp-1.h (test for excess errors)
FAIL: ./cpp-1.h (test for excess errors)
FAIL: ./cpp-2.h (test for excess errors)
FAIL: ./cpp-2.h (test for excess errors)
FAIL: ./cpp-2.h (test for excess errors)
FAIL: ./cpp-2.h (test for excess errors)
FAIL: ./cpp-2.h (test for excess errors)
FAIL: ./cpp-2.h (test for excess errors)
FAIL: ./cpp-2.h (test for excess errors)
FAIL: ./decl-1.h (test for excess errors)
FAIL: ./decl-1.h (test for excess errors)
FAIL: ./decl-1.h (test for excess errors)
FAIL: ./decl-1.h (test for excess errors)
FAIL: ./decl-1.h (test for excess errors)
FAIL: ./decl-1.h (test for excess errors)
FAIL: ./decl-1.h (test for excess errors)
FAIL: ./decl-2.h (test for excess errors)
FAIL: ./decl-2.h (test for excess errors)
FAIL: ./decl-2.h (test for excess errors)
FAIL: ./decl-2.h (test for excess errors)
FAIL: ./decl-2.h (test for excess errors)
FAIL: ./decl-2.h (test for excess errors)
FAIL: ./decl-2.h (test for excess errors)
FAIL: ./decl-3.h (test for excess errors)
FAIL: ./decl-3.h (test for excess errors)
FAIL: ./decl-3.h (test for excess errors)
FAIL: ./decl-3.h (test for excess errors)
FAIL: ./decl-3.h (test for excess errors)
FAIL: ./decl-3.h (test for excess errors)
FAIL: ./decl-3.h (test for excess errors)
FAIL: ./decl-4.h (test for excess errors)
FAIL: ./decl-4.h (test for excess errors)
FAIL: ./decl-4.h (test for excess errors)
FAIL: ./decl-4.h (test for excess errors)
FAIL: ./decl-4.h (test for excess errors)
FAIL: ./decl-4.h (test for excess errors)
FAIL: ./decl-4.h (test for excess errors)
FAIL: ./decl-5.h (test for excess errors)
FAIL: ./decl-5.h (test for excess errors)
FAIL: ./decl-5.h (test for excess errors)
FAIL: ./decl-5.h (test for excess errors)
FAIL: ./decl-5.h (test for excess errors)
FAIL: ./decl-5.h (test for excess errors)
FAIL: ./decl-5.h (test for excess errors)
FAIL: ./empty.h (test for excess errors)
FAIL: ./empty.h (test for excess errors)
FAIL: ./empty.h (test for excess errors)
FAIL: ./empty.h (test for excess errors)
FAIL: ./empty.h (test for excess errors)
FAIL: ./empty.h (test for excess errors)
FAIL: ./empty.h (test for excess errors)
FAIL: ./except-1.h (test for excess errors)
FAIL: ./except-1.h (test for excess errors)
FAIL: ./except-1.h (test for excess errors)
FAIL: ./except-1.h (test for excess errors)
FAIL: ./except-1.h (test for excess errors)
FAIL: ./except-1.h (test for excess errors)
FAIL: ./except-1.h (test for excess errors)
FAIL: ./global-1.h (test for excess errors)
FAIL: ./global-1.h (test for excess errors)
FAIL: ./global-1.h (test for excess errors)
FAIL: ./global-1.h (test for excess errors)
FAIL: ./global-1.h (test for excess errors)
FAIL: ./global-1.h (test for excess errors)
FAIL: ./global-1.h (test for excess errors)
FAIL: ./inline-1.h (test for excess errors)
FAIL: ./inline-1.h (test for excess errors)
FAIL: ./inline-1.h (test for excess errors)
FAIL: ./inline-1.h (test for excess errors)
FAIL: ./inline-1.h (test for excess errors)
FAIL: ./inline-1.h (test for excess errors)
FAIL: ./inline-1.h (test for excess errors)
FAIL: ./inline-2.h (test for excess errors)
FAIL: ./inline-2.h (test for excess errors)
FAIL: ./inline-2.h (test for excess errors)
FAIL: ./inline-2.h (test for excess errors)
FAIL: ./inline-2.h (test for excess errors)
FAIL: ./inline-2.h (test for excess errors)
FAIL: ./inline-2.h (test for excess errors)
FAIL: ./inline-3.h (test for excess errors)
FAIL: ./inline-3.h (test for excess errors)
FAIL: ./inline-3.h (test for excess errors)
FAIL: ./inline-3.h (test for excess errors)
FAIL: ./inline-3.h (test for excess errors)
FAIL: ./inline-3.h (test for excess errors)
FAIL: ./inline-3.h (test for excess errors)
FAIL: ./inline-4.h (test for excess errors)
FAIL: ./inline-4.h (test for excess errors)
FAIL: ./inline-4.h (test for excess errors)
FAIL: ./inline-4.h (test for excess errors)
FAIL: ./inline-4.h (test for excess errors)
FAIL: ./inline-4.h (test for excess errors)
FAIL: ./inline-4.h (test for excess errors)
FAIL: ./macro-1.h (test for excess errors)
FAIL: ./macro-1.h (test for excess errors)
FAIL: ./macro-1.h (test for excess errors)
FAIL: ./macro-1.h (test for excess errors)
FAIL: ./macro-1.h (test for excess errors)
FAIL: ./macro-1.h (test for excess errors)
FAIL: ./macro-1.h (test for excess errors)
FAIL: ./macro-2.h (test for excess errors)
FAIL: ./macro-2.h (test for excess errors)
FAIL: ./macro-2.h (test for excess errors)
FAIL: ./macro-2.h (test for excess errors)
FAIL: ./macro-2.h (test for excess errors)
FAIL: ./macro-2.h (test for excess errors)
FAIL: ./macro-2.h (test for excess errors)
FAIL: ./macro-3.h (test for excess errors)
FAIL: ./macro-3.h (test for excess errors)
FAIL: ./macro-3.h (test for excess errors)
FAIL: ./macro-3.h (test for excess errors)
FAIL: ./macro-3.h (test for excess errors)
FAIL: ./macro-3.h (test for excess errors)
FAIL: ./macro-3.h (test for excess errors)
FAIL: ./static-1.h (test for excess errors)
FAIL: ./static-1.h (test for excess errors)
FAIL: ./static-1.h (test for excess errors)
FAIL: ./static-1.h (test for excess errors)
FAIL: ./static-1.h (test for excess errors)
FAIL: ./static-1.h (test for excess errors)
FAIL: ./static-1.h (test for excess errors)
FAIL: ./static-2.h (test for excess errors)
FAIL: ./static-2.h (test for excess errors)
FAIL: ./static-2.h (test for excess errors)
FAIL: ./static-2.h (test for excess errors)
FAIL: ./static-2.h (test for excess errors)
FAIL: ./static-2.h (test for excess errors)
FAIL: ./static-2.h (test for excess errors)
FAIL: ./static-3.h (test for excess errors)
FAIL: ./static-3.h (test for excess errors)
FAIL: ./static-3.h (test for excess errors)
FAIL: ./static-3.h (test for excess errors)
FAIL: ./static-3.h (test for excess errors)
FAIL: ./static-3.h (test for excess errors)
FAIL: ./static-3.h (test for excess errors)
FAIL: ./system-1.h (test for excess errors)
FAIL: ./system-1.h (test for excess errors)
FAIL: ./system-1.h (test for excess errors)
FAIL: ./system-1.h (test for excess errors)
FAIL: ./system-1.h (test for excess errors)
FAIL: ./system-1.h (test for excess errors)
FAIL: ./system-1.h (test for excess errors)
FAIL: ./warn-1.h (test for excess errors)
FAIL: ./warn-1.h (test for excess errors)
FAIL: ./warn-1.h (test for excess errors)
FAIL: ./warn-1.h (test for excess errors)
FAIL: ./warn-1.h (test for excess errors)
FAIL: ./warn-1.h (test for excess errors)
FAIL: ./warn-1.h (test for excess errors)
=== gcc Summary ===
# of expected passes 24164
# of unexpected failures 176
# of expected failures 78
# of untested testcases 322
# of unsupported tests 323
=== objc tests ===
Running target unix
=== objc Summary ===
# of expected passes 1341
# of unsupported tests 8
Compiler version: gcc
Platform: alphaev68-dec-osf5.1
configure flags: --host=alphaev68-dec-osf5.1 --prefix=/usr/local --enable-languages=c,c++,f77,objc,ada --enable-version-specific-runtime-libs --enable-shared --enable-libgcj --with-gc=simple --enable-nls --enable-interpreter