This is the mail archive of the
gcc-testresults@gcc.gnu.org
mailing list for the GCC project.
Results for 3.3.4 20040501 (prerelease) testsuite on i686-pc-cygwin
- From: Bauke van Dijk <user at planet dot nl>
- To: gcc-testresults at gcc dot gnu dot org
- Date: Sun, 02 May 2004 11:21:17 +0200
- Subject: Results for 3.3.4 20040501 (prerelease) testsuite on i686-pc-cygwin
LAST_UPDATED: Sat May 1 22:16:49 GMT 2004
Native configuration is i686-pc-cygwin
=== g++ tests ===
Running target unix
FAIL: g++.dg/abi/bitfield3.C execution test
FAIL: g++.dg/ext/instantiate3.C scan-assembler-not
FAIL: g++.dg/opt/vt1.C scan-assembler-not section[^
FAIL: g++.dg/special/initp1.C execution test
FAIL: g++.eh/badalloc1.C Execution test
XPASS: g++.ext/attrib5.C Execution test
XPASS: g++.jason/template18.C Execution test
FAIL: g++.pt/instantiate4.C (test for excess errors)
FAIL: g++.pt/instantiate6.C (test for excess errors)
FAIL: g++.pt/repo1.C (test for excess errors)
FAIL: g++.pt/repo2.C (test for excess errors)
FAIL: g++.pt/repo4.C (test for excess errors)
=== g++ Summary ===
# of expected passes 8245
# of unexpected failures 10
# of unexpected successes 2
# of expected failures 98
# of untested testcases 15
# of unsupported tests 4
/home/user/gcc/3.3/obj/gcc/testsuite/../g++ version 3.3.4 20040501 (prerelease)
=== g77 tests ===
Running target unix
=== g77 Summary ===
# of expected passes 1736
/home/user/gcc/3.3/obj/gcc/testsuite/../g77 version 3.3.4 20040501 (prerelease)
=== gcc tests ===
Running target unix
FAIL: gcc.c-torture/execute/20010904-1.c execution, -O0
FAIL: gcc.c-torture/execute/20010904-1.c execution, -O1
FAIL: gcc.c-torture/execute/20010904-1.c execution, -O2
FAIL: gcc.c-torture/execute/20010904-1.c execution, -O3 -fomit-frame-pointer
FAIL: gcc.c-torture/execute/20010904-1.c execution, -O3 -g
FAIL: gcc.c-torture/execute/20010904-1.c execution, -Os
FAIL: gcc.c-torture/execute/20010904-2.c execution, -O0
FAIL: gcc.c-torture/execute/20010904-2.c execution, -O1
FAIL: gcc.c-torture/execute/20010904-2.c execution, -O2
FAIL: gcc.c-torture/execute/20010904-2.c execution, -O3 -fomit-frame-pointer
FAIL: gcc.c-torture/execute/20010904-2.c execution, -O3 -g
FAIL: gcc.c-torture/execute/20010904-2.c execution, -Os
FAIL: gcc.dg/20021014-1.c (test for excess errors)
WARNING: gcc.dg/20021014-1.c compilation failed to produce executable
FAIL: gcc.dg/duff-2.c (test for excess errors)
FAIL: gcc.dg/i386-bitfield1.c execution test
=== gcc Summary ===
# of expected passes 21733
# of unexpected failures 15
# of expected failures 68
# of unsupported tests 107
/home/user/gcc/3.3/obj/gcc/xgcc version 3.3.4 20040501 (prerelease)
=== objc tests ===
Running target unix
=== objc Summary ===
# of expected passes 1166
/home/user/gcc/3.3/obj/gcc/xgcc version 3.3.4 20040501 (prerelease)
=== libstdc++-v3 tests ===
Running target unix
FAIL: 26_numerics/c99_classification_macros_c.cc (test for excess errors)
FAIL: 27_io/filebuf_members.cc execution test
FAIL: 27_io/filebuf_virtuals.cc execution test
FAIL: 27_io/istream_extractor_arith/12.cc execution test
=== libstdc++-v3 Summary ===
# of expected passes 426
# of unexpected failures 4
# of expected failures 17
Compiler version: 3.3.4 20040501 (prerelease)
Platform: i686-pc-cygwin
configure flags: --host=i686-pc-cygwin --enable-shared --disable-libmudflap --with-system-zlib --enable-threads=posix