This is the mail archive of the
gcc-testresults@gcc.gnu.org
mailing list for the GCC project.
Results for 3.4.1 20040501 (prerelease) testsuite on i586-suse-linux-gnu
- From: rschiele at uni-mannheim dot de (Robert Schiele)
- To: gcc-testresults at gcc dot gnu dot org
- Date: Sun, 02 May 2004 04:33:10 +0200
- Subject: Results for 3.4.1 20040501 (prerelease) testsuite on i586-suse-linux-gnu
LAST_UPDATED: Sat May 1 23:04:49 UTC 2004
Native configuration is i586-suse-linux-gnu
=== g77 tests ===
Running target unix
=== g77 Summary ===
# of expected passes 1800
# of unsupported tests 6
/local/build/gcc/testsuite/../g77 version 3.4.1 20040501 (prerelease)
=== gcc tests ===
Running target unix
FAIL: gcc.c-torture/execute/va-arg-25.c execution, -Os
=== gcc Summary ===
# of expected passes 24578
# of unexpected failures 1
# of expected failures 70
# of untested testcases 7
# of unsupported tests 182
/local/build/gcc/xgcc version 3.4.1 20040501 (prerelease)
=== g++ tests ===
Running target unix
WARNING: g++.old-deja/g++.mike/p10769a.C compilation failed to produce executable
WARNING: g++.old-deja/g++.other/enum5.C compilation failed to produce executable
XPASS: g++.old-deja/g++.other/init5.C execution test
WARNING: g++.old-deja/g++.pt/friend44.C compilation failed to produce executable
=== g++ Summary ===
# of expected passes 9582
# of unexpected successes 1
# of expected failures 67
# of unsupported tests 31
/local/build/gcc/testsuite/../g++ version 3.4.1 20040501 (prerelease)
=== objc tests ===
Running target unix
=== objc Summary ===
# of expected passes 1341
# of unsupported tests 8
/local/build/gcc/xgcc version 3.4.1 20040501 (prerelease)
=== libstdc++-v3 check-abi Summary ===
# of added symbols: 297
# of missing symbols: 284
# of incompatible symbols: 315
=== libstdc++ tests ===
Running target unix
XPASS: 26_numerics/c99_classification_macros_c.cc (test for excess errors)
=== libstdc++ Summary ===
# of expected passes 2661
# of unexpected successes 1
# of expected failures 5
Compiler version: 3.4.1 20040501 (prerelease)
Platform: i586-suse-linux-gnu
configure flags: --enable-threads=posix --prefix=/local/inst/gcc341 --enable-languages=c,c++,f77,objc --disable-checking --disable-libgcj --with-gxx-include-dir=/local/inst/gcc341/include/g++ --with-system-zlib --enable-shared --enable-__cxa_atexit i586-suse-linux