This is the mail archive of the gcc-testresults@gcc.gnu.org mailing list for the GCC project.
Index Nav: | [Date Index] [Subject Index] [Author Index] [Thread Index] | |
---|---|---|
Message Nav: | [Date Prev] [Date Next] | [Thread Prev] [Thread Next] |
Other format: | [Raw text] |
LAST_UPDATED: Native configuration is sparc64-sun-solaris2.7 === g77 tests === Running target unix/-m32 === g77 Summary for unix/-m32 === # of expected passes 1800 # of unsupported tests 6 Running target unix/-fPIC === g77 Summary for unix/-fPIC === # of expected passes 1800 # of unsupported tests 6 Running target unix/-fpic === g77 Summary for unix/-fpic === # of expected passes 1800 # of unsupported tests 6 Running target unix === g77 Summary for unix === # of expected passes 1800 # of unsupported tests 6 === g77 Summary === # of expected passes 7200 # of unsupported tests 24 /teal/tmpdisk/ghazi/gcc-testing-sol9/v9-34/build/gcc/testsuite/../g77 version 3.4.1 20040429 (prerelease) === gcc tests === Running target unix/-m32 UNRESOLVED: gcc.c-torture/execute/simd-4.c execution, -O0 UNRESOLVED: gcc.dg/compat/vector-1 c_compat_x_tst.o-c_compat_y_tst.o link UNRESOLVED: gcc.dg/compat/vector-1 c_compat_x_tst.o-c_compat_y_tst.o execute UNRESOLVED: gcc.dg/compat/vector-2 c_compat_x_tst.o-c_compat_y_tst.o link UNRESOLVED: gcc.dg/compat/vector-2 c_compat_x_tst.o-c_compat_y_tst.o execute XPASS: gcc.dg/uninit-4.c uninitialized variable warning (test for bogus messages, line 26) UNRESOLVED: gcc.dg/visibility-1.c UNRESOLVED: gcc.dg/visibility-2.c UNRESOLVED: gcc.dg/visibility-3.c UNRESOLVED: gcc.dg/visibility-4.c UNRESOLVED: gcc.dg/visibility-5.c UNRESOLVED: gcc.dg/visibility-6.c UNRESOLVED: gcc.dg/visibility-7.c UNRESOLVED: gcc.dg/visibility-8.c === gcc Summary for unix/-m32 === # of expected passes 24168 # of unexpected successes 1 # of expected failures 72 # of unresolved testcases 13 # of untested testcases 7 # of unsupported tests 317 Running target unix/-fPIC UNRESOLVED: gcc.c-torture/execute/20020720-1.c execution, -O1 UNRESOLVED: gcc.c-torture/execute/20020720-1.c execution, -O2 UNRESOLVED: gcc.c-torture/execute/20020720-1.c execution, -O3 -fomit-frame-pointer UNRESOLVED: gcc.c-torture/execute/20020720-1.c execution, -O3 -g UNRESOLVED: gcc.c-torture/execute/20020720-1.c execution, -Os UNRESOLVED: gcc.c-torture/execute/simd-4.c execution, -O0 UNRESOLVED: gcc.c-torture/execute/va-arg-25.c execution, -O0 UNRESOLVED: gcc.c-torture/execute/va-arg-25.c execution, -O1 UNRESOLVED: gcc.c-torture/execute/va-arg-25.c execution, -O2 UNRESOLVED: gcc.c-torture/execute/va-arg-25.c execution, -O3 -fomit-frame-pointer UNRESOLVED: gcc.c-torture/execute/va-arg-25.c execution, -O3 -g UNRESOLVED: gcc.c-torture/execute/va-arg-25.c execution, -Os UNRESOLVED: gcc.dg/compat/vector-1 c_compat_x_tst.o-c_compat_y_tst.o link UNRESOLVED: gcc.dg/compat/vector-1 c_compat_x_tst.o-c_compat_y_tst.o execute UNRESOLVED: gcc.dg/compat/vector-2 c_compat_x_tst.o-c_compat_y_tst.o link UNRESOLVED: gcc.dg/compat/vector-2 c_compat_x_tst.o-c_compat_y_tst.o execute XPASS: gcc.dg/uninit-4.c uninitialized variable warning (test for bogus messages, line 26) UNRESOLVED: gcc.dg/visibility-1.c UNRESOLVED: gcc.dg/visibility-2.c UNRESOLVED: gcc.dg/visibility-3.c UNRESOLVED: gcc.dg/visibility-4.c UNRESOLVED: gcc.dg/visibility-5.c UNRESOLVED: gcc.dg/visibility-6.c UNRESOLVED: gcc.dg/visibility-7.c UNRESOLVED: gcc.dg/visibility-8.c === gcc Summary for unix/-fPIC === # of expected passes 24140 # of unexpected successes 1 # of expected failures 89 # of unresolved testcases 24 # of untested testcases 7 # of unsupported tests 317 Running target unix/-fpic UNRESOLVED: gcc.c-torture/execute/20020720-1.c execution, -O1 UNRESOLVED: gcc.c-torture/execute/20020720-1.c execution, -O2 UNRESOLVED: gcc.c-torture/execute/20020720-1.c execution, -O3 -fomit-frame-pointer UNRESOLVED: gcc.c-torture/execute/20020720-1.c execution, -O3 -g UNRESOLVED: gcc.c-torture/execute/20020720-1.c execution, -Os UNRESOLVED: gcc.c-torture/execute/simd-4.c execution, -O0 UNRESOLVED: gcc.c-torture/execute/va-arg-25.c execution, -O0 UNRESOLVED: gcc.c-torture/execute/va-arg-25.c execution, -O1 UNRESOLVED: gcc.c-torture/execute/va-arg-25.c execution, -O2 UNRESOLVED: gcc.c-torture/execute/va-arg-25.c execution, -O3 -fomit-frame-pointer UNRESOLVED: gcc.c-torture/execute/va-arg-25.c execution, -O3 -g UNRESOLVED: gcc.c-torture/execute/va-arg-25.c execution, -Os UNRESOLVED: gcc.dg/compat/vector-1 c_compat_x_tst.o-c_compat_y_tst.o link UNRESOLVED: gcc.dg/compat/vector-1 c_compat_x_tst.o-c_compat_y_tst.o execute UNRESOLVED: gcc.dg/compat/vector-2 c_compat_x_tst.o-c_compat_y_tst.o link UNRESOLVED: gcc.dg/compat/vector-2 c_compat_x_tst.o-c_compat_y_tst.o execute XPASS: gcc.dg/uninit-4.c uninitialized variable warning (test for bogus messages, line 26) UNRESOLVED: gcc.dg/visibility-1.c UNRESOLVED: gcc.dg/visibility-2.c UNRESOLVED: gcc.dg/visibility-3.c UNRESOLVED: gcc.dg/visibility-4.c UNRESOLVED: gcc.dg/visibility-5.c UNRESOLVED: gcc.dg/visibility-6.c UNRESOLVED: gcc.dg/visibility-7.c UNRESOLVED: gcc.dg/visibility-8.c === gcc Summary for unix/-fpic === # of expected passes 24140 # of unexpected successes 1 # of expected failures 89 # of unresolved testcases 24 # of untested testcases 7 # of unsupported tests 317 Running target unix UNRESOLVED: gcc.c-torture/execute/simd-4.c execution, -O0 UNRESOLVED: gcc.c-torture/execute/va-arg-25.c execution, -O0 UNRESOLVED: gcc.c-torture/execute/va-arg-25.c execution, -O1 UNRESOLVED: gcc.c-torture/execute/va-arg-25.c execution, -O2 UNRESOLVED: gcc.c-torture/execute/va-arg-25.c execution, -O3 -fomit-frame-pointer UNRESOLVED: gcc.c-torture/execute/va-arg-25.c execution, -O3 -g UNRESOLVED: gcc.c-torture/execute/va-arg-25.c execution, -Os UNRESOLVED: gcc.dg/compat/vector-1 c_compat_x_tst.o-c_compat_y_tst.o link UNRESOLVED: gcc.dg/compat/vector-1 c_compat_x_tst.o-c_compat_y_tst.o execute UNRESOLVED: gcc.dg/compat/vector-2 c_compat_x_tst.o-c_compat_y_tst.o link UNRESOLVED: gcc.dg/compat/vector-2 c_compat_x_tst.o-c_compat_y_tst.o execute XPASS: gcc.dg/uninit-4.c uninitialized variable warning (test for bogus messages, line 26) UNRESOLVED: gcc.dg/visibility-1.c UNRESOLVED: gcc.dg/visibility-2.c UNRESOLVED: gcc.dg/visibility-3.c UNRESOLVED: gcc.dg/visibility-4.c UNRESOLVED: gcc.dg/visibility-5.c UNRESOLVED: gcc.dg/visibility-6.c UNRESOLVED: gcc.dg/visibility-7.c UNRESOLVED: gcc.dg/visibility-8.c === gcc Summary for unix === # of expected passes 24150 # of unexpected successes 1 # of expected failures 84 # of unresolved testcases 19 # of untested testcases 7 # of unsupported tests 317 === gcc Summary === # of expected passes 96598 # of unexpected successes 4 # of expected failures 334 # of unresolved testcases 80 # of untested testcases 28 # of unsupported tests 1268 /teal/tmpdisk/ghazi/gcc-testing-sol9/v9-34/build/gcc/xgcc version 3.4.1 20040429 (prerelease) === g++ tests === Running target unix/-m32 WARNING: g++.dg/eh/simd-1.C compilation failed to produce executable WARNING: g++.dg/eh/simd-2.C compilation failed to produce executable WARNING: g++.old-deja/g++.mike/p10769a.C compilation failed to produce executable WARNING: g++.old-deja/g++.other/enum5.C compilation failed to produce executable WARNING: g++.old-deja/g++.pt/friend44.C compilation failed to produce executable === g++ Summary for unix/-m32 === # of expected passes 9479 # of expected failures 69 # of unsupported tests 69 Running target unix/-fPIC WARNING: g++.dg/eh/simd-1.C compilation failed to produce executable WARNING: g++.dg/eh/simd-2.C compilation failed to produce executable WARNING: g++.old-deja/g++.mike/p10769a.C compilation failed to produce executable WARNING: g++.old-deja/g++.other/enum5.C compilation failed to produce executable WARNING: g++.old-deja/g++.pt/friend44.C compilation failed to produce executable === g++ Summary for unix/-fPIC === # of expected passes 9479 # of expected failures 69 # of unsupported tests 69 Running target unix/-fpic WARNING: g++.dg/eh/simd-1.C compilation failed to produce executable WARNING: g++.dg/eh/simd-2.C compilation failed to produce executable WARNING: g++.old-deja/g++.mike/p10769a.C compilation failed to produce executable WARNING: g++.old-deja/g++.other/enum5.C compilation failed to produce executable WARNING: g++.old-deja/g++.pt/friend44.C compilation failed to produce executable === g++ Summary for unix/-fpic === # of expected passes 9479 # of expected failures 69 # of unsupported tests 69 Running target unix WARNING: g++.dg/eh/simd-1.C compilation failed to produce executable WARNING: g++.dg/eh/simd-2.C compilation failed to produce executable WARNING: g++.old-deja/g++.mike/p10769a.C compilation failed to produce executable WARNING: g++.old-deja/g++.other/enum5.C compilation failed to produce executable WARNING: g++.old-deja/g++.pt/friend44.C compilation failed to produce executable === g++ Summary for unix === # of expected passes 9479 # of expected failures 69 # of unsupported tests 69 === g++ Summary === # of expected passes 37916 # of expected failures 276 # of unsupported tests 276 /teal/tmpdisk/ghazi/gcc-testing-sol9/v9-34/build/gcc/testsuite/../g++ version 3.4.1 20040429 (prerelease) === objc tests === Running target unix/-m32 === objc Summary for unix/-m32 === # of expected passes 1341 # of unsupported tests 8 Running target unix/-fPIC === objc Summary for unix/-fPIC === # of expected passes 1341 # of unsupported tests 8 Running target unix/-fpic === objc Summary for unix/-fpic === # of expected passes 1341 # of unsupported tests 8 Running target unix === objc Summary for unix === # of expected passes 1341 # of unsupported tests 8 === objc Summary === # of expected passes 5364 # of unsupported tests 32 /teal/tmpdisk/ghazi/gcc-testing-sol9/v9-34/build/gcc/xgcc version 3.4.1 20040429 (prerelease) === libffi tests === Running target unix/-m32 === libffi Summary for unix/-m32 === # of expected passes 212 # of unsupported tests 2 Running target unix/-fPIC === libffi Summary for unix/-fPIC === # of expected passes 212 # of unsupported tests 2 Running target unix/-fpic === libffi Summary for unix/-fpic === # of expected passes 212 # of unsupported tests 2 Running target unix === libffi Summary for unix === # of expected passes 212 # of unsupported tests 2 === libffi Summary === # of expected passes 848 # of unsupported tests 8 === libjava tests === Running target unix/-m32 FAIL: linking simple FAIL: Array_3 execution - gij test FAIL: Array_3 execution - gij test FAIL: FileHandleGcTest execution - source compiled test FAIL: FileHandleGcTest execution - bytecode->native test FAIL: FileHandleGcTest -O3 execution - source compiled test FAIL: FileHandleGcTest -O3 execution - bytecode->native test FAIL: Thread_Join execution - gij test FAIL: Thread_Join execution - gij test FAIL: Thread_Join -O3 execution - bytecode->native test FAIL: Thread_Sleep execution - gij test FAIL: Thread_Sleep execution - bytecode->native test FAIL: Thread_Sleep -O3 execution - source compiled test FAIL: Thread_Sleep -O3 execution - bytecode->native test FAIL: Thread_Wait_2 execution - gij test FAIL: Thread_Wait_2 execution - gij test FAIL: Thread_Wait_Interrupt execution - gij test FAIL: anon execution - gij test FAIL: anon2 execution - gij test FAIL: anon3 execution - gij test FAIL: anon3 execution - gij test FAIL: anon4 execution - gij test FAIL: anon_ctor_itf_arg execution - gij test FAIL: anon_ctor_itf_arg execution - gij test FAIL: anonarray execution - gij test FAIL: anonarray execution - gij test FAIL: assign execution - gij test FAIL: direct_write execution - gij test FAIL: direct_write execution - gij test FAIL: emptystring execution - gij test FAIL: err12 execution - gij test FAIL: err13 execution - gij test FAIL: err13 execution - gij test FAIL: err2 execution - gij test FAIL: err4 execution - gij test FAIL: err6 execution - gij test FAIL: final_inner execution - gij test FAIL: indirect execution - gij test FAIL: indirect_read execution - gij test FAIL: initexc execution - gij test FAIL: initexc execution - gij test FAIL: initfield execution - gij test FAIL: initfield -O3 execution - bytecode->native test FAIL: inner1 execution - gij test FAIL: inner4 execution - gij test FAIL: inner4 execution - gij test FAIL: inner_array execution - gij test FAIL: inner_array execution - gij test FAIL: inner_interface -O3 execution - bytecode->native test FAIL: instance execution - gij test FAIL: invoke_from_inner execution - gij test FAIL: klass execution - gij test FAIL: multiple_finit execution - gij test FAIL: negzero execution - gij test FAIL: nested_with_ctor execution - gij test FAIL: newarray_overflow execution - gij test FAIL: pr109 execution - gij test FAIL: pr133 execution - gij test FAIL: pr133 execution - gij test FAIL: pr179 execution - gij test FAIL: pr184 execution - gij test FAIL: pr6388 execution - gij test FAIL: pr8415 execution - gij test FAIL: pr8415 execution - gij test FAIL: pr8676 execution - gij test FAIL: pr8676 execution - bytecode->native test FAIL: pr8945 execution - gij test FAIL: private_direct_read execution - gij test FAIL: search_outer execution - gij test FAIL: stringconst -O3 execution - source compiled test FAIL: stringconst2 execution - source compiled test FAIL: stringconst2 execution - gij test FAIL: stub execution - gij test FAIL: test_long execution - gij test FAIL: test_long execution - gij test FAIL: tmi execution - gij test FAIL: tmi execution - gij test FAIL: tp execution - gij test FAIL: update_outer execution - gij test FAIL: utf8concat execution - gij test === libjava Summary for unix/-m32 === # of expected passes 3103 # of unexpected failures 80 # of expected failures 10 # of untested testcases 87 Running target unix/-fPIC FAIL: linking simple FAIL: Array_3 execution - gij test FAIL: Array_3 execution - gij test FAIL: FileHandleGcTest execution - source compiled test FAIL: FileHandleGcTest execution - gij test FAIL: FileHandleGcTest execution - bytecode->native test FAIL: FileHandleGcTest -O3 execution - source compiled test FAIL: FileHandleGcTest execution - gij test FAIL: FileHandleGcTest -O3 execution - bytecode->native test === libjava Summary for unix/-fPIC === # of expected passes 3244 # of unexpected failures 9 # of expected failures 11 # of untested testcases 16 Running target unix/-fpic FAIL: linking simple FAIL: Array_3 execution - gij test FAIL: Array_3 execution - gij test FAIL: FileHandleGcTest execution - source compiled test FAIL: FileHandleGcTest execution - gij test FAIL: FileHandleGcTest execution - bytecode->native test FAIL: FileHandleGcTest -O3 execution - source compiled test FAIL: FileHandleGcTest execution - gij test FAIL: FileHandleGcTest -O3 execution - bytecode->native test WARNING: program timed out. FAIL: Thread_Wait_2 execution - gij test === libjava Summary for unix/-fpic === # of expected passes 3242 # of unexpected failures 10 # of expected failures 11 # of untested testcases 17 Running target unix FAIL: linking simple FAIL: Array_3 execution - gij test FAIL: Array_3 execution - gij test FAIL: FileHandleGcTest execution - source compiled test FAIL: FileHandleGcTest execution - gij test FAIL: FileHandleGcTest execution - bytecode->native test FAIL: FileHandleGcTest -O3 execution - source compiled test FAIL: FileHandleGcTest execution - gij test FAIL: FileHandleGcTest -O3 execution - bytecode->native test WARNING: program timed out. FAIL: Thread_Wait_2 execution - gij test === libjava Summary for unix === # of expected passes 3242 # of unexpected failures 10 # of expected failures 11 # of untested testcases 17 === libjava Summary === # of expected passes 12831 # of unexpected failures 109 # of expected failures 43 # of untested testcases 137 === libstdc++ tests === Running target unix/-m32 === libstdc++ Summary for unix/-m32 === # of expected passes 2657 # of expected failures 6 Running target unix/-fPIC === libstdc++ Summary for unix/-fPIC === # of expected passes 2657 # of expected failures 6 Running target unix/-fpic === libstdc++ Summary for unix/-fpic === # of expected passes 2657 # of expected failures 6 Running target unix === libstdc++ Summary for unix === # of expected passes 2657 # of expected failures 6 === libstdc++ Summary === # of expected passes 10628 # of expected failures 24 Compiler version: 3.4.1 20040429 (prerelease) Platform: sparc64-sun-solaris2.7 configure flags: --verbose sparc64-sun-solaris2.7
Index Nav: | [Date Index] [Subject Index] [Author Index] [Thread Index] | |
---|---|---|
Message Nav: | [Date Prev] [Date Next] | [Thread Prev] [Thread Next] |