This is the mail archive of the
gcc-testresults@gcc.gnu.org
mailing list for the GCC project.
Results for 3.4.0 testsuite on i686-pc-linux-gnu
- From: "Russell J. Friery" <root at RJF14772R2 dot adelphia dot net>
- To: gcc-testresults at gcc dot gnu dot org
- Date: Thu, 29 Apr 2004 21:24:56 -0400
- Subject: Results for 3.4.0 testsuite on i686-pc-linux-gnu
LAST_UPDATED: Obtained from CVS: -rgcc_3_4_0_release
Native configuration is i686-pc-linux-gnu
=== g++ tests ===
Running target unix
WARNING: g++.old-deja/g++.mike/p10769a.C compilation failed to produce executable
WARNING: g++.old-deja/g++.other/enum5.C compilation failed to produce executable
WARNING: g++.old-deja/g++.pt/friend44.C compilation failed to produce executable
=== g++ Summary ===
# of expected passes 9581
# of expected failures 68
# of unsupported tests 31
/root/gcc-3.4.0/gcc/testsuite/../g++ version 3.4.0
=== g77 tests ===
Running target unix
=== g77 Summary ===
# of expected passes 1812
/root/gcc-3.4.0/gcc/testsuite/../g77 version 3.4.0
=== gcc tests ===
Running target unix
FAIL: gcc.c-torture/execute/va-arg-25.c execution, -Os
XPASS: gcc.dg/cpp/cmdlne-dI-M.c scan-file (^|\\\\n)cmdlne-dI-M.*:[^\\\\n]*cmdlne-dI-M.c
XPASS: gcc.dg/cpp/cmdlne-dM-M.c scan-file (^|\\\\n)cmdlne-dM-M[^\\\\n]*:[^\\\\n]*cmdlne-dM-M.c
=== gcc Summary ===
# of expected passes 25279
# of unexpected failures 1
# of unexpected successes 2
# of expected failures 68
# of untested testcases 7
# of unsupported tests 182
/root/gcc-3.4.0/gcc/xgcc version 3.4.0
=== objc tests ===
Running target unix
=== objc Summary ===
# of expected passes 1341
# of unsupported tests 8
/root/gcc-3.4.0/gcc/xgcc version 3.4.0
=== libffi tests ===
Running target unix
=== libffi Summary ===
# of expected passes 212
# of unsupported tests 2
=== libjava tests ===
Running target unix
FAIL: linking simple
FAIL: cxxtest output
=== libjava Summary ===
# of expected passes 3259
# of unexpected failures 2
# of expected failures 11
# of untested testcases 8
=== libstdc++-v3 check-abi Summary ===
# of added symbols: 294
# of missing symbols: 289
# of incompatible symbols: 320
=== libstdc++ tests ===
Running target unix
XPASS: 26_numerics/c99_classification_macros_c.cc (test for excess errors)
=== libstdc++ Summary ===
# of expected passes 2647
# of unexpected successes 1
# of expected failures 5
Compiler version: 3.4.0
Platform: i686-pc-linux-gnu
configure flags: none