This is the mail archive of the gcc-testresults@gcc.gnu.org mailing list for the GCC project.
Index Nav: | [Date Index] [Subject Index] [Author Index] [Thread Index] | |
---|---|---|
Message Nav: | [Date Prev] [Date Next] | [Thread Prev] [Thread Next] |
Other format: | [Raw text] |
LAST_UPDATED: Tue Apr 27 13:04:45 UTC 2004 === acats tests === FAIL: c41303w FAIL: c954025 FAIL: c954026 FAIL: cxg2021 === acats Summary === # of expected passes 2318 # of unexpected failures 4 Native configuration is i386-pc-solaris2.10 === g++ tests === Running target unix FAIL: g++.dg/eh/simd-2.C (test for excess errors) WARNING: g++.dg/eh/simd-2.C compilation failed to produce executable FAIL: g++.dg/init/array4.C (test for excess errors) FAIL: g++.dg/parse/lookup1.C (test for excess errors) FAIL: g++.dg/parse/parse5.C (test for excess errors) FAIL: g++.dg/template/friend.C (test for excess errors) FAIL: g++.dg/template/friend10.C (test for excess errors) WARNING: g++.dg/template/friend10.C compilation failed to produce executable FAIL: g++.dg/special/conpr-1.C execution test FAIL: g++.dg/special/conpr-3.C execution test FAIL: g++.dg/special/conpr-4.C execution test FAIL: g++.old-deja/g++.benjamin/15071.C (test for excess errors) WARNING: g++.old-deja/g++.benjamin/15071.C compilation failed to produce executable FAIL: g++.old-deja/g++.brendan/copy9.C (test for excess errors) WARNING: g++.old-deja/g++.brendan/copy9.C compilation failed to produce executable FAIL: g++.old-deja/g++.brendan/crash15.C (test for excess errors) FAIL: g++.old-deja/g++.brendan/crash20.C (test for excess errors) FAIL: g++.old-deja/g++.brendan/crash30.C (test for excess errors) FAIL: g++.old-deja/g++.brendan/crash38.C (test for excess errors) FAIL: g++.old-deja/g++.brendan/crash49.C (test for excess errors) FAIL: g++.old-deja/g++.brendan/crash62.C (test for excess errors) FAIL: g++.old-deja/g++.brendan/cvt1.C (test for excess errors) FAIL: g++.old-deja/g++.brendan/err-msg3.C (test for excess errors) FAIL: g++.old-deja/g++.brendan/nest21.C (test for excess errors) WARNING: g++.old-deja/g++.brendan/nest21.C compilation failed to produce executable FAIL: g++.old-deja/g++.brendan/ptolemy2.C (test for excess errors) WARNING: g++.old-deja/g++.brendan/ptolemy2.C compilation failed to produce executable FAIL: g++.old-deja/g++.bugs/900212_01.C (test for errors, line 36) FAIL: g++.old-deja/g++.bugs/900519_07.C (test for errors, line 14) FAIL: g++.old-deja/g++.bugs/900519_07.C (test for errors, line 16) FAIL: g++.old-deja/g++.bugs/900519_07.C (test for errors, line 17) FAIL: g++.old-deja/g++.bugs/900519_07.C (test for excess errors) FAIL: g++.old-deja/g++.eh/badalloc1.C execution test FAIL: g++.old-deja/g++.jason/template24.C (test for excess errors) WARNING: g++.old-deja/g++.jason/template24.C compilation failed to produce executable FAIL: g++.old-deja/g++.jason/template31.C (test for excess errors) WARNING: g++.old-deja/g++.jason/template31.C compilation failed to produce executable FAIL: g++.old-deja/g++.jason/typeid1.C (test for excess errors) FAIL: g++.old-deja/g++.law/arg1.C (test for excess errors) FAIL: g++.old-deja/g++.law/arg8.C (test for excess errors) WARNING: g++.old-deja/g++.law/arg8.C compilation failed to produce executable FAIL: g++.old-deja/g++.law/arm12.C (test for excess errors) FAIL: g++.old-deja/g++.law/arm9.C (test for excess errors) FAIL: g++.old-deja/g++.law/bad-error7.C (test for excess errors) FAIL: g++.old-deja/g++.law/code-gen5.C (test for excess errors) WARNING: g++.old-deja/g++.law/code-gen5.C compilation failed to produce executable FAIL: g++.old-deja/g++.law/ctors10.C (test for excess errors) FAIL: g++.old-deja/g++.law/ctors12.C (test for excess errors) WARNING: g++.old-deja/g++.law/ctors12.C compilation failed to produce executable FAIL: g++.old-deja/g++.law/ctors13.C (test for excess errors) FAIL: g++.old-deja/g++.law/ctors17.C (test for excess errors) FAIL: g++.old-deja/g++.law/ctors6.C (test for excess errors) FAIL: g++.old-deja/g++.law/cvt16.C (test for excess errors) FAIL: g++.old-deja/g++.law/cvt2.C (test for excess errors) WARNING: g++.old-deja/g++.law/cvt2.C compilation failed to produce executable FAIL: g++.old-deja/g++.law/init5.C (test for errors, line 14) FAIL: g++.old-deja/g++.law/init5.C (test for errors, line 17) FAIL: g++.old-deja/g++.law/init5.C (test for excess errors) FAIL: g++.old-deja/g++.law/missed-error2.C (test for excess errors) FAIL: g++.old-deja/g++.law/nest3.C (test for excess errors) FAIL: g++.old-deja/g++.law/operators32.C (test for excess errors) FAIL: g++.old-deja/g++.law/operators4.C (test for excess errors) FAIL: g++.old-deja/g++.law/vbase1.C (test for excess errors) FAIL: g++.old-deja/g++.law/virtual3.C (test for excess errors) WARNING: g++.old-deja/g++.law/virtual3.C compilation failed to produce executable FAIL: g++.old-deja/g++.law/visibility1.C (test for excess errors) FAIL: g++.old-deja/g++.law/visibility10.C (test for excess errors) FAIL: g++.old-deja/g++.law/visibility13.C (test for excess errors) FAIL: g++.old-deja/g++.law/visibility17.C (test for excess errors) FAIL: g++.old-deja/g++.law/visibility2.C (test for excess errors) FAIL: g++.old-deja/g++.law/visibility22.C (test for excess errors) FAIL: g++.old-deja/g++.law/visibility25.C (test for excess errors) FAIL: g++.old-deja/g++.law/visibility7.C (test for excess errors) FAIL: g++.old-deja/g++.martin/bitset1.C (test for excess errors) WARNING: g++.old-deja/g++.martin/bitset1.C compilation failed to produce executable FAIL: g++.old-deja/g++.mike/net31.C (test for errors, line 43) FAIL: g++.old-deja/g++.mike/net46.C (test for excess errors) WARNING: g++.old-deja/g++.mike/net46.C compilation failed to produce executable WARNING: g++.old-deja/g++.mike/p10769a.C compilation failed to produce executable FAIL: g++.old-deja/g++.mike/p658.C (test for excess errors) WARNING: g++.old-deja/g++.mike/p658.C compilation failed to produce executable FAIL: g++.old-deja/g++.mike/rtti1.C (test for excess errors) FAIL: g++.old-deja/g++.ns/koenig9.C (test for excess errors) FAIL: g++.old-deja/g++.ns/using4.C (test for excess errors) FAIL: g++.old-deja/g++.ns/using6.C (test for excess errors) FAIL: g++.old-deja/g++.other/cast2.C (test for errors, line 16) FAIL: g++.old-deja/g++.other/crash1.C (test for errors, line 4) FAIL: g++.old-deja/g++.other/crash1.C (test for errors, line 7) FAIL: g++.old-deja/g++.other/crash1.C (test for excess errors) FAIL: g++.old-deja/g++.other/defarg6.C (test for excess errors) WARNING: g++.old-deja/g++.other/enum5.C compilation failed to produce executable FAIL: g++.old-deja/g++.other/friend8.C (test for errors, line 14) FAIL: g++.old-deja/g++.other/friend8.C (test for excess errors) FAIL: g++.old-deja/g++.other/headers1.C (test for excess errors) WARNING: g++.old-deja/g++.other/headers1.C compilation failed to produce executable FAIL: g++.old-deja/g++.other/init9.C (test for excess errors) FAIL: g++.old-deja/g++.other/inline14.C (test for excess errors) FAIL: g++.old-deja/g++.other/using9.C (test for errors, line 20) FAIL: g++.old-deja/g++.other/using9.C (test for excess errors) FAIL: g++.old-deja/g++.pt/crash68.C (test for excess errors) FAIL: g++.old-deja/g++.pt/defarg6.C (test for errors, line 20) FAIL: g++.old-deja/g++.pt/defarg6.C (test for errors, line 23) FAIL: g++.old-deja/g++.pt/defarg6.C (test for errors, line 27) WARNING: g++.old-deja/g++.pt/friend44.C compilation failed to produce executable FAIL: g++.old-deja/g++.pt/instantiate10.C (test for excess errors) FAIL: g++.old-deja/g++.pt/memclass10.C (test for errors, line 6) FAIL: g++.old-deja/g++.pt/memclass10.C (test for errors, line 9) FAIL: g++.old-deja/g++.pt/memclass10.C (test for excess errors) FAIL: g++.old-deja/g++.pt/t14.C (test for errors, line 14) FAIL: g++.old-deja/g++.pt/t14.C (test for excess errors) FAIL: g++.old-deja/g++.pt/ttp19.C (test for excess errors) WARNING: g++.old-deja/g++.pt/ttp19.C compilation failed to produce executable FAIL: g++.old-deja/g++.pt/ttp40.C (test for excess errors) WARNING: g++.old-deja/g++.pt/ttp40.C compilation failed to produce executable FAIL: g++.old-deja/g++.robertl/eb109.C (test for excess errors) FAIL: g++.old-deja/g++.robertl/eb113.C (test for excess errors) FAIL: g++.old-deja/g++.robertl/eb124.C (test for excess errors) FAIL: g++.old-deja/g++.robertl/eb127.C (test for excess errors) FAIL: g++.old-deja/g++.robertl/eb129.C (test for excess errors) FAIL: g++.old-deja/g++.robertl/eb129a.C (test for excess errors) FAIL: g++.old-deja/g++.robertl/eb15.C (test for excess errors) FAIL: g++.old-deja/g++.robertl/eb21.C (test for excess errors) WARNING: g++.old-deja/g++.robertl/eb21.C compilation failed to produce executable FAIL: g++.old-deja/g++.robertl/eb24.C (test for excess errors) FAIL: g++.old-deja/g++.robertl/eb28.C (test for excess errors) FAIL: g++.old-deja/g++.robertl/eb29.C (test for excess errors) FAIL: g++.old-deja/g++.robertl/eb3.C (test for excess errors) FAIL: g++.old-deja/g++.robertl/eb30.C (test for excess errors) FAIL: g++.old-deja/g++.robertl/eb31.C (test for excess errors) WARNING: g++.old-deja/g++.robertl/eb31.C compilation failed to produce executable FAIL: g++.old-deja/g++.robertl/eb33.C (test for excess errors) WARNING: g++.old-deja/g++.robertl/eb33.C compilation failed to produce executable FAIL: g++.old-deja/g++.robertl/eb36.C (test for excess errors) FAIL: g++.old-deja/g++.robertl/eb39.C (test for excess errors) FAIL: g++.old-deja/g++.robertl/eb4.C (test for excess errors) FAIL: g++.old-deja/g++.robertl/eb41.C (test for excess errors) WARNING: g++.old-deja/g++.robertl/eb41.C compilation failed to produce executable FAIL: g++.old-deja/g++.robertl/eb43.C (test for excess errors) FAIL: g++.old-deja/g++.robertl/eb44.C (test for excess errors) FAIL: g++.old-deja/g++.robertl/eb46.C (test for excess errors) WARNING: g++.old-deja/g++.robertl/eb46.C compilation failed to produce executable FAIL: g++.old-deja/g++.robertl/eb54.C (test for excess errors) WARNING: g++.old-deja/g++.robertl/eb54.C compilation failed to produce executable FAIL: g++.old-deja/g++.robertl/eb55.C (test for excess errors) FAIL: g++.old-deja/g++.robertl/eb59.C (test for excess errors) WARNING: g++.old-deja/g++.robertl/eb59.C compilation failed to produce executable FAIL: g++.old-deja/g++.robertl/eb60.C (test for excess errors) FAIL: g++.old-deja/g++.robertl/eb62.C (test for excess errors) FAIL: g++.old-deja/g++.robertl/eb65.C (test for excess errors) WARNING: g++.old-deja/g++.robertl/eb65.C compilation failed to produce executable FAIL: g++.old-deja/g++.robertl/eb66.C (test for excess errors) WARNING: g++.old-deja/g++.robertl/eb66.C compilation failed to produce executable FAIL: g++.old-deja/g++.robertl/eb7.C (test for excess errors) FAIL: g++.old-deja/g++.robertl/eb77.C (test for excess errors) WARNING: g++.old-deja/g++.robertl/eb77.C compilation failed to produce executable FAIL: g++.old-deja/g++.robertl/eb79.C (test for excess errors) FAIL: g++.old-deja/g++.robertl/eb91.C (test for excess errors) WARNING: g++.old-deja/g++.robertl/eb91.C compilation failed to produce executable === g++ Summary === # of expected passes 9525 # of unexpected failures 125 # of expected failures 85 # of unsupported tests 60 /amnt/figaro/volumes/obj-gcc/gcc/obj.sol86/gcc-3.5.0-20040427/10-gcc/gcc/testsuite/../g++ version 3.5.0 20040427 (experimental) === g77 tests === Running target unix === g77 Summary === # of expected passes 1788 # of unsupported tests 6 /amnt/figaro/volumes/obj-gcc/gcc/obj.sol86/gcc-3.5.0-20040427/10-gcc/gcc/testsuite/../g77 version 3.5.0 20040427 (experimental) === gcc tests === Running target unix FAIL: gcc.c-torture/execute/va-arg-25.c execution, -Os FAIL: gcc.dg/compat/vector-1 c_compat_x_tst.o compile FAIL: gcc.dg/compat/vector-1 c_compat_y_tst.o compile UNRESOLVED: gcc.dg/compat/vector-1 c_compat_x_tst.o-c_compat_y_tst.o link UNRESOLVED: gcc.dg/compat/vector-1 c_compat_x_tst.o-c_compat_y_tst.o execute FAIL: gcc.dg/compat/vector-2 c_compat_x_tst.o compile FAIL: gcc.dg/compat/vector-2 c_compat_y_tst.o compile UNRESOLVED: gcc.dg/compat/vector-2 c_compat_x_tst.o-c_compat_y_tst.o link UNRESOLVED: gcc.dg/compat/vector-2 c_compat_x_tst.o-c_compat_y_tst.o execute FAIL: gcc.dg/20011009-1.c (test for excess errors) WARNING: gcc.dg/20011009-1.c compilation failed to produce executable FAIL: gcc.dg/20020523-1.c (test for excess errors) WARNING: gcc.dg/20020523-1.c compilation failed to produce executable FAIL: gcc.dg/20020523-2.c (test for excess errors) WARNING: gcc.dg/20020523-2.c compilation failed to produce executable FAIL: gcc.dg/c90-const-expr-3.c (test for excess errors) FAIL: gcc.dg/c99-const-expr-3.c (test for excess errors) FAIL: gcc.dg/const-elim-1.c scan-assembler-not L\\\\\$?C[^A-Z] FAIL: gcc.dg/i386-sse-6.c (test for excess errors) WARNING: gcc.dg/i386-sse-6.c compilation failed to produce executable FAIL: gcc.dg/visibility-1.c (test for excess errors) FAIL: gcc.dg/visibility-1.c scan-assembler \\\\.hidden.*foo FAIL: gcc.dg/visibility-2.c (test for excess errors) FAIL: gcc.dg/visibility-2.c scan-assembler \\\\.hidden.*foo FAIL: gcc.dg/visibility-3.c (test for excess errors) FAIL: gcc.dg/visibility-3.c scan-assembler \\\\.hidden.*xyzzy FAIL: gcc.dg/visibility-4.c (test for excess errors) FAIL: gcc.dg/visibility-4.c scan-assembler \\\\.hidden.*xyzzy FAIL: gcc.dg/visibility-5.c (test for excess errors) FAIL: gcc.dg/visibility-5.c scan-assembler \\\\.hidden.*foo FAIL: gcc.dg/visibility-6.c (test for excess errors) FAIL: gcc.dg/visibility-6.c scan-assembler \\\\.hidden.*xyzzy FAIL: gcc.dg/visibility-7.c (test for excess errors) FAIL: gcc.dg/visibility-7.c scan-assembler \\\\.hidden.*xyzzy FAIL: gcc.dg/visibility-8.c (test for excess errors) FAIL: gcc.dg/visibility-8.c scan-assembler \\\\.hidden.*__GI_fputs_unlocked FAIL: largefile.c (test for excess errors) FAIL: largefile.c (test for excess errors) FAIL: largefile.c (test for excess errors) FAIL: largefile.c (test for excess errors) FAIL: largefile.c (test for excess errors) FAIL: largefile.c (test for excess errors) FAIL: largefile.c (test for excess errors) === gcc Summary === # of expected passes 25257 # of unexpected failures 35 # of expected failures 59 # of unresolved testcases 4 # of untested testcases 35 # of unsupported tests 211 /amnt/figaro/volumes/obj-gcc/gcc/obj.sol86/gcc-3.5.0-20040427/10-gcc/gcc/xgcc version 3.5.0 20040427 (experimental) === objc tests === Running target unix === objc Summary === # of expected passes 1339 # of unsupported tests 8 /amnt/figaro/volumes/obj-gcc/gcc/obj.sol86/gcc-3.5.0-20040427/10-gcc/gcc/xgcc version 3.5.0 20040427 (experimental) === libffi tests === Running target unix === libffi Summary === # of expected passes 212 # of unsupported tests 2 === libjava tests === Running target unix ERROR: tcl error sourcing /vol/gnu/src/gcc/gcc-dist/libjava/testsuite/libjava.compile/compile.exp. ERROR: can't read "x": no such variable FAIL: ArrayStore compilation from bytecode ERROR: No \`main' given in program Array_3 UNRESOLVED: Array_3 -O3 compilation from source ERROR: No \`main' given in program Divide_1 UNRESOLVED: Divide_1 -O3 compilation from source FAIL: FileHandleGcTest execution - source compiled test FAIL: FileHandleGcTest execution - gij test FAIL: FileHandleGcTest execution - bytecode->native test FAIL: FileHandleGcTest -O3 execution - source compiled test FAIL: FileHandleGcTest execution - gij test FAIL: FileHandleGcTest -O3 execution - bytecode->native test ERROR: No \`main' given in program Float_1 UNRESOLVED: Float_1 -O3 compilation from source ERROR: No \`main' given in program G19990301_01 UNRESOLVED: G19990301_01 -O3 compilation from source ERROR: No \`main' given in program G19990304_01 UNRESOLVED: G19990304_01 -O3 compilation from source ERROR: No \`main' given in program G19990310_01 UNRESOLVED: II compilation from source FAIL: InterfaceDispatch compilation from bytecode ERROR: No \`main' given in program InvokeInterface UNRESOLVED: InvokeInterface -O3 compilation from source ERROR: No \`main' given in program KeepInline UNRESOLVED: KeepInline -O3 compilation from source FAIL: MathBuiltin compilation from bytecode FAIL: Matrix4f compilation from bytecode FAIL: N19990310_3 -O3 compilation from bytecode ERROR: No \`main' given in program N19990310_5 UNRESOLVED: N19990310_5 -O3 compilation from source FAIL: N19990310_5 -O3 compilation from bytecode FAIL: PR12350 -O3 compilation from bytecode FAIL: PR12656 -O3 compilation from bytecode ERROR: No \`main' given in program PR12915 UNRESOLVED: PR12915 -O3 compilation from source ERROR: No \`main' given in program PR141 UNRESOLVED: PR141 -O3 compilation from source ERROR: No \`main' given in program PR162 UNRESOLVED: PR218 compilation from source ERROR: No \`main' given in program PR218 UNRESOLVED: PR242 compilation from source FAIL: PR242 compilation from bytecode ERROR: No \`main' given in program PR3731 UNRESOLVED: PR3731 -O3 compilation from source ERROR: No \`main' given in program PR5057 UNRESOLVED: PR5057 -O3 compilation from source ERROR: No \`main' given in program PR5057 UNRESOLVED: PR5057_2 compilation from source ERROR: No \`main' given in program PR55 UNRESOLVED: PR55 -O3 compilation from source ERROR: No \`main' given in program PR56 UNRESOLVED: PR56 -O3 compilation from source ERROR: No \`main' given in program PR56 UNRESOLVED: PR6085 compilation from source FAIL: PR6204 -O3 compilation from bytecode ERROR: No \`main' given in program PR6729 UNRESOLVED: PR6729 -O3 compilation from source FAIL: PR6820 -O3 compilation from bytecode FAIL: PR7482 -O3 compilation from bytecode ERROR: No \`main' given in program Shazam UNRESOLVED: StaticConstructor compilation from source ERROR: No \`main' given in program StaticConstructor UNRESOLVED: StaticConstructor -O3 compilation from source FAIL: StaticConstructor -O3 compilation from bytecode FAIL: StringBuffer_1 -O3 compilation from bytecode ERROR: No \`main' given in program StringBuffer_overflow UNRESOLVED: StringBuffer_overflow -O3 compilation from source FAIL: String_overflow -O3 compilation from bytecode FAIL: SyncGlobal -O3 compilation from bytecode FAIL: SyncTest compilation from bytecode FAIL: SyncTest execution - gij test FAIL: Synch compilation from bytecode ERROR: No \`main' given in program TLtest UNRESOLVED: TestProxy compilation from source ERROR: No \`main' given in program Thread_Alive UNRESOLVED: Thread_Interrupt compilation from source ERROR: No \`main' given in program Thread_Join UNRESOLVED: Thread_Join -O3 compilation from source FAIL: Thread_Join execution - gij test ERROR: No \`main' given in program Thread_Monitor UNRESOLVED: Thread_Monitor -O3 compilation from source ERROR: No \`main' given in program Thread_Sleep UNRESOLVED: Thread_Sleep -O3 compilation from source FAIL: Thread_Sleep -O3 compilation from bytecode ERROR: No \`main' given in program Thread_Wait UNRESOLVED: Thread_Wait -O3 compilation from source ERROR: No \`main' given in program Thread_Wait UNRESOLVED: Thread_Wait_2 compilation from source FAIL: Thread_Wait_2 execution - gij test ERROR: No \`main' given in program Thread_Wait_Interrupt UNRESOLVED: Throw_1 compilation from source FAIL: Throw_1 -O3 compilation from bytecode FAIL: Throw_2 execution - source compiled test FAIL: Throw_2 execution - gij test FAIL: Throw_2 execution - bytecode->native test FAIL: Throw_2 -O3 execution - source compiled test FAIL: Throw_2 execution - gij test FAIL: Throw_2 -O3 execution - bytecode->native test FAIL: anfi compilation from bytecode FAIL: anon4 compilation from bytecode ERROR: No \`main' given in program anon4 UNRESOLVED: anon_ctor_itf_arg compilation from source ERROR: No \`main' given in program anonarray UNRESOLVED: anonarray -O3 compilation from source FAIL: anonarray2 compilation from bytecode ERROR: No \`main' given in program anonarray3 UNRESOLVED: anonarray3 -O3 compilation from source ERROR: No \`main' given in program assign UNRESOLVED: assign -O3 compilation from source ERROR: No \`main' given in program direct_read UNRESOLVED: direct_write compilation from source ERROR: No \`main' given in program direct_write UNRESOLVED: direct_write -O3 compilation from source ERROR: No \`main' given in program err1 UNRESOLVED: err1 -O3 compilation from source FAIL: err1 -O3 compilation from bytecode FAIL: err11 -O3 compilation from bytecode FAIL: err12 -O3 compilation from bytecode ERROR: No \`main' given in program err2 UNRESOLVED: err2 -O3 compilation from source ERROR: No \`main' given in program err2 UNRESOLVED: err3 compilation from source ERROR: No \`main' given in program err3 UNRESOLVED: err3 -O3 compilation from source ERROR: No \`main' given in program err3 UNRESOLVED: err4 compilation from source ERROR: No \`main' given in program err4 UNRESOLVED: err4 -O3 compilation from source FAIL: err6 -O3 compilation from bytecode FAIL: err8 compilation from bytecode ERROR: No \`main' given in program err9 UNRESOLVED: final_inner compilation from source ERROR: No \`main' given in program final_int UNRESOLVED: final_int -O3 compilation from source FAIL: indirect compilation from bytecode FAIL: indirect_write -O3 compilation from bytecode ERROR: No \`main' given in program initexc UNRESOLVED: initexc -O3 compilation from source ERROR: No \`main' given in program inline UNRESOLVED: inline -O3 compilation from source ERROR: No \`main' given in program inline UNRESOLVED: inner1 compilation from source ERROR: No \`main' given in program inner1 UNRESOLVED: inner2 compilation from source ERROR: No \`main' given in program inner_array UNRESOLVED: inner_interface compilation from source ERROR: No \`main' given in program inner_interface UNRESOLVED: instance compilation from source ERROR: No \`main' given in program instance UNRESOLVED: instance -O3 compilation from source ERROR: No \`main' given in program instance UNRESOLVED: instinit compilation from source ERROR: No \`main' given in program instinit UNRESOLVED: instinit -O3 compilation from source FAIL: instinit -O3 compilation from bytecode ERROR: No \`main' given in program instinit2 UNRESOLVED: instinit2 -O3 compilation from source FAIL: invoke_from_inner -O3 compilation from bytecode ERROR: No \`main' given in program nested_with_ctor UNRESOLVED: newarray_overflow compilation from source FAIL: pr13107 -O3 compilation from bytecode FAIL: pr179 -O3 compilation from bytecode ERROR: No \`main' given in program pr184 UNRESOLVED: pr184 -O3 compilation from source FAIL: pr184 -O3 compilation from bytecode ERROR: No \`main' given in program pr6388 UNRESOLVED: pr6388 -O3 compilation from source ERROR: No \`main' given in program pr83 UNRESOLVED: pr83 -O3 compilation from source ERROR: No \`main' given in program pr8676 UNRESOLVED: pr8676 -O3 compilation from source ERROR: No \`main' given in program private_direct_read UNRESOLVED: private_direct_read -O3 compilation from source ERROR: No \`main' given in program stringconst2 UNRESOLVED: stringconst2 -O3 compilation from source ERROR: No \`main' given in program stub UNRESOLVED: test_long compilation from source ERROR: No \`main' given in program test_long UNRESOLVED: test_long -O3 compilation from source ERROR: No \`main' given in program tmi UNRESOLVED: tp compilation from source ERROR: No \`main' given in program tp UNRESOLVED: update_outer compilation from source FAIL: update_outer -O3 compilation from bytecode ERROR: No \`main' given in program utf8concat UNRESOLVED: utilTest compilation from source ERROR: No \`main' given in program utilTest UNRESOLVED: verify compilation from source === libjava Summary === # of expected passes 2283 # of unexpected failures 51 # of expected failures 9 # of unresolved testcases 68 # of untested testcases 95 === libstdc++ tests === Running target unix FAIL: 27_io/basic_istream/extractors_arithmetic/char/12.cc execution test === libstdc++ Summary === # of expected passes 2667 # of unexpected failures 1 # of expected failures 5 Compiler version: 3.5.0 20040427 (experimental) Platform: i386-pc-solaris2.10 configure flags: --prefix=/vol/gcc --with-local-prefix=/vol/gcc --disable-nls --with-as=/vol/gcc/lib/as-7.0 --enable-languages=c,ada,c++,f77,java,objc BOOT_CFLAGS=-g -O2
Index Nav: | [Date Index] [Subject Index] [Author Index] [Thread Index] | |
---|---|---|
Message Nav: | [Date Prev] [Date Next] | [Thread Prev] [Thread Next] |