This is the mail archive of the gcc-testresults@gcc.gnu.org mailing list for the GCC project.


Index Nav: [Date Index] [Subject Index] [Author Index] [Thread Index]
Message Nav: [Date Prev] [Date Next] [Thread Prev] [Thread Next]
Other format: [Raw text]

Results for 3.4.0 testsuite on sparc-sun-solaris2.9


PATH=/usr/xpg4/bin:/usr/bin:/bin:/usr/X11R6/bin:/usr/openwin/bin:/usr/sbin:/usr/ccs/bin:/usr/local/gcc/bin:/usr/local/bin

LDFLAGS="-L/usr/local/lib -R/usr/local/lib"
    ../gcc-3.4.0/configure --with--system-zlib

gmake bootstrap

Fix missing quotes around variable in configure file,
gcc-3.4.0/libffi/configure:
2500c2500
< if test \$ac_cv_header_sys_mman_h != yes
---
> if test "\$ac_cv_header_sys_mman_h" != yes

gmake bootstrap

LD_LIBRARY_PATH=/usr/local/lib gmake -k check

gmake install

Makefile INSTALL macro was not tree position leveled so I
ended up creating these symlinks under gcc-3.4.0-obj:
./gcc-3.4.0
./sparc-sun-solaris2.9/libstdc++-v3/gcc-3.4.0
./sparc-sun-solaris2.9/sparcv9/libstdc++-v3/gcc-3.4.0
./sparc-sun-solaris2.9/sparcv9/libffi/gcc-3.4.0
./sparc-sun-solaris2.9/sparcv9/libjava/gcc-3.4.0
./sparc-sun-solaris2.9/sparcv9/gcc-3.4.0
./sparc-sun-solaris2.9/libffi/gcc-3.4.0
./sparc-sun-solaris2.9/libjava/gcc-3.4.0
./sparc-sun-solaris2.9/gcc-3.4.0

Ended up repeating gmake install to discover each symlink needed.

../gcc-3.4.0/contrib/test_summary -p ../NOTES-3.4.0 -m
    gcc-testresults@gcc.gnu.org | sh
LAST_UPDATED: Obtained from CVS: -rgcc_3_4_0_release 

Native configuration is sparc-sun-solaris2.9

		=== g77 tests ===


Running target unix

		=== g77 Summary ===

# of expected passes		1800
# of unsupported tests		6
/space/gnu/dev/gcc/gcc-3.4.0-obj/gcc/testsuite/../g77 version 3.4.0

		=== gcc tests ===


Running target unix
UNRESOLVED: gcc.c-torture/execute/simd-4.c execution,  -O0 
UNRESOLVED: gcc.dg/compat/vector-1 c_compat_x_tst.o-c_compat_y_tst.o link 
UNRESOLVED: gcc.dg/compat/vector-1 c_compat_x_tst.o-c_compat_y_tst.o execute 
UNRESOLVED: gcc.dg/compat/vector-2 c_compat_x_tst.o-c_compat_y_tst.o link 
UNRESOLVED: gcc.dg/compat/vector-2 c_compat_x_tst.o-c_compat_y_tst.o execute 
XPASS: gcc.dg/uninit-4.c uninitialized variable warning (test for bogus messages, line 26)
UNRESOLVED: gcc.dg/visibility-1.c
UNRESOLVED: gcc.dg/visibility-2.c
UNRESOLVED: gcc.dg/visibility-3.c
UNRESOLVED: gcc.dg/visibility-4.c
UNRESOLVED: gcc.dg/visibility-5.c
UNRESOLVED: gcc.dg/visibility-6.c
UNRESOLVED: gcc.dg/visibility-7.c
UNRESOLVED: gcc.dg/visibility-8.c

		=== gcc Summary ===

# of expected passes		24874
# of unexpected successes	1
# of expected failures		72
# of unresolved testcases	13
# of untested testcases		7
# of unsupported tests		313
/space/gnu/dev/gcc/gcc-3.4.0-obj/gcc/xgcc version 3.4.0

		=== g++ tests ===


Running target unix
ERROR: g++.dg/abi/rtti1.C: error executing dg-final: couldn't execute "c++filt": no such file or directory
UNRESOLVED: g++.dg/abi/rtti1.C: error executing dg-final: couldn't execute "c++filt": no such file or directory
WARNING: g++.dg/eh/simd-1.C compilation failed to produce executable
WARNING: g++.dg/eh/simd-2.C compilation failed to produce executable
WARNING: g++.old-deja/g++.mike/p10769a.C compilation failed to produce executable
WARNING: g++.old-deja/g++.other/enum5.C compilation failed to produce executable
WARNING: g++.old-deja/g++.pt/friend44.C compilation failed to produce executable

		=== g++ Summary ===

# of expected passes		9480
# of expected failures		69
# of unresolved testcases	1
# of unsupported tests		67
/space/gnu/dev/gcc/gcc-3.4.0-obj/gcc/testsuite/../g++ version 3.4.0

		=== objc tests ===


Running target unix

		=== objc Summary ===

# of expected passes		1341
# of unsupported tests		8
/space/gnu/dev/gcc/gcc-3.4.0-obj/gcc/xgcc version 3.4.0

		=== libffi tests ===


Running target unix

		=== libffi Summary ===

# of expected passes		212
# of unsupported tests		2
		=== libjava tests ===


Running target unix
FAIL: InnerExcept compilation from bytecode
FAIL: InnerExcept -O3 compilation from bytecode
FAIL: PR12374 compilation from bytecode
FAIL: PR12374 -O3 compilation from bytecode
FAIL: PR1343 compilation from bytecode
FAIL: PR1343 -O3 compilation from bytecode
FAIL: PR238 compilation from bytecode
FAIL: PR238 -O3 compilation from bytecode
FAIL: PR295 compilation from bytecode
FAIL: PR295 -O3 compilation from bytecode
FAIL: SuperConstr compilation from bytecode
FAIL: SuperConstr -O3 compilation from bytecode
FAIL: XercesBug compilation from bytecode
FAIL: XercesBug -O3 compilation from bytecode
FAIL: inner_1 compilation from bytecode
FAIL: inner_1 -O3 compilation from bytecode
FAIL: inner_data compilation from bytecode
FAIL: inner_data -O3 compilation from bytecode
FAIL: inner_inherit compilation from bytecode
FAIL: inner_inherit -O3 compilation from bytecode
FAIL: inner_priv compilation from bytecode
FAIL: inner_priv -O3 compilation from bytecode
FAIL: inner_pub compilation from bytecode
FAIL: inner_pub -O3 compilation from bytecode
FAIL: not_a_redef compilation from bytecode
FAIL: not_a_redef -O3 compilation from bytecode
FAIL: pr172 compilation from bytecode
FAIL: pr172 -O3 compilation from bytecode
FAIL: pr174 compilation from bytecode
FAIL: pr174 -O3 compilation from bytecode
FAIL: pr176 compilation from bytecode
FAIL: pr176 -O3 compilation from bytecode
FAIL: static_2 compilation from bytecode
FAIL: static_2 -O3 compilation from bytecode
FAIL: static_3 compilation from bytecode
FAIL: static_3 -O3 compilation from bytecode
FAIL: static_inner compilation from bytecode
FAIL: static_inner -O3 compilation from bytecode
FAIL: linking simple
FAIL: cxxtest run
FAIL: Array_3 execution - gij test
FAIL: Array_3 execution - gij test
FAIL: FileHandleGcTest execution - source compiled test
FAIL: FileHandleGcTest execution - bytecode->native test
FAIL: FileHandleGcTest -O3 execution - source compiled test
FAIL: FileHandleGcTest -O3 execution - bytecode->native test
FAIL: SyncTest execution - gij test
FAIL: SyncTest execution - gij test
FAIL: Thread_Join execution - gij test
FAIL: Thread_Wait_2 execution - gij test
FAIL: Thread_Wait_2 execution - gij test
FAIL: err10 -O3 compilation from bytecode

		=== libjava Summary ===

# of expected passes		3196
# of unexpected failures	52
# of expected failures		11
# of untested testcases		22
		=== libstdc++ tests ===


Running target unix

		=== libstdc++ Summary ===

# of expected passes		2647
# of expected failures		6

Compiler version: 3.4.0 
Platform: sparc-sun-solaris2.9
configure flags: --with--system-zlib


Index Nav: [Date Index] [Subject Index] [Author Index] [Thread Index]
Message Nav: [Date Prev] [Date Next] [Thread Prev] [Thread Next]