This is the mail archive of the gcc-testresults@gcc.gnu.org mailing list for the GCC project.


Index Nav: [Date Index] [Subject Index] [Author Index] [Thread Index]
Message Nav: [Date Prev] [Date Next] [Thread Prev] [Thread Next]
Other format: [Raw text]

Results for 3.5.0 20040425 (experimental) testsuite on powerpc-apple-darwin7.2.0


LAST_UPDATED: 
Native configuration is powerpc-apple-darwin7.2.0

		=== g++ tests ===


Running target unix
FAIL: g++.dg/eh/simd-2.C (test for excess errors)
WARNING: g++.dg/eh/simd-2.C compilation failed to produce executable
UNRESOLVED: g++.dg/init/init-ref4.C
XPASS: g++.dg/other/packed1.C execution test
FAIL: g++.dg/warn/weak1.C (test for excess errors)
FAIL: g++.dg/special/conpr-3.C execution test
FAIL: g++.old-deja/g++.abi/cxa_vec.C execution test
FAIL: g++.old-deja/g++.brendan/new3.C execution test
UNRESOLVED: g++.old-deja/g++.ext/attrib5.C
WARNING: g++.old-deja/g++.mike/p10769a.C compilation failed to produce executable
WARNING: g++.old-deja/g++.other/enum5.C compilation failed to produce executable
WARNING: g++.old-deja/g++.pt/friend44.C compilation failed to produce executable
UNRESOLVED: g++.old-deja/g++.pt/static3.C

		=== g++ Summary ===

# of expected passes		9472
# of unexpected failures	5
# of unexpected successes	1
# of expected failures		84
# of unresolved testcases	3
# of unsupported tests		85
/Users/regress/tbox/native/build/gcc/testsuite/../g++ version 3.5.0 20040425 (experimental)

		=== g77 tests ===


Running target unix

		=== g77 Summary ===

# of expected passes		1788
# of unsupported tests		6
/Users/regress/tbox/native/build/gcc/testsuite/../g77 version 3.5.0 20040425 (experimental)

		=== gcc tests ===


Running target unix
FAIL: gcc.c-torture/execute/20030811-1.c compilation,  -O0 
UNRESOLVED: gcc.c-torture/execute/20030811-1.c execution,  -O0 
FAIL: gcc.c-torture/execute/20030811-1.c compilation,  -O1 
UNRESOLVED: gcc.c-torture/execute/20030811-1.c execution,  -O1 
FAIL: gcc.c-torture/execute/20030811-1.c compilation,  -O2 
UNRESOLVED: gcc.c-torture/execute/20030811-1.c execution,  -O2 
FAIL: gcc.c-torture/execute/20030811-1.c compilation,  -O3 -fomit-frame-pointer 
UNRESOLVED: gcc.c-torture/execute/20030811-1.c execution,  -O3 -fomit-frame-pointer 
FAIL: gcc.c-torture/execute/20030811-1.c compilation,  -O3 -g 
UNRESOLVED: gcc.c-torture/execute/20030811-1.c execution,  -O3 -g 
FAIL: gcc.c-torture/execute/20030811-1.c compilation,  -Os 
UNRESOLVED: gcc.c-torture/execute/20030811-1.c execution,  -Os 
FAIL: gcc.c-torture/execute/931004-12.c execution,  -O0 
FAIL: gcc.c-torture/execute/931004-12.c execution,  -O1 
FAIL: gcc.c-torture/execute/931004-12.c execution,  -O2 
FAIL: gcc.c-torture/execute/931004-12.c execution,  -O3 -fomit-frame-pointer 
FAIL: gcc.c-torture/execute/931004-12.c execution,  -O3 -fomit-frame-pointer -funroll-loops 
FAIL: gcc.c-torture/execute/931004-12.c execution,  -O3 -fomit-frame-pointer -funroll-all-loops -finline-functions 
FAIL: gcc.c-torture/execute/931004-12.c execution,  -O3 -g 
FAIL: gcc.c-torture/execute/931004-12.c execution,  -Os 
FAIL: gcc.c-torture/execute/pure-1.c compilation,  -O1 
UNRESOLVED: gcc.c-torture/execute/pure-1.c execution,  -O1 
FAIL: gcc.c-torture/execute/pure-1.c compilation,  -O2 
UNRESOLVED: gcc.c-torture/execute/pure-1.c execution,  -O2 
FAIL: gcc.c-torture/execute/va-arg-22.c execution,  -O0 
FAIL: gcc.c-torture/execute/va-arg-22.c execution,  -O1 
FAIL: gcc.c-torture/execute/va-arg-22.c execution,  -O2 
FAIL: gcc.c-torture/execute/va-arg-22.c execution,  -O3 -fomit-frame-pointer 
FAIL: gcc.c-torture/execute/va-arg-22.c execution,  -O3 -fomit-frame-pointer -funroll-loops 
FAIL: gcc.c-torture/execute/va-arg-22.c execution,  -O3 -fomit-frame-pointer -funroll-all-loops -finline-functions 
FAIL: gcc.c-torture/execute/va-arg-22.c execution,  -O3 -g 
FAIL: gcc.c-torture/execute/va-arg-22.c execution,  -Os 
FAIL: gcc.dg/compat/struct-by-value-1 c_compat_x_tst.o-c_compat_y_tst.o link
UNRESOLVED: gcc.dg/compat/struct-by-value-1 c_compat_x_tst.o-c_compat_y_tst.o execute 
FAIL: gcc.dg/compat/struct-by-value-2 c_compat_x_tst.o-c_compat_y_tst.o link
UNRESOLVED: gcc.dg/compat/struct-by-value-2 c_compat_x_tst.o-c_compat_y_tst.o execute 
FAIL: gcc.dg/compat/struct-by-value-4 c_compat_x_tst.o-c_compat_y_tst.o link
UNRESOLVED: gcc.dg/compat/struct-by-value-4 c_compat_x_tst.o-c_compat_y_tst.o execute 
FAIL: gcc.dg/compat/struct-by-value-8 c_compat_x_tst.o-c_compat_y_tst.o link
UNRESOLVED: gcc.dg/compat/struct-by-value-8 c_compat_x_tst.o-c_compat_y_tst.o execute 
FAIL: gcc.dg/compat/struct-by-value-9 c_compat_x_tst.o-c_compat_y_tst.o link
UNRESOLVED: gcc.dg/compat/struct-by-value-9 c_compat_x_tst.o-c_compat_y_tst.o execute 
FAIL: gcc.dg/compat/struct-return-2 c_compat_x_tst.o-c_compat_y_tst.o link
UNRESOLVED: gcc.dg/compat/struct-return-2 c_compat_x_tst.o-c_compat_y_tst.o execute 
FAIL: gcc.dg/compat/vector-1 c_compat_x_tst.o compile
FAIL: gcc.dg/compat/vector-1 c_compat_y_tst.o compile
UNRESOLVED: gcc.dg/compat/vector-1 c_compat_x_tst.o-c_compat_y_tst.o link 
UNRESOLVED: gcc.dg/compat/vector-1 c_compat_x_tst.o-c_compat_y_tst.o execute 
FAIL: gcc.dg/compat/vector-2 c_compat_x_tst.o compile
FAIL: gcc.dg/compat/vector-2 c_compat_y_tst.o compile
UNRESOLVED: gcc.dg/compat/vector-2 c_compat_x_tst.o-c_compat_y_tst.o link 
UNRESOLVED: gcc.dg/compat/vector-2 c_compat_x_tst.o-c_compat_y_tst.o execute 
FAIL: gcc.dg/array-quals-1.c scan-assembler-not \\\\.data(?!\\\\.rel\\\\.ro)
FAIL: gcc.dg/c90-const-expr-3.c (test for excess errors)
FAIL: gcc.dg/c99-const-expr-3.c (test for excess errors)
FAIL: gcc.dg/const-elim-1.c scan-assembler-not L\\\\\$?C[^A-Z]
FAIL: gcc.dg/framework-1.c (test for excess errors)
FAIL: gcc.dg/struct-by-value-1.c (test for excess errors)
WARNING: gcc.dg/struct-by-value-1.c compilation failed to produce executable
UNRESOLVED: gcc.dg/visibility-1.c
UNRESOLVED: gcc.dg/visibility-2.c
UNRESOLVED: gcc.dg/visibility-3.c
UNRESOLVED: gcc.dg/visibility-4.c
UNRESOLVED: gcc.dg/visibility-5.c
UNRESOLVED: gcc.dg/visibility-6.c
UNRESOLVED: gcc.dg/visibility-7.c
UNRESOLVED: gcc.dg/visibility-8.c
XPASS: gcc.dg/wchar_t-1.c (test for excess errors)
XPASS: gcc.dg/wint_t-1.c (test for excess errors)
UNRESOLVED: gcc.dg/special/weak-1.c
UNRESOLVED: gcc.dg/special/weak-2.c
UNRESOLVED: gcc.dg/special/wkali-1.c
UNRESOLVED: gcc.dg/special/wkali-2.c
FAIL: gcc.dg/torture/builtin-noret-1.c (test for excess errors)
FAIL: gcc.dg/torture/builtin-noret-1.c (test for excess errors)
FAIL: gcc.dg/torture/builtin-noret-1.c (test for excess errors)
FAIL: gcc.dg/torture/builtin-noret-1.c (test for excess errors)
FAIL: gcc.dg/torture/builtin-noret-1.c (test for excess errors)
FAIL: gcc.dg/torture/builtin-noret-1.c (test for excess errors)
FAIL: gcc.dg/torture/builtin-noret-2.c (test for excess errors)
FAIL: gcc.dg/torture/builtin-noret-2.c (test for excess errors)
FAIL: gcc.dg/torture/builtin-noret-2.c (test for excess errors)
FAIL: gcc.dg/torture/builtin-noret-2.c (test for excess errors)
FAIL: gcc.dg/torture/builtin-noret-2.c (test for excess errors)
FAIL: gcc.dg/torture/builtin-noret-2.c (test for excess errors)
UNRESOLVED: gcc.dg/weak/typeof-2.c
UNRESOLVED: gcc.dg/weak/weak-1.c
UNRESOLVED: gcc.dg/weak/weak-2.c
UNRESOLVED: gcc.dg/weak/weak-3.c
UNRESOLVED: gcc.dg/weak/weak-4.c
UNRESOLVED: gcc.dg/weak/weak-5.c
UNRESOLVED: gcc.dg/weak/weak-6.c
UNRESOLVED: gcc.dg/weak/weak-7.c
UNRESOLVED: gcc.dg/weak/weak-8.c
UNRESOLVED: gcc.dg/weak/weak-9.c

		=== gcc Summary ===

# of expected passes		25355
# of unexpected failures	52
# of unexpected successes	2
# of expected failures		58
# of unresolved testcases	40
# of untested testcases		28
# of unsupported tests		333
/Users/regress/tbox/native/build/gcc/xgcc version 3.5.0 20040425 (experimental)

		=== objc tests ===


Running target unix
FAIL: objc/execute/string1.m compilation,  -O0 
UNRESOLVED: objc/execute/string1.m execution,  -O0 
FAIL: objc/execute/string1.m compilation,  -O1 
UNRESOLVED: objc/execute/string1.m execution,  -O1 
FAIL: objc/execute/string1.m compilation,  -O2 
UNRESOLVED: objc/execute/string1.m execution,  -O2 
FAIL: objc/execute/string1.m compilation,  -O3 -fomit-frame-pointer 
UNRESOLVED: objc/execute/string1.m execution,  -O3 -fomit-frame-pointer 
FAIL: objc/execute/string1.m compilation,  -O3 -g 
UNRESOLVED: objc/execute/string1.m execution,  -O3 -g 
FAIL: objc/execute/string1.m compilation,  -Os 
UNRESOLVED: objc/execute/string1.m execution,  -Os 
FAIL: objc/execute/string2.m compilation,  -O0 
UNRESOLVED: objc/execute/string2.m execution,  -O0 
FAIL: objc/execute/string2.m compilation,  -O1 
UNRESOLVED: objc/execute/string2.m execution,  -O1 
FAIL: objc/execute/string2.m compilation,  -O2 
UNRESOLVED: objc/execute/string2.m execution,  -O2 
FAIL: objc/execute/string2.m compilation,  -O3 -fomit-frame-pointer 
UNRESOLVED: objc/execute/string2.m execution,  -O3 -fomit-frame-pointer 
FAIL: objc/execute/string2.m compilation,  -O3 -g 
UNRESOLVED: objc/execute/string2.m execution,  -O3 -g 
FAIL: objc/execute/string2.m compilation,  -Os 
UNRESOLVED: objc/execute/string2.m execution,  -Os 
FAIL: objc/execute/string3.m compilation,  -O0 
UNRESOLVED: objc/execute/string3.m execution,  -O0 
FAIL: objc/execute/string3.m compilation,  -O1 
UNRESOLVED: objc/execute/string3.m execution,  -O1 
FAIL: objc/execute/string3.m compilation,  -O2 
UNRESOLVED: objc/execute/string3.m execution,  -O2 
FAIL: objc/execute/string3.m compilation,  -O3 -fomit-frame-pointer 
UNRESOLVED: objc/execute/string3.m execution,  -O3 -fomit-frame-pointer 
FAIL: objc/execute/string3.m compilation,  -O3 -g 
UNRESOLVED: objc/execute/string3.m execution,  -O3 -g 
FAIL: objc/execute/string3.m compilation,  -Os 
UNRESOLVED: objc/execute/string3.m execution,  -Os 
FAIL: objc/execute/string4.m compilation,  -O0 
UNRESOLVED: objc/execute/string4.m execution,  -O0 
FAIL: objc/execute/string4.m compilation,  -O1 
UNRESOLVED: objc/execute/string4.m execution,  -O1 
FAIL: objc/execute/string4.m compilation,  -O2 
UNRESOLVED: objc/execute/string4.m execution,  -O2 
FAIL: objc/execute/string4.m compilation,  -O3 -fomit-frame-pointer 
UNRESOLVED: objc/execute/string4.m execution,  -O3 -fomit-frame-pointer 
FAIL: objc/execute/string4.m compilation,  -O3 -g 
UNRESOLVED: objc/execute/string4.m execution,  -O3 -g 
FAIL: objc/execute/string4.m compilation,  -Os 
UNRESOLVED: objc/execute/string4.m execution,  -Os 

		=== objc Summary ===

# of expected passes		1311
# of unexpected failures	24
# of unresolved testcases	24
/Users/regress/tbox/native/build/gcc/xgcc version 3.5.0 20040425 (experimental)

		=== libffi tests ===


Running target unix
FAIL: libffi.call/cls_3_1byte.c output pattern test, is 12 13 14 178 179 180: 190 192 194
FAIL: libffi.special/unwindtest.cc execution test

		=== libffi Summary ===

# of expected passes		209
# of unexpected failures	2
# of unsupported tests		2
		=== libjava tests ===


Running target unix
FAIL: cxxtest.c compilation
FAIL: pr11951 run
FAIL: ArrayStore execution - gij test
FAIL: ArrayStore execution - gij test
FAIL: Array_3 execution - gij test
FAIL: Array_3 execution - gij test
FAIL: FileHandleGcTest execution - gij test
FAIL: FileHandleGcTest execution - gij test
FAIL: PR218 execution - gij test
FAIL: PR218 execution - gij test
FAIL: StringBuffer_1 execution - gij test
FAIL: StringBuffer_1 execution - gij test
FAIL: StringBuffer_overflow execution - gij test
FAIL: StringBuffer_overflow execution - gij test
FAIL: String_overflow execution - gij test
FAIL: String_overflow execution - gij test
FAIL: Thread_Alive execution - gij test
FAIL: Thread_Alive execution - gij test
FAIL: Thread_Interrupt execution - gij test
FAIL: Thread_Interrupt execution - gij test
FAIL: Thread_Wait_2 execution - gij test
FAIL: Thread_Wait_2 execution - gij test
FAIL: Thread_Wait_Interrupt execution - gij test
FAIL: Thread_Wait_Interrupt execution - gij test
FAIL: Throw_2 execution - source compiled test
FAIL: Throw_2 execution - gij test
FAIL: Throw_2 execution - bytecode->native test
FAIL: Throw_2 -O3 execution - source compiled test
FAIL: Throw_2 execution - gij test
FAIL: Throw_2 -O3 execution - bytecode->native test
FAIL: initexc execution - gij test
FAIL: initexc execution - gij test
FAIL: instinit2 execution - gij test
FAIL: instinit2 execution - gij test
FAIL: invokethrow execution - source compiled test
FAIL: invokethrow execution - gij test
FAIL: invokethrow execution - bytecode->native test
FAIL: invokethrow -O3 execution - source compiled test
FAIL: invokethrow execution - gij test
FAIL: invokethrow -O3 execution - bytecode->native test

		=== libjava Summary ===

# of expected passes		3246
# of unexpected failures	40
# of expected failures		14
# of untested testcases		55
		=== libstdc++ tests ===


Running target unix
FAIL: 26_numerics/c_math_dynamic.cc (test for excess errors)
FAIL: 26_numerics/complex/13450.cc (test for excess errors)
WARNING: 26_numerics/complex/13450.cc compilation failed to produce executable
FAIL: 27_io/basic_filebuf/open/char/9507.cc execution test
FAIL: 27_io/ios_base/storage/11584.cc execution test

		=== libstdc++ Summary ===

# of expected passes		2639
# of unexpected failures	4
# of expected failures		5
# of unsupported tests		9

Compiler version: 3.5.0 20040425 (experimental) 
Platform: powerpc-apple-darwin7.2.0
configure flags: --prefix=/Users/regress/tbox/objs --target=powerpc-apple-darwin7.2.0 --enable-languages=c,c++,f77,java,objc


Index Nav: [Date Index] [Subject Index] [Author Index] [Thread Index]
Message Nav: [Date Prev] [Date Next] [Thread Prev] [Thread Next]