This is the mail archive of the gcc-testresults@gcc.gnu.org mailing list for the GCC project.


Index Nav: [Date Index] [Subject Index] [Author Index] [Thread Index]
Message Nav: [Date Prev] [Date Next] [Thread Prev] [Thread Next]
Other format: [Raw text]

Results for 3.4.0 testsuite on powerpc64-unknown-linux-gnu


Red Hat Enterprise Linux AS release 3 (Taroon)

Linux 2.6.5-rc3-ames ppc64
GNU C Library stable release version 2.3.2
GNU ld version 2.14.90.0.4 20030523
GNU assembler 2.14.90.0.4 20030523
GNU Make version 3.79.1

DejaGnu:
	Expect version is	5.40.0
	Tcl version is		8.4
	Framework version is	1.4.4

LAST_UPDATED: Obtained from CVS: -rgcc_3_4_0_release 

Native configuration is powerpc64-unknown-linux-gnu

		=== g77 tests ===


Running target unix/-m32

		=== g77 Summary for unix/-m32 ===

# of expected passes		1800
# of unsupported tests		6

Running target unix/-m64

		=== g77 Summary for unix/-m64 ===

# of expected passes		1800
# of unsupported tests		6

		=== g77 Summary ===

# of expected passes		3600
# of unsupported tests		12
/home/janis/build/3.4.0/build-gcc-3.4/gcc/testsuite/../g77 version 3.4.0

		=== gcc tests ===


Running target unix/-m32
FAIL: gcc.c-torture/execute/20030125-1.c execution,  -O1 
FAIL: gcc.c-torture/execute/20030125-1.c execution,  -O2 
FAIL: gcc.c-torture/execute/20030125-1.c execution,  -O3 -fomit-frame-pointer 
FAIL: gcc.c-torture/execute/20030125-1.c execution,  -O3 -g 
FAIL: gcc.c-torture/execute/20030125-1.c execution,  -Os 
FAIL: gcc.c-torture/execute/va-arg-25.c execution,  -O0 
FAIL: gcc.c-torture/execute/va-arg-25.c execution,  -O1 
FAIL: gcc.c-torture/execute/va-arg-25.c execution,  -O2 
FAIL: gcc.c-torture/execute/va-arg-25.c execution,  -O3 -fomit-frame-pointer 
FAIL: gcc.c-torture/execute/va-arg-25.c execution,  -O3 -g 
FAIL: gcc.c-torture/execute/va-arg-25.c execution,  -Os 
FAIL: gcc.dg/compat/scalar-by-value-3 c_compat_x_tst.o-c_compat_y_tst.o execute 
FAIL: gcc.dg/compat/scalar-return-3 c_compat_x_tst.o-c_compat_y_tst.o execute 
FAIL: gcc.dg/builtins-18.c (test for excess errors)
FAIL: gcc.dg/builtins-20.c (test for excess errors)
FAIL: gcc.dg/complex-1.c execution test
FAIL: gcc.dg/ppc64-abi-1.c (test for excess errors)
WARNING: gcc.dg/ppc64-abi-1.c compilation failed to produce executable
FAIL: gcc.dg/ppc64-abi-2.c (test for excess errors)
WARNING: gcc.dg/ppc64-abi-2.c compilation failed to produce executable
FAIL: gcc.dg/ppc64-abi-3.c  (test for errors, line 11)
FAIL: gcc.dg/ppc64-abi-3.c  (test for errors, line 26)
FAIL: gcc.dg/ppc64-abi-3.c (test for excess errors)

		=== gcc Summary for unix/-m32 ===

# of expected passes		24244
# of unexpected failures	21
# of expected failures		69
# of untested testcases		7
# of unsupported tests		301

Running target unix/-m64
FAIL: gcc.c-torture/execute/20030125-1.c execution,  -O1 
FAIL: gcc.c-torture/execute/20030125-1.c execution,  -O2 
FAIL: gcc.c-torture/execute/20030125-1.c execution,  -O3 -fomit-frame-pointer 
FAIL: gcc.c-torture/execute/20030125-1.c execution,  -O3 -g 
FAIL: gcc.c-torture/execute/20030125-1.c execution,  -Os 
		=== g++ tests ===


Running target unix/-m32
XPASS: g++.dg/eh/simd-2.C execution test
WARNING: g++.old-deja/g++.mike/p10769a.C compilation failed to produce executable
WARNING: g++.old-deja/g++.other/enum5.C compilation failed to produce executable
XPASS: g++.old-deja/g++.other/init5.C execution test
WARNING: g++.old-deja/g++.pt/friend44.C compilation failed to produce executable

		=== g++ Summary for unix/-m32 ===

# of expected passes		9503
# of unexpected successes	2
# of expected failures		67
# of unsupported tests		71

Running target unix/-m64
WARNING: g++.old-deja/g++.mike/p10769a.C compilation failed to produce executable
WARNING: g++.old-deja/g++.other/enum5.C compilation failed to produce executable
XPASS: g++.old-deja/g++.other/init5.C execution test
WARNING: g++.old-deja/g++.pt/friend44.C compilation failed to produce executable

		=== g++ Summary for unix/-m64 ===

# of expected passes		9503
# of unexpected successes	1
# of expected failures		68
# of unsupported tests		71

		=== g++ Summary ===

# of expected passes		19006
# of unexpected successes	3
# of expected failures		135
# of unsupported tests		142
/home/janis/build/3.4.0/build-gcc-3.4/gcc/testsuite/../g++ version 3.4.0

		=== objc tests ===


Running target unix/-m32

		=== objc Summary for unix/-m32 ===

# of expected passes		1341
# of unsupported tests		8

Running target unix/-m64

		=== objc Summary for unix/-m64 ===

# of expected passes		1341
# of unsupported tests		8

		=== objc Summary ===

# of expected passes		2682
# of unsupported tests		16
/home/janis/build/3.4.0/build-gcc-3.4/gcc/xgcc version 3.4.0

		=== libffi tests ===


Running target unix/-m32
FAIL: libffi.call/cls_align_longdouble.c (test for excess errors)
WARNING: libffi.call/cls_align_longdouble.c compilation failed to produce executable
FAIL: libffi.call/float.c (test for excess errors)
WARNING: libffi.call/float.c compilation failed to produce executable
FAIL: libffi.call/float2.c (test for excess errors)
WARNING: libffi.call/float2.c compilation failed to produce executable

		=== libffi Summary for unix/-m32 ===

# of expected passes		205
# of unexpected failures	3
# of unsupported tests		2

Running target unix/-m64

		=== libffi Summary for unix/-m64 ===

# of expected passes		212
# of unsupported tests		2

		=== libffi Summary ===

# of expected passes		417
# of unexpected failures	3
# of unsupported tests		4
		=== libjava tests ===


Running target unix/-m32

		=== libjava Summary for unix/-m32 ===

# of expected passes		3262
# of expected failures		10
# of untested testcases		8

Running target unix/-m64
FAIL: linking simple

		=== libjava Summary for unix/-m64 ===

# of expected passes		3260
# of unexpected failures	1
# of expected failures		11
# of untested testcases		8

		=== libjava Summary ===

# of expected passes		6522
# of unexpected failures	1
# of expected failures		21
# of untested testcases		16
		=== libstdc++ tests ===


Running target unix/-m32
XPASS: 26_numerics/c99_classification_macros_c.cc (test for excess errors)

		=== libstdc++ Summary for unix/-m32 ===

# of expected passes		2647
# of unexpected successes	1
# of expected failures		5

Running target unix/-m64
FAIL: 22_locale/messages/members/char/1.cc execution test
FAIL: 22_locale/messages/members/char/2.cc execution test
FAIL: 22_locale/messages/members/char/wrapped_env.cc execution test
FAIL: 22_locale/messages/members/char/wrapped_locale.cc execution test
FAIL: 22_locale/messages_byname/named_equivalence.cc execution test
XPASS: 26_numerics/c99_classification_macros_c.cc (test for excess errors)
XPASS: 27_io/fpos/14320-1.cc execution test

		=== libstdc++ Summary for unix/-m64 ===

# of expected passes		2642
# of unexpected failures	5
# of unexpected successes	2
# of expected failures		4

		=== libstdc++ Summary ===

# of expected passes		5289
# of unexpected failures	5
# of unexpected successes	3
# of expected failures		9

Compiler version: 3.4.0 
Platform: powerpc64-unknown-linux-gnu
configure flags: --prefix=/home/janis/tools/gcc-3.4.0 --build=powerpc64-linux --host=powerpc64-linux --target=powerpc64-linux --with-cpu=default32 --with-as=/usr/bin/as --with-ld=/usr/bin/ld --enable-threads=posix --enable-shared --enable-__cxa_atexit --enable-languages=c,c++,f77,java,objc


Index Nav: [Date Index] [Subject Index] [Author Index] [Thread Index]
Message Nav: [Date Prev] [Date Next] [Thread Prev] [Thread Next]