This is the mail archive of the
gcc-testresults@gcc.gnu.org
mailing list for the GCC project.
Results for 3.5.0 20040422 (experimental) testsuite on sparc-unknown-linux-gnu
- From: ja2morri at csclub dot uwaterloo dot ca (James Morrison)
- To: gcc-testresults at gcc dot gnu dot org
- Date: Fri, 23 Apr 2004 10:53:29 -0400 (EDT)
- Subject: Results for 3.5.0 20040422 (experimental) testsuite on sparc-unknown-linux-gnu
LAST_UPDATED: Thu Apr 22 15:06:14 UTC 2004
Native configuration is sparc-unknown-linux-gnu
=== gcc tests ===
Running target unix
FAIL: gcc.c-torture/execute/20030125-1.c execution, -O1
FAIL: gcc.c-torture/execute/20030125-1.c execution, -O2
FAIL: gcc.c-torture/execute/20030125-1.c execution, -O3 -fomit-frame-pointer
FAIL: gcc.c-torture/execute/20030125-1.c execution, -O3 -g
FAIL: gcc.c-torture/execute/20030125-1.c execution, -Os
FAIL: gcc.dg/builtins-20.c (test for excess errors)
FAIL: gcc.dg/c90-const-expr-3.c (test for excess errors)
FAIL: gcc.dg/c99-const-expr-3.c (test for excess errors)
FAIL: gcc.dg/titype-1.c (test for excess errors)
WARNING: gcc.dg/titype-1.c compilation failed to produce executable
FAIL: gcc.dg/uninit-C.c (test for excess errors)
FAIL: gcc.dg/pch/common-1.c -O0 -g (test for excess errors)
FAIL: gcc.dg/pch/common-1.c -O0 (test for excess errors)
FAIL: gcc.dg/pch/common-1.c -O1 (test for excess errors)
FAIL: gcc.dg/pch/common-1.c -O2 (test for excess errors)
FAIL: gcc.dg/pch/common-1.c -O3 -fomit-frame-pointer (test for excess errors)
FAIL: gcc.dg/pch/common-1.c -O3 -g (test for excess errors)
FAIL: gcc.dg/pch/common-1.c -Os (test for excess errors)
FAIL: gcc.dg/pch/cpp-1.c -O0 -g (test for excess errors)
FAIL: gcc.dg/pch/cpp-1.c -O0 (test for excess errors)
FAIL: gcc.dg/pch/cpp-1.c -O1 (test for excess errors)
FAIL: gcc.dg/pch/cpp-1.c -O2 (test for excess errors)
FAIL: gcc.dg/pch/cpp-1.c -O3 -fomit-frame-pointer (test for excess errors)
FAIL: gcc.dg/pch/cpp-1.c -O3 -g (test for excess errors)
FAIL: gcc.dg/pch/cpp-1.c -Os (test for excess errors)
FAIL: gcc.dg/pch/cpp-2.c -O0 -g (test for excess errors)
FAIL: gcc.dg/pch/cpp-2.c -O0 (test for excess errors)
FAIL: gcc.dg/pch/cpp-2.c -O1 (test for excess errors)
FAIL: gcc.dg/pch/cpp-2.c -O2 (test for excess errors)
FAIL: gcc.dg/pch/cpp-2.c -O3 -fomit-frame-pointer (test for excess errors)
FAIL: gcc.dg/pch/cpp-2.c -O3 -g (test for excess errors)
FAIL: gcc.dg/pch/cpp-2.c -Os (test for excess errors)
FAIL: gcc.dg/pch/decl-1.c -O0 -g (test for excess errors)
FAIL: gcc.dg/pch/decl-1.c -O0 (test for excess errors)
FAIL: gcc.dg/pch/decl-1.c -O1 (test for excess errors)
FAIL: gcc.dg/pch/decl-1.c -O2 (test for excess errors)
FAIL: gcc.dg/pch/decl-1.c -O3 -fomit-frame-pointer (test for excess errors)
FAIL: gcc.dg/pch/decl-1.c -O3 -g (test for excess errors)
FAIL: gcc.dg/pch/decl-1.c -Os (test for excess errors)
FAIL: gcc.dg/pch/decl-2.c -O0 -g (test for excess errors)
FAIL: gcc.dg/pch/decl-2.c -O0 (test for excess errors)
FAIL: gcc.dg/pch/decl-2.c -O1 (test for excess errors)
FAIL: gcc.dg/pch/decl-2.c -O2 (test for excess errors)
FAIL: gcc.dg/pch/decl-2.c -O3 -fomit-frame-pointer (test for excess errors)
FAIL: gcc.dg/pch/decl-2.c -O3 -g (test for excess errors)
FAIL: gcc.dg/pch/decl-2.c -Os (test for excess errors)
FAIL: gcc.dg/pch/decl-3.c -O0 -g (test for excess errors)
FAIL: gcc.dg/pch/decl-3.c -O0 (test for excess errors)
FAIL: gcc.dg/pch/decl-3.c -O1 (test for excess errors)
FAIL: gcc.dg/pch/decl-3.c -O2 (test for excess errors)
FAIL: gcc.dg/pch/decl-3.c -O3 -fomit-frame-pointer (test for excess errors)
FAIL: gcc.dg/pch/decl-3.c -O3 -g (test for excess errors)
FAIL: gcc.dg/pch/decl-3.c -Os (test for excess errors)
FAIL: gcc.dg/pch/decl-4.c -O0 -g (test for excess errors)
FAIL: gcc.dg/pch/decl-4.c -O0 (test for excess errors)
FAIL: gcc.dg/pch/decl-4.c -O1 (test for excess errors)
FAIL: gcc.dg/pch/decl-4.c -O2 (test for excess errors)
FAIL: gcc.dg/pch/decl-4.c -O3 -fomit-frame-pointer (test for excess errors)
FAIL: gcc.dg/pch/decl-4.c -O3 -g (test for excess errors)
FAIL: gcc.dg/pch/decl-4.c -Os (test for excess errors)
FAIL: gcc.dg/pch/decl-5.c -O0 -g (test for excess errors)
FAIL: gcc.dg/pch/decl-5.c -O0 (test for excess errors)
FAIL: gcc.dg/pch/decl-5.c -O1 (test for excess errors)
FAIL: gcc.dg/pch/decl-5.c -O2 (test for excess errors)
FAIL: gcc.dg/pch/decl-5.c -O3 -fomit-frame-pointer (test for excess errors)
FAIL: gcc.dg/pch/decl-5.c -O3 -g (test for excess errors)
FAIL: gcc.dg/pch/decl-5.c -Os (test for excess errors)
FAIL: gcc.dg/pch/empty.c -O0 -g (test for excess errors)
FAIL: gcc.dg/pch/empty.c -O0 (test for excess errors)
FAIL: gcc.dg/pch/empty.c -O1 (test for excess errors)
FAIL: gcc.dg/pch/empty.c -O2 (test for excess errors)
FAIL: gcc.dg/pch/empty.c -O3 -fomit-frame-pointer (test for excess errors)
FAIL: gcc.dg/pch/empty.c -O3 -g (test for excess errors)
FAIL: gcc.dg/pch/empty.c -Os (test for excess errors)
FAIL: gcc.dg/pch/except-1.c -O0 -g (test for excess errors)
FAIL: gcc.dg/pch/except-1.c -O0 (test for excess errors)
FAIL: gcc.dg/pch/except-1.c -O1 (test for excess errors)
FAIL: gcc.dg/pch/except-1.c -O2 (test for excess errors)
FAIL: gcc.dg/pch/except-1.c -O3 -fomit-frame-pointer (test for excess errors)
FAIL: gcc.dg/pch/except-1.c -O3 -g (test for excess errors)
FAIL: gcc.dg/pch/except-1.c -Os (test for excess errors)
FAIL: gcc.dg/pch/global-1.c -O0 -g (test for excess errors)
FAIL: gcc.dg/pch/global-1.c -O0 (test for excess errors)
FAIL: gcc.dg/pch/global-1.c -O1 (test for excess errors)
FAIL: gcc.dg/pch/global-1.c -O2 (test for excess errors)
FAIL: gcc.dg/pch/global-1.c -O3 -fomit-frame-pointer (test for excess errors)
FAIL: gcc.dg/pch/global-1.c -O3 -g (test for excess errors)
FAIL: gcc.dg/pch/global-1.c -Os (test for excess errors)
FAIL: gcc.dg/pch/import-1.c -O0 -g (test for excess errors)
FAIL: gcc.dg/pch/import-1.c -O0 (test for excess errors)
FAIL: gcc.dg/pch/import-1.c -O1 (test for excess errors)
FAIL: gcc.dg/pch/import-1.c -O2 (test for excess errors)
FAIL: gcc.dg/pch/import-1.c -O3 -fomit-frame-pointer (test for excess errors)
FAIL: gcc.dg/pch/import-1.c -O3 -g (test for excess errors)
FAIL: gcc.dg/pch/import-1.c -Os (test for excess errors)
FAIL: gcc.dg/pch/inline-1.c -O0 -g (test for excess errors)
FAIL: gcc.dg/pch/inline-1.c -O0 (test for excess errors)
FAIL: gcc.dg/pch/inline-1.c -O1 (test for excess errors)
FAIL: gcc.dg/pch/inline-1.c -O2 (test for excess errors)
FAIL: gcc.dg/pch/inline-1.c -O3 -fomit-frame-pointer (test for excess errors)
FAIL: gcc.dg/pch/inline-1.c -O3 -g (test for excess errors)
FAIL: gcc.dg/pch/inline-1.c -Os (test for excess errors)
FAIL: gcc.dg/pch/inline-2.c -O0 -g (test for excess errors)
FAIL: gcc.dg/pch/inline-2.c -O0 (test for excess errors)
FAIL: gcc.dg/pch/inline-2.c -O1 (test for excess errors)
FAIL: gcc.dg/pch/inline-2.c -O2 (test for excess errors)
FAIL: gcc.dg/pch/inline-2.c -O3 -fomit-frame-pointer (test for excess errors)
FAIL: gcc.dg/pch/inline-2.c -O3 -g (test for excess errors)
FAIL: gcc.dg/pch/inline-2.c -Os (test for excess errors)
FAIL: gcc.dg/pch/inline-3.c -O0 -g (test for excess errors)
FAIL: gcc.dg/pch/inline-3.c -O0 (test for excess errors)
FAIL: gcc.dg/pch/inline-3.c -O1 (test for excess errors)
FAIL: gcc.dg/pch/inline-3.c -O2 (test for excess errors)
FAIL: gcc.dg/pch/inline-3.c -O3 -fomit-frame-pointer (test for excess errors)
FAIL: gcc.dg/pch/inline-3.c -O3 -g (test for excess errors)
FAIL: gcc.dg/pch/inline-3.c -Os (test for excess errors)
FAIL: gcc.dg/pch/inline-4.c -O0 -g (test for excess errors)
FAIL: gcc.dg/pch/inline-4.c -O0 (test for excess errors)
FAIL: gcc.dg/pch/inline-4.c -O1 (test for excess errors)
FAIL: gcc.dg/pch/inline-4.c -O2 (test for excess errors)
FAIL: gcc.dg/pch/inline-4.c -O3 -fomit-frame-pointer (test for excess errors)
FAIL: gcc.dg/pch/inline-4.c -O3 -g (test for excess errors)
FAIL: gcc.dg/pch/inline-4.c -Os (test for excess errors)
FAIL: gcc.dg/pch/macro-1.c -O0 -g (test for excess errors)
FAIL: gcc.dg/pch/macro-1.c -O0 (test for excess errors)
FAIL: gcc.dg/pch/macro-1.c -O1 (test for excess errors)
FAIL: gcc.dg/pch/macro-1.c -O2 (test for excess errors)
FAIL: gcc.dg/pch/macro-1.c -O3 -fomit-frame-pointer (test for excess errors)
FAIL: gcc.dg/pch/macro-1.c -O3 -g (test for excess errors)
FAIL: gcc.dg/pch/macro-1.c -Os (test for excess errors)
FAIL: gcc.dg/pch/macro-2.c -O0 -g (test for excess errors)
FAIL: gcc.dg/pch/macro-2.c -O0 (test for excess errors)
FAIL: gcc.dg/pch/macro-2.c -O1 (test for excess errors)
FAIL: gcc.dg/pch/macro-2.c -O2 (test for excess errors)
FAIL: gcc.dg/pch/macro-2.c -O3 -fomit-frame-pointer (test for excess errors)
FAIL: gcc.dg/pch/macro-2.c -O3 -g (test for excess errors)
FAIL: gcc.dg/pch/macro-2.c -Os (test for excess errors)
FAIL: gcc.dg/pch/macro-3.c -O0 -g (test for excess errors)
FAIL: gcc.dg/pch/macro-3.c -O0 (test for excess errors)
FAIL: gcc.dg/pch/macro-3.c -O1 (test for excess errors)
FAIL: gcc.dg/pch/macro-3.c -O2 (test for excess errors)
FAIL: gcc.dg/pch/macro-3.c -O3 -fomit-frame-pointer (test for excess errors)
FAIL: gcc.dg/pch/macro-3.c -O3 -g (test for excess errors)
FAIL: gcc.dg/pch/macro-3.c -Os (test for excess errors)
FAIL: gcc.dg/pch/static-1.c -O0 -g (test for excess errors)
FAIL: gcc.dg/pch/static-1.c -O0 (test for excess errors)
FAIL: gcc.dg/pch/static-1.c -O1 (test for excess errors)
FAIL: gcc.dg/pch/static-1.c -O2 (test for excess errors)
FAIL: gcc.dg/pch/static-1.c -O3 -fomit-frame-pointer (test for excess errors)
FAIL: gcc.dg/pch/static-1.c -O3 -g (test for excess errors)
FAIL: gcc.dg/pch/static-1.c -Os (test for excess errors)
FAIL: gcc.dg/pch/static-2.c -O0 -g (test for excess errors)
FAIL: gcc.dg/pch/static-2.c -O0 (test for excess errors)
FAIL: gcc.dg/pch/static-2.c -O1 (test for excess errors)
FAIL: gcc.dg/pch/static-2.c -O2 (test for excess errors)
FAIL: gcc.dg/pch/static-2.c -O3 -fomit-frame-pointer (test for excess errors)
FAIL: gcc.dg/pch/static-2.c -O3 -g (test for excess errors)
FAIL: gcc.dg/pch/static-2.c -Os (test for excess errors)
FAIL: gcc.dg/pch/static-3.c -O0 (test for excess errors)
FAIL: gcc.dg/pch/static-3.c -O1 (test for excess errors)
FAIL: gcc.dg/pch/static-3.c -O2 (test for excess errors)
FAIL: gcc.dg/pch/static-3.c -O3 -fomit-frame-pointer (test for excess errors)
FAIL: gcc.dg/pch/static-3.c -O3 -g (test for excess errors)
FAIL: gcc.dg/pch/static-3.c -Os (test for excess errors)
FAIL: gcc.dg/pch/valid-1b.c -O0 -g (test for excess errors)
FAIL: gcc.dg/pch/valid-1b.c -O0 (test for excess errors)
FAIL: gcc.dg/pch/valid-1b.c -O1 (test for excess errors)
FAIL: gcc.dg/pch/valid-1b.c -O2 (test for excess errors)
FAIL: gcc.dg/pch/valid-1b.c -O3 -fomit-frame-pointer (test for excess errors)
FAIL: gcc.dg/pch/valid-1b.c -O3 -g (test for excess errors)
FAIL: gcc.dg/pch/valid-1b.c -Os (test for excess errors)
FAIL: gcc.dg/pch/valid-4.c -O0 -g (test for errors, line 5)
FAIL: gcc.dg/pch/valid-4.c -O0 -g (test for excess errors)
FAIL: gcc.dg/pch/valid-4.c -O0 (test for errors, line 5)
FAIL: gcc.dg/pch/valid-4.c -O0 (test for excess errors)
FAIL: gcc.dg/pch/valid-4.c -O1 (test for errors, line 5)
FAIL: gcc.dg/pch/valid-4.c -O1 (test for excess errors)
FAIL: gcc.dg/pch/valid-4.c -O2 (test for errors, line 5)
FAIL: gcc.dg/pch/valid-4.c -O2 (test for excess errors)
FAIL: gcc.dg/pch/valid-4.c -O3 -fomit-frame-pointer (test for errors, line 5)
FAIL: gcc.dg/pch/valid-4.c -O3 -fomit-frame-pointer (test for excess errors)
FAIL: gcc.dg/pch/valid-4.c -O3 -g (test for errors, line 5)
FAIL: gcc.dg/pch/valid-4.c -O3 -g (test for excess errors)
FAIL: gcc.dg/pch/valid-4.c -Os (test for errors, line 5)
FAIL: gcc.dg/pch/valid-4.c -Os (test for excess errors)
FAIL: gcc.dg/pch/valid-5.c -O0 -g (test for excess errors)
FAIL: gcc.dg/pch/valid-5.c -O0 (test for excess errors)
FAIL: gcc.dg/pch/valid-5.c -O1 (test for excess errors)
FAIL: gcc.dg/pch/valid-5.c -O2 (test for excess errors)
FAIL: gcc.dg/pch/valid-5.c -O3 -fomit-frame-pointer (test for excess errors)
FAIL: gcc.dg/pch/valid-5.c -O3 -g (test for excess errors)
FAIL: gcc.dg/pch/valid-5.c -Os (test for excess errors)
FAIL: gcc.dg/pch/valid-6.c -O0 -g (test for excess errors)
FAIL: gcc.dg/pch/valid-6.c -O0 -g assembly comparison
FAIL: gcc.dg/pch/valid-6.c -O0 (test for excess errors)
FAIL: gcc.dg/pch/valid-6.c -O0 assembly comparison
FAIL: gcc.dg/pch/valid-6.c -O1 (test for excess errors)
FAIL: gcc.dg/pch/valid-6.c -O1 assembly comparison
FAIL: gcc.dg/pch/valid-6.c -O2 (test for excess errors)
FAIL: gcc.dg/pch/valid-6.c -O2 assembly comparison
FAIL: gcc.dg/pch/valid-6.c -O3 -fomit-frame-pointer (test for excess errors)
FAIL: gcc.dg/pch/valid-6.c -O3 -fomit-frame-pointer assembly comparison
FAIL: gcc.dg/pch/valid-6.c -O3 -g (test for excess errors)
FAIL: gcc.dg/pch/valid-6.c -O3 -g assembly comparison
FAIL: gcc.dg/pch/valid-6.c -Os (test for excess errors)
FAIL: gcc.dg/pch/valid-6.c -Os assembly comparison
FAIL: largefile.c -O0 -g (test for excess errors)
FAIL: largefile.c -O0 (test for excess errors)
FAIL: largefile.c -O1 (test for excess errors)
FAIL: largefile.c -O2 (test for excess errors)
FAIL: largefile.c -O3 -fomit-frame-pointer (test for excess errors)
FAIL: largefile.c -O3 -g (test for excess errors)
FAIL: largefile.c -Os (test for excess errors)
FAIL: gcc.dg/torture/builtin-convert-1.c -O1 (test for excess errors)
FAIL: gcc.dg/torture/builtin-convert-1.c -O2 (test for excess errors)
FAIL: gcc.dg/torture/builtin-convert-1.c -O3 -fomit-frame-pointer (test for excess errors)
FAIL: gcc.dg/torture/builtin-convert-1.c -O3 -g (test for excess errors)
FAIL: gcc.dg/torture/builtin-convert-1.c -Os (test for excess errors)
FAIL: gcc.dg/torture/builtin-power-1.c -O0 (test for excess errors)
FAIL: gcc.dg/torture/builtin-power-1.c -O1 (test for excess errors)
FAIL: gcc.dg/torture/builtin-power-1.c -O2 (test for excess errors)
FAIL: gcc.dg/torture/builtin-power-1.c -O3 -fomit-frame-pointer (test for excess errors)
FAIL: gcc.dg/torture/builtin-power-1.c -O3 -g (test for excess errors)
FAIL: gcc.dg/torture/builtin-power-1.c -Os (test for excess errors)
=== gcc Summary ===
# of expected passes 24490
# of unexpected failures 223
# of expected failures 59
# of untested testcases 209
# of unsupported tests 311
/usr/local/cvs/gcc.ssh/sparc-linux-20040422/gcc/xgcc version 3.5.0 20040422 (experimental)
=== g++ tests ===
Running target unix
FAIL: g++.dg/pch/empty.C -g (test for excess errors)
FAIL: g++.dg/pch/empty.C -O2 -g (test for excess errors)
FAIL: g++.dg/pch/empty.C -O2 (test for excess errors)
FAIL: g++.dg/pch/externc-1.C -g (test for excess errors)
FAIL: g++.dg/pch/externc-1.C -O2 -g (test for excess errors)
FAIL: g++.dg/pch/externc-1.C -O2 (test for excess errors)
FAIL: g++.dg/pch/static-1.C -g (test for excess errors)
FAIL: g++.dg/pch/static-1.C -O2 -g (test for excess errors)
FAIL: g++.dg/pch/static-1.C -O2 (test for excess errors)
FAIL: g++.dg/pch/system-1.C -g (test for excess errors)
FAIL: g++.dg/pch/system-1.C -O2 -g (test for excess errors)
FAIL: g++.dg/pch/system-2.C -g (test for excess errors)
FAIL: g++.dg/pch/system-2.C -O2 -g (test for excess errors)
FAIL: g++.dg/pch/uninst.C -g (test for excess errors)
FAIL: g++.dg/pch/uninst.C -O2 -g (test for excess errors)
FAIL: g++.dg/pch/uninst.C -O2 (test for excess errors)
WARNING: g++.old-deja/g++.mike/p10769a.C compilation failed to produce executable
WARNING: g++.old-deja/g++.other/enum5.C compilation failed to produce executable
WARNING: g++.old-deja/g++.pt/friend44.C compilation failed to produce executable
=== g++ Summary ===
# of expected passes 9616
# of unexpected failures 16
# of expected failures 84
# of untested testcases 16
# of unsupported tests 76
/usr/local/cvs/gcc.ssh/sparc-linux-20040422/gcc/testsuite/../g++ version 3.5.0 20040422 (experimental)
=== libffi tests ===
Running target unix
=== libffi Summary ===
# of expected passes 212
# of unsupported tests 2
=== libjava tests ===
Running target unix
=== libjava Summary ===
# of expected passes 3326
# of expected failures 14
# of untested testcases 16
=== libstdc++-v3 check-abi Summary ===
# of added symbols: 293
# of missing symbols: 421
# of incompatible symbols: 452
=== libstdc++ tests ===
Running target unix
FAIL: ext/enc_filebuf/char/13189.cc (test for excess errors)
WARNING: ext/enc_filebuf/char/13189.cc compilation failed to produce executable
FAIL: ext/enc_filebuf/wchar_t/13189.cc (test for excess errors)
WARNING: ext/enc_filebuf/wchar_t/13189.cc compilation failed to produce executable
=== libstdc++ Summary ===
# of expected passes 2655
# of unexpected failures 2
# of expected failures 6
Compiler version: 3.5.0 20040422 (experimental)
Platform: sparc-unknown-linux-gnu
configure flags: --prefix=/home/jim/var/sparc-linux --enable-threads=posix --disable-multilib --enable-languages=c,c++,java