This is the mail archive of the gcc-testresults@gcc.gnu.org mailing list for the GCC project.


Index Nav: [Date Index] [Subject Index] [Author Index] [Thread Index]
Message Nav: [Date Prev] [Date Next] [Thread Prev] [Thread Next]
Other format: [Raw text]

Results for 3.4.0 testsuite on sparc-sun-solaris2.9


LAST_UPDATED: Obtained from CVS: -rgcc_3_4_0_release 

Native configuration is sparc-sun-solaris2.9

		=== g77 tests ===


Running target unix/-m64

		=== g77 Summary for unix/-m64 ===

# of expected passes		1800
# of unsupported tests		6

Running target unix/-fPIC

		=== g77 Summary for unix/-fPIC ===

# of expected passes		1800
# of unsupported tests		6

Running target unix/-fpic

		=== g77 Summary for unix/-fpic ===

# of expected passes		1800
# of unsupported tests		6

Running target unix

		=== g77 Summary for unix ===

# of expected passes		1800
# of unsupported tests		6

		=== g77 Summary ===

# of expected passes		7200
# of unsupported tests		24
/teal/tmpdisk/ghazi/gcc-testing-sol9/34/build/gcc/testsuite/../g77 version 3.4.0

		=== gcc tests ===


Running target unix/-m64
UNRESOLVED: gcc.c-torture/execute/simd-4.c execution,  -O0 
UNRESOLVED: gcc.c-torture/execute/va-arg-25.c execution,  -O0 
UNRESOLVED: gcc.c-torture/execute/va-arg-25.c execution,  -O1 
UNRESOLVED: gcc.c-torture/execute/va-arg-25.c execution,  -O2 
UNRESOLVED: gcc.c-torture/execute/va-arg-25.c execution,  -O3 -fomit-frame-pointer 
UNRESOLVED: gcc.c-torture/execute/va-arg-25.c execution,  -O3 -g 
UNRESOLVED: gcc.c-torture/execute/va-arg-25.c execution,  -Os 
UNRESOLVED: gcc.dg/compat/vector-1 c_compat_x_tst.o-c_compat_y_tst.o link 
UNRESOLVED: gcc.dg/compat/vector-1 c_compat_x_tst.o-c_compat_y_tst.o execute 
UNRESOLVED: gcc.dg/compat/vector-2 c_compat_x_tst.o-c_compat_y_tst.o link 
UNRESOLVED: gcc.dg/compat/vector-2 c_compat_x_tst.o-c_compat_y_tst.o execute 
XPASS: gcc.dg/uninit-4.c uninitialized variable warning (test for bogus messages, line 26)
UNRESOLVED: gcc.dg/visibility-1.c
UNRESOLVED: gcc.dg/visibility-2.c
UNRESOLVED: gcc.dg/visibility-3.c
UNRESOLVED: gcc.dg/visibility-4.c
UNRESOLVED: gcc.dg/visibility-5.c
UNRESOLVED: gcc.dg/visibility-6.c
UNRESOLVED: gcc.dg/visibility-7.c
UNRESOLVED: gcc.dg/visibility-8.c

		=== gcc Summary for unix/-m64 ===

# of expected passes		24154
# of unexpected successes	1
# of expected failures		84
# of unresolved testcases	19
# of untested testcases		7
# of unsupported tests		312

Running target unix/-fPIC
UNRESOLVED: gcc.c-torture/execute/20020720-1.c execution,  -O1 
UNRESOLVED: gcc.c-torture/execute/20020720-1.c execution,  -O2 
UNRESOLVED: gcc.c-torture/execute/20020720-1.c execution,  -O3 -fomit-frame-pointer 
UNRESOLVED: gcc.c-torture/execute/20020720-1.c execution,  -O3 -g 
UNRESOLVED: gcc.c-torture/execute/20020720-1.c execution,  -Os 
UNRESOLVED: gcc.c-torture/execute/simd-4.c execution,  -O0 
UNRESOLVED: gcc.dg/compat/vector-1 c_compat_x_tst.o-c_compat_y_tst.o link 
UNRESOLVED: gcc.dg/compat/vector-1 c_compat_x_tst.o-c_compat_y_tst.o execute 
UNRESOLVED: gcc.dg/compat/vector-2 c_compat_x_tst.o-c_compat_y_tst.o link 
UNRESOLVED: gcc.dg/compat/vector-2 c_compat_x_tst.o-c_compat_y_tst.o execute 
FAIL: gcc.dg/20020312-2.c (test for excess errors)
WARNING: gcc.dg/20020312-2.c compilation failed to produce executable
XPASS: gcc.dg/uninit-4.c uninitialized variable warning (test for bogus messages, line 26)
UNRESOLVED: gcc.dg/visibility-1.c
UNRESOLVED: gcc.dg/visibility-2.c
UNRESOLVED: gcc.dg/visibility-3.c
UNRESOLVED: gcc.dg/visibility-4.c
UNRESOLVED: gcc.dg/visibility-5.c
UNRESOLVED: gcc.dg/visibility-6.c
UNRESOLVED: gcc.dg/visibility-7.c
UNRESOLVED: gcc.dg/visibility-8.c

		=== gcc Summary for unix/-fPIC ===

# of expected passes		24162
# of unexpected failures	1
# of unexpected successes	1
# of expected failures		77
# of unresolved testcases	18
# of untested testcases		7
# of unsupported tests		312

Running target unix/-fpic
UNRESOLVED: gcc.c-torture/execute/20020720-1.c execution,  -O1 
UNRESOLVED: gcc.c-torture/execute/20020720-1.c execution,  -O2 
UNRESOLVED: gcc.c-torture/execute/20020720-1.c execution,  -O3 -fomit-frame-pointer 
UNRESOLVED: gcc.c-torture/execute/20020720-1.c execution,  -O3 -g 
UNRESOLVED: gcc.c-torture/execute/20020720-1.c execution,  -Os 
UNRESOLVED: gcc.c-torture/execute/simd-4.c execution,  -O0 
UNRESOLVED: gcc.dg/compat/vector-1 c_compat_x_tst.o-c_compat_y_tst.o link 
UNRESOLVED: gcc.dg/compat/vector-1 c_compat_x_tst.o-c_compat_y_tst.o execute 
UNRESOLVED: gcc.dg/compat/vector-2 c_compat_x_tst.o-c_compat_y_tst.o link 
UNRESOLVED: gcc.dg/compat/vector-2 c_compat_x_tst.o-c_compat_y_tst.o execute 
FAIL: gcc.dg/20020312-2.c (test for excess errors)
WARNING: gcc.dg/20020312-2.c compilation failed to produce executable
XPASS: gcc.dg/uninit-4.c uninitialized variable warning (test for bogus messages, line 26)
UNRESOLVED: gcc.dg/visibility-1.c
UNRESOLVED: gcc.dg/visibility-2.c
UNRESOLVED: gcc.dg/visibility-3.c
UNRESOLVED: gcc.dg/visibility-4.c
UNRESOLVED: gcc.dg/visibility-5.c
UNRESOLVED: gcc.dg/visibility-6.c
UNRESOLVED: gcc.dg/visibility-7.c
UNRESOLVED: gcc.dg/visibility-8.c

		=== gcc Summary for unix/-fpic ===

# of expected passes		24162
# of unexpected failures	1
# of unexpected successes	1
# of expected failures		77
# of unresolved testcases	18
# of untested testcases		7
# of unsupported tests		312

Running target unix
UNRESOLVED: gcc.c-torture/execute/simd-4.c execution,  -O0 
UNRESOLVED: gcc.dg/compat/vector-1 c_compat_x_tst.o-c_compat_y_tst.o link 
UNRESOLVED: gcc.dg/compat/vector-1 c_compat_x_tst.o-c_compat_y_tst.o execute 
UNRESOLVED: gcc.dg/compat/vector-2 c_compat_x_tst.o-c_compat_y_tst.o link 
UNRESOLVED: gcc.dg/compat/vector-2 c_compat_x_tst.o-c_compat_y_tst.o execute 
XPASS: gcc.dg/uninit-4.c uninitialized variable warning (test for bogus messages, line 26)
UNRESOLVED: gcc.dg/visibility-1.c
UNRESOLVED: gcc.dg/visibility-2.c
UNRESOLVED: gcc.dg/visibility-3.c
UNRESOLVED: gcc.dg/visibility-4.c
UNRESOLVED: gcc.dg/visibility-5.c
UNRESOLVED: gcc.dg/visibility-6.c
UNRESOLVED: gcc.dg/visibility-7.c
UNRESOLVED: gcc.dg/visibility-8.c

		=== gcc Summary for unix ===

# of expected passes		24174
# of unexpected successes	1
# of expected failures		72
# of unresolved testcases	13
# of untested testcases		7
# of unsupported tests		312

		=== gcc Summary ===

# of expected passes		96652
# of unexpected failures	2
# of unexpected successes	4
# of expected failures		310
# of unresolved testcases	68
# of untested testcases		28
# of unsupported tests		1248
/teal/tmpdisk/ghazi/gcc-testing-sol9/34/build/gcc/xgcc version 3.4.0

		=== g++ tests ===


Running target unix/-m64
WARNING: g++.dg/eh/simd-1.C compilation failed to produce executable
WARNING: g++.dg/eh/simd-2.C compilation failed to produce executable
WARNING: g++.old-deja/g++.mike/p10769a.C compilation failed to produce executable
WARNING: g++.old-deja/g++.other/enum5.C compilation failed to produce executable
WARNING: g++.old-deja/g++.pt/friend44.C compilation failed to produce executable

		=== g++ Summary for unix/-m64 ===

# of expected passes		9481
# of expected failures		69
# of unsupported tests		67

Running target unix/-fPIC
WARNING: g++.dg/eh/simd-1.C compilation failed to produce executable
WARNING: g++.dg/eh/simd-2.C compilation failed to produce executable
WARNING: g++.old-deja/g++.mike/p10769a.C compilation failed to produce executable
WARNING: g++.old-deja/g++.other/enum5.C compilation failed to produce executable
WARNING: g++.old-deja/g++.pt/friend44.C compilation failed to produce executable

		=== g++ Summary for unix/-fPIC ===

# of expected passes		9481
# of expected failures		69
# of unsupported tests		67

Running target unix/-fpic
WARNING: g++.dg/eh/simd-1.C compilation failed to produce executable
WARNING: g++.dg/eh/simd-2.C compilation failed to produce executable
WARNING: g++.old-deja/g++.mike/p10769a.C compilation failed to produce executable
WARNING: g++.old-deja/g++.other/enum5.C compilation failed to produce executable
WARNING: g++.old-deja/g++.pt/friend44.C compilation failed to produce executable

		=== g++ Summary for unix/-fpic ===

# of expected passes		9481
# of expected failures		69
# of unsupported tests		67

Running target unix
WARNING: g++.dg/eh/simd-1.C compilation failed to produce executable
WARNING: g++.dg/eh/simd-2.C compilation failed to produce executable
WARNING: g++.old-deja/g++.mike/p10769a.C compilation failed to produce executable
WARNING: g++.old-deja/g++.other/enum5.C compilation failed to produce executable
WARNING: g++.old-deja/g++.pt/friend44.C compilation failed to produce executable

		=== g++ Summary for unix ===

# of expected passes		9481
# of expected failures		69
# of unsupported tests		67

		=== g++ Summary ===

# of expected passes		37924
# of expected failures		276
# of unsupported tests		268
/teal/tmpdisk/ghazi/gcc-testing-sol9/34/build/gcc/testsuite/../g++ version 3.4.0

		=== objc tests ===


Running target unix/-m64

		=== objc Summary for unix/-m64 ===

# of expected passes		1341
# of unsupported tests		8

Running target unix/-fPIC

		=== objc Summary for unix/-fPIC ===

# of expected passes		1341
# of unsupported tests		8

Running target unix/-fpic

		=== objc Summary for unix/-fpic ===

# of expected passes		1341
# of unsupported tests		8

Running target unix

		=== objc Summary for unix ===

# of expected passes		1341
# of unsupported tests		8

		=== objc Summary ===

# of expected passes		5364
# of unsupported tests		32
/teal/tmpdisk/ghazi/gcc-testing-sol9/34/build/gcc/xgcc version 3.4.0

		=== libffi tests ===


Running target unix/-m64

		=== libffi Summary for unix/-m64 ===

# of expected passes		212
# of unsupported tests		2

Running target unix/-fPIC

		=== libffi Summary for unix/-fPIC ===

# of expected passes		212
# of unsupported tests		2

Running target unix/-fpic

		=== libffi Summary for unix/-fpic ===

# of expected passes		212
# of unsupported tests		2

Running target unix

		=== libffi Summary for unix ===

# of expected passes		212
# of unsupported tests		2

		=== libffi Summary ===

# of expected passes		848
# of unsupported tests		8
		=== libjava tests ===


Running target unix/-m64
FAIL: linking simple
FAIL: Array_3 execution - gij test
FAIL: Array_3 execution - gij test
FAIL: FileHandleGcTest execution - source compiled test
FAIL: FileHandleGcTest execution - gij test
FAIL: FileHandleGcTest execution - bytecode->native test
FAIL: FileHandleGcTest -O3 execution - source compiled test
FAIL: FileHandleGcTest execution - gij test
FAIL: FileHandleGcTest -O3 execution - bytecode->native test
WARNING: program timed out.
FAIL: Thread_Wait_2 execution - gij test

		=== libjava Summary for unix/-m64 ===

# of expected passes		3242
# of unexpected failures	10
# of expected failures		11
# of untested testcases		17

Running target unix/-fPIC
FAIL: linking simple
FAIL: Array_3 execution - gij test
FAIL: Array_3 execution - gij test
FAIL: Thread_Join execution - gij test
FAIL: Thread_Wait_2 execution - gij test
FAIL: Thread_Wait_2 execution - gij test

		=== libjava Summary for unix/-fPIC ===

# of expected passes		3250
# of unexpected failures	6
# of expected failures		11
# of untested testcases		13

Running target unix/-fpic
FAIL: linking simple
FAIL: Array_3 execution - gij test
FAIL: Array_3 execution - gij test
FAIL: Thread_Wait_2 execution - gij test

		=== libjava Summary for unix/-fpic ===

# of expected passes		3254
# of unexpected failures	4
# of expected failures		11
# of untested testcases		11

Running target unix
FAIL: linking simple
FAIL: Array_3 execution - gij test
FAIL: Array_3 execution - gij test
FAIL: SyncTest execution - gij test
FAIL: Thread_Join execution - gij test
FAIL: Thread_Join execution - gij test
FAIL: Thread_Wait_2 execution - gij test

		=== libjava Summary for unix ===

# of expected passes		3248
# of unexpected failures	7
# of expected failures		11
# of untested testcases		14

		=== libjava Summary ===

# of expected passes		12994
# of unexpected failures	27
# of expected failures		44
# of untested testcases		55
		=== libstdc++ tests ===


Running target unix/-m64

		=== libstdc++ Summary for unix/-m64 ===

# of expected passes		2647
# of expected failures		6

Running target unix/-fPIC

		=== libstdc++ Summary for unix/-fPIC ===

# of expected passes		2647
# of expected failures		6

Running target unix/-fpic

		=== libstdc++ Summary for unix/-fpic ===

# of expected passes		2647
# of expected failures		6

Running target unix

		=== libstdc++ Summary for unix ===

# of expected passes		2647
# of expected failures		6

		=== libstdc++ Summary ===

# of expected passes		10588
# of expected failures		24

Compiler version: 3.4.0 
Platform: sparc-sun-solaris2.9
configure flags: --verbose


Index Nav: [Date Index] [Subject Index] [Author Index] [Thread Index]
Message Nav: [Date Prev] [Date Next] [Thread Prev] [Thread Next]