This is the mail archive of the gcc-testresults@gcc.gnu.org mailing list for the GCC project.


Index Nav: [Date Index] [Subject Index] [Author Index] [Thread Index]
Message Nav: [Date Prev] [Date Next] [Thread Prev] [Thread Next]
Other format: [Raw text]

Results for 3.4.0 testsuite on i686-pc-linux-gnu


----
This have been run on Red Hat 8.0
Linux nos-rh.utelsystems.local 2.4.20-28.8 #1 Thu Dec 18 12:25:00 EST 2003 i686 athlon i386 GNU/Linux
glibc-2.3.2-4.80.8
binutils-2.13.90.0.2-2
----

LAST_UPDATED: Obtained from CVS: -rgcc_3_4_0_release 

Native configuration is i686-pc-linux-gnu

		=== g77 tests ===


Running target unix

		=== g77 Summary ===

# of expected passes		1812
/home/noselasd/download/gccbuild/gcc/testsuite/../g77 version 3.4.0

		=== gcc tests ===


Running target unix
FAIL: gcc.c-torture/execute/va-arg-25.c execution,  -Os 

		=== gcc Summary ===

# of expected passes		24533
# of unexpected failures	1
# of expected failures		69
# of untested testcases		7
# of unsupported tests		181
/home/noselasd/download/gccbuild/gcc/xgcc version 3.4.0

		=== g++ tests ===


Running target unix
WARNING: g++.old-deja/g++.mike/p10769a.C compilation failed to produce executable
WARNING: g++.old-deja/g++.other/enum5.C compilation failed to produce executable
XPASS: g++.old-deja/g++.other/init5.C execution test
WARNING: g++.old-deja/g++.pt/friend44.C compilation failed to produce executable

		=== g++ Summary ===

# of expected passes		9559
# of unexpected successes	1
# of expected failures		67
# of unsupported tests		31
/home/noselasd/download/gccbuild/gcc/testsuite/../g++ version 3.4.0

		=== objc tests ===


Running target unix

		=== objc Summary ===

# of expected passes		1341
# of unsupported tests		8
/home/noselasd/download/gccbuild/gcc/xgcc version 3.4.0

		=== libffi tests ===


Running target unix

		=== libffi Summary ===

# of expected passes		212
# of unsupported tests		2
		=== libjava tests ===


Running target unix
FAIL: linking simple

		=== libjava Summary ===

# of expected passes		3260
# of unexpected failures	1
# of expected failures		11
# of untested testcases		8
		=== libstdc++ tests ===


Running target unix
XPASS: 26_numerics/c99_classification_macros_c.cc (test for excess errors)

		=== libstdc++ Summary ===

# of expected passes		2647
# of unexpected successes	1
# of expected failures		5

Compiler version: 3.4.0 
Platform: i686-pc-linux-gnu
configure flags: --prefix=/opt/gcc34 --enable-shared --enable-threads=posix --disable-checking --with-system-zlib --enable-__cxa_atexit


Index Nav: [Date Index] [Subject Index] [Author Index] [Thread Index]
Message Nav: [Date Prev] [Date Next] [Thread Prev] [Thread Next]