This is the mail archive of the gcc-testresults@gcc.gnu.org mailing list for the GCC project.


Index Nav: [Date Index] [Subject Index] [Author Index] [Thread Index]
Message Nav: [Date Prev] [Date Next] [Thread Prev] [Thread Next]
Other format: [Raw text]

Results for 3.4.1 20040422 (prerelease) testsuite on i686-pc-linux-gnu


Fedora Core 1 (FC1) ia32 pentium II single i686:

binutils-2.14.90.0.6-4
bison-1.875-5
dejagnu-1.4.2-10
expect-5.39.0-93
gcc-3.3.2-1
glibc-2.3.2-101.4
glibc-kernheaders-2.4-8.36
kernel-2.4.22-1.2179.nptl
tcl-8.3.5-93

LAST_UPDATED: Thu Apr 22 06:02:39 UTC 2004

Native configuration is i686-pc-linux-gnu

		=== g77 tests ===


Running target unix

		=== g77 Summary ===

# of expected passes		1812
/usr/local/src/branch/objdir/gcc/testsuite/../g77 version 3.4.1 20040422 (prerelease)

		=== gcc tests ===


Running target unix
FAIL: gcc.c-torture/execute/va-arg-25.c execution,  -Os 
FAIL: gcc.dg/pch/common-1.c (test for excess errors)
FAIL: gcc.dg/pch/common-1.c (test for excess errors)
FAIL: gcc.dg/pch/cpp-1.c  -O1  assembly comparison
FAIL: gcc.dg/pch/cpp-1.c  -O2  assembly comparison
FAIL: gcc.dg/pch/cpp-1.c  -Os  assembly comparison
FAIL: gcc.dg/pch/cpp-2.c (test for excess errors)
FAIL: gcc.dg/pch/cpp-2.c  -O1  assembly comparison
FAIL: gcc.dg/pch/cpp-2.c  -O3 -fomit-frame-pointer  assembly comparison
FAIL: gcc.dg/pch/cpp-2.c (test for excess errors)
FAIL: gcc.dg/pch/cpp-2.c (test for excess errors)
FAIL: gcc.dg/pch/decl-1.c (test for excess errors)
FAIL: gcc.dg/pch/decl-1.c (test for excess errors)
FAIL: gcc.dg/pch/decl-2.c (test for excess errors)
FAIL: gcc.dg/pch/decl-3.c (test for excess errors)
FAIL: gcc.dg/pch/decl-4.c (test for excess errors)
FAIL: gcc.dg/pch/decl-4.c (test for excess errors)
FAIL: gcc.dg/pch/decl-4.c (test for excess errors)
FAIL: gcc.dg/pch/decl-5.c (test for excess errors)
FAIL: gcc.dg/pch/empty.c (test for excess errors)
FAIL: gcc.dg/pch/empty.c (test for excess errors)
FAIL: gcc.dg/pch/except-1.c (test for excess errors)
FAIL: gcc.dg/pch/except-1.c (test for excess errors)
FAIL: gcc.dg/pch/global-1.c -O0 -g assembly comparison
FAIL: gcc.dg/pch/global-1.c (test for excess errors)
FAIL: gcc.dg/pch/global-1.c (test for excess errors)
FAIL: gcc.dg/pch/global-1.c (test for excess errors)
FAIL: gcc.dg/pch/inline-1.c (test for excess errors)
FAIL: gcc.dg/pch/inline-1.c (test for excess errors)
FAIL: gcc.dg/pch/inline-2.c (test for excess errors)
FAIL: gcc.dg/pch/inline-3.c (test for excess errors)
FAIL: gcc.dg/pch/inline-3.c (test for excess errors)
FAIL: gcc.dg/pch/inline-4.c (test for excess errors)
FAIL: gcc.dg/pch/inline-4.c (test for excess errors)
FAIL: gcc.dg/pch/inline-4.c (test for excess errors)
FAIL: gcc.dg/pch/macro-1.c (test for excess errors)
FAIL: gcc.dg/pch/macro-1.c (test for excess errors)
FAIL: gcc.dg/pch/macro-1.c (test for excess errors)
FAIL: gcc.dg/pch/macro-1.c  -Os  assembly comparison
FAIL: gcc.dg/pch/macro-2.c (test for excess errors)
FAIL: gcc.dg/pch/macro-3.c (test for excess errors)
FAIL: gcc.dg/pch/macro-3.c (test for excess errors)
FAIL: gcc.dg/pch/macro-3.c  -Os  assembly comparison
FAIL: gcc.dg/pch/static-1.c (test for excess errors)
FAIL: gcc.dg/pch/static-1.c  -Os  assembly comparison
FAIL: gcc.dg/pch/static-2.c (test for excess errors)
FAIL: gcc.dg/pch/static-2.c (test for excess errors)
FAIL: gcc.dg/pch/static-2.c  -O2  assembly comparison
FAIL: gcc.dg/pch/static-2.c (test for excess errors)
FAIL: gcc.dg/pch/static-2.c  -Os  assembly comparison
FAIL: gcc.dg/pch/static-3.c (test for excess errors)
FAIL: gcc.dg/pch/static-3.c (test for excess errors)

		=== gcc Summary ===

# of expected passes		24447
# of unexpected failures	52
# of expected failures		70
# of untested testcases		46
# of unsupported tests		182
/usr/local/src/branch/objdir/gcc/xgcc version 3.4.1 20040422 (prerelease)

		=== g++ tests ===


Running target unix
FAIL: g++.dg/pch/static-1.C (test for excess errors)
WARNING: g++.old-deja/g++.mike/p10769a.C compilation failed to produce executable
WARNING: g++.old-deja/g++.other/enum5.C compilation failed to produce executable
XPASS: g++.old-deja/g++.other/init5.C execution test
WARNING: g++.old-deja/g++.pt/friend44.C compilation failed to produce executable

		=== g++ Summary ===

# of expected passes		9578
# of unexpected failures	1
# of unexpected successes	1
# of expected failures		67
# of untested testcases		1
# of unsupported tests		31
/usr/local/src/branch/objdir/gcc/testsuite/../g++ version 3.4.1 20040422 (prerelease)

		=== objc tests ===


Running target unix

		=== objc Summary ===

# of expected passes		1341
# of unsupported tests		8
/usr/local/src/branch/objdir/gcc/xgcc version 3.4.1 20040422 (prerelease)

		=== libffi tests ===


Running target unix

		=== libffi Summary ===

# of expected passes		212
# of unsupported tests		2
		=== libjava tests ===


Running target unix
FAIL: linking simple

		=== libjava Summary ===

# of expected passes		3260
# of unexpected failures	1
# of expected failures		11
# of untested testcases		8

		=== libstdc++-v3 check-abi Summary ===

# of added symbols:		 294
# of missing symbols:		 289
# of incompatible symbols:	 320
		=== libstdc++ tests ===


Running target unix
XPASS: 26_numerics/c99_classification_macros_c.cc (test for excess errors)

		=== libstdc++ Summary ===

# of expected passes		2649
# of unexpected successes	1
# of expected failures		5

Compiler version: 3.4.1 20040422 (prerelease) 
Platform: i686-pc-linux-gnu
configure flags: pentium2-linux --prefix=/usr/local/gcc-binutils --enable-__cxa_atexit --enable-shared --enable-threads=posix --with-system-zlib --enable-clocale=gnu
Counting all warnings,
there are 85 warnings in stage0 of this bootstrap.

Number of warnings per file:
     20	libiberty/regex.c
     10	libiberty/concat.c
      6	fastjar/jartool.c
      5	include/xregex2.h
      4	libjava/java/lang/strtod.c
      4	libjava/java/lang/dtoa.c
      4	libiberty/floatformat.c
      4	include/fibheap.h
      3	libf2c/libI77/rsne.c
      3	include/java-signal.h
      3	<command line>
      2	libtool
      2	libjava/java/lang/natClassLoader.cc
      2	include/gc_config_macros.h
      1	libobjc/sendmsg.c
      1	libobjc/encoding.c
      1	libjava/verify.cc
      1	libjava/jni.cc
      1	libjava/java/lang/e_exp.c
      1	libjava/gnu/gcj/io/shs.cc
      1	libjava/boehm.cc
      1	libf2c/libI77/open.c
      1	libf2c/libI77/inquire.c
      1	java/net/natNetworkInterface.cc
      1	include/private/../gc_config_macros.h
      1	gcc/coretypes.h
      1	gcc/boehm-gc/mark_rts.c

Number of warning types:
     16	signed and unsigned type in conditional expression
     10	traditional C rejects ISO C style function definitions
      5	ISO C90 does not support \`static' or type qualifiers in parameter array declarators
      4	use of C99 hexadecimal floating constant
      4	this is the location of the previous definition
      4	pointer targets in passing arg ??? of \`???' differ in signedness
      4	comparison between signed and unsigned integer expressions
      4	bit-field \`???' type invalid in ISO C
      3	'void restore()' declared \`static' but never defined
      3	\`GC_LINUX_THREADS' redefined
      2	unused parameter 'preg'
      2	unused parameter \`???'
      2	string length \`???' is greater than the length \`???' ISO C89 compilers are required to support
      1	'x' might be used uninitialized in this function
      1	'x0' might be used uninitialized in this function
      1	'void byteReverse()' declared \`static' but never defined
      1	unused parameter 'fmt'
      1	unused parameter 'args_size'
      1	to ensure that POSIX-compatible ar will work
      1	'target_flags' defined but not used
      1	'spec_case' might be used uninitialized in this function
      1	\`rtx' redefined
      1	object name conflicts; overriding AR_FLAGS to 'cq'
      1	'mlo' might be used uninitialized in this function
      1	'k' might be used uninitialized in this function
      1	'ilim' might be used uninitialized in this function
      1	'ilim1' might be used uninitialized in this function
      1	function returns address of local variable
      1	'dn' might be used uninitialized in this function
      1	'dn0' might be used uninitialized in this function
      1	'delta' might be used uninitialized in this function
      1	comparison between signed and unsigned
      1	'bs' might be used uninitialized in this function
      1	'bd' might be used uninitialized in this function
      1	'bb' might be used uninitialized in this function
Counting all warnings,
there are 13 warnings in stage3 of this bootstrap.

Number of warnings per file:
      3	insn-conditions.c
      3	gengtype-lex.c
      3	gcc/gcc.c
      2	gcc/objc/lang-specs.h
      1	gcc/java/jvspec.c
      1	gcc/config/i386/i386.md

Number of warning types:
      9	string length \`???' is greater than the length \`???' ISO C89 compilers are required to support
      3	old-style parameter declaration
      1	operand 1 missing mode?


Index Nav: [Date Index] [Subject Index] [Author Index] [Thread Index]
Message Nav: [Date Prev] [Date Next] [Thread Prev] [Thread Next]