This is the mail archive of the gcc-testresults@gcc.gnu.org mailing list for the GCC project.


Index Nav: [Date Index] [Subject Index] [Author Index] [Thread Index]
Message Nav: [Date Prev] [Date Next] [Thread Prev] [Thread Next]
Other format: [Raw text]

Results for 3.5-tree-ssa 20040422 (merged 20040414) testsuite on i686-pc-linux-gnu


This is a Red Hat 7.2 system, running on a dual 2.2 GHz Intel Xeon system.
kernel: 2.4.7-10 (from Red Hat)
glibc: 2.2.4-31 (from Red Hat)
binutils: 2.14 (FSF)
Only C, C++, ObjC, and Fortran (f95) are tested (no Java).
LAST_UPDATED: Thu Apr 22 07:40:03 UTC 2004

Native configuration is i686-pc-linux-gnu

		=== g++ tests ===


Running target unix
XPASS: g++.dg/eh/elide1.C execution test
FAIL: 258: expected branch percentages not found: 25
FAIL: g++.dg/gcov/gcov-1.C gcov: 0 failures in line counts, 1 in branch percentages, 0 in return percentages
FAIL: 23:is 2:should be 1
FAIL: g++.dg/gcov/gcov-2.C gcov: 1 failures in line counts, 0 in branch percentages, 0 in return percentages
FAIL: g++.old-deja/g++.brendan/crash13.C  (test for errors, line 34)
FAIL: g++.old-deja/g++.law/friend5.C  (test for errors, line 19)
FAIL: g++.old-deja/g++.law/friend5.C  (test for errors, line 24)
WARNING: g++.old-deja/g++.mike/p10769a.C compilation failed to produce executable
WARNING: g++.old-deja/g++.other/enum5.C compilation failed to produce executable
WARNING: g++.old-deja/g++.pt/friend44.C compilation failed to produce executable

		=== g++ Summary ===

# of expected passes		9727
# of unexpected failures	7
# of unexpected successes	1
# of expected failures		93
# of unsupported tests		37
/var/tmp/gccbuild/tree-ssa/gcc/testsuite/../g++ version 3.5-tree-ssa 20040422 (merged 20040414)

		=== gcc tests ===


Running target unix
FAIL: gcc.c-torture/compile/20010605-1.c (test for excess errors)
FAIL: gcc.c-torture/compile/20010605-1.c (test for excess errors)
FAIL: gcc.c-torture/execute/20040313-1.c execution,  -O0 
FAIL: gcc.c-torture/execute/20040313-1.c execution,  -O1 
FAIL: gcc.c-torture/execute/20040313-1.c execution,  -O2 
FAIL: gcc.c-torture/execute/20040313-1.c execution,  -O3 -fomit-frame-pointer 
FAIL: gcc.c-torture/execute/20040313-1.c execution,  -O3 -g 
FAIL: gcc.c-torture/execute/20040313-1.c execution,  -Os 
FAIL: gcc.c-torture/execute/921017-1.c compilation,  -O0 
UNRESOLVED: gcc.c-torture/execute/921017-1.c execution,  -O0 
FAIL: gcc.c-torture/execute/921017-1.c compilation,  -O1 
UNRESOLVED: gcc.c-torture/execute/921017-1.c execution,  -O1 
FAIL: gcc.c-torture/execute/921017-1.c compilation,  -O2 
UNRESOLVED: gcc.c-torture/execute/921017-1.c execution,  -O2 
FAIL: gcc.c-torture/execute/921017-1.c compilation,  -O3 -fomit-frame-pointer 
UNRESOLVED: gcc.c-torture/execute/921017-1.c execution,  -O3 -fomit-frame-pointer 
FAIL: gcc.c-torture/execute/921017-1.c compilation,  -O3 -g 
UNRESOLVED: gcc.c-torture/execute/921017-1.c execution,  -O3 -g 
FAIL: gcc.c-torture/execute/921017-1.c compilation,  -Os 
UNRESOLVED: gcc.c-torture/execute/921017-1.c execution,  -Os 
FAIL: gcc.c-torture/execute/va-arg-25.c execution,  -Os 
FAIL: gcc.dg/builtins-10.c (test for excess errors)
FAIL: gcc.dg/builtins-26.c (test for excess errors)
FAIL: gcc.dg/builtins-7.c (test for excess errors)
FAIL: gcc.dg/c90-const-expr-3.c (test for excess errors)
FAIL: gcc.dg/c99-const-expr-3.c (test for excess errors)
XPASS: gcc.dg/i386-ssetype-1.c scan-assembler-not movdqa
XPASS: gcc.dg/i386-ssetype-3.c scan-assembler-not movdqa
XPASS: gcc.dg/setjmp-1.c spurious clobbered warning (test for bogus messages, line 16)
FAIL: gcc.dg/torture/builtin-ctype-1.c (test for excess errors)
FAIL: gcc.dg/torture/builtin-ctype-1.c (test for excess errors)
FAIL: gcc.dg/torture/builtin-ctype-1.c (test for excess errors)
FAIL: gcc.dg/torture/builtin-ctype-1.c (test for excess errors)
FAIL: gcc.dg/torture/builtin-ctype-1.c (test for excess errors)
FAIL: gcc.dg/torture/builtin-ctype-2.c (test for excess errors)
FAIL: gcc.dg/torture/builtin-ctype-2.c (test for excess errors)
FAIL: gcc.dg/torture/builtin-ctype-2.c (test for excess errors)
FAIL: gcc.dg/torture/builtin-ctype-2.c (test for excess errors)
FAIL: gcc.dg/torture/builtin-ctype-2.c (test for excess errors)
FAIL: gcc.dg/torture/builtin-explog-1.c (test for excess errors)
FAIL: gcc.dg/torture/builtin-explog-1.c (test for excess errors)
FAIL: gcc.dg/torture/builtin-explog-1.c (test for excess errors)
FAIL: gcc.dg/torture/builtin-explog-1.c (test for excess errors)
FAIL: gcc.dg/torture/builtin-explog-1.c (test for excess errors)
FAIL: gcc.dg/torture/builtin-explog-1.c (test for excess errors)
FAIL: gcc.dg/torture/builtin-nonneg-1.c (test for excess errors)
FAIL: gcc.dg/torture/builtin-nonneg-1.c (test for excess errors)
FAIL: gcc.dg/torture/builtin-nonneg-1.c (test for excess errors)
FAIL: gcc.dg/torture/builtin-nonneg-1.c (test for excess errors)
FAIL: gcc.dg/torture/builtin-nonneg-1.c (test for excess errors)
FAIL: gcc.dg/torture/builtin-nonneg-1.c (test for excess errors)
FAIL: gcc.dg/torture/builtin-power-1.c (test for excess errors)
FAIL: gcc.dg/torture/builtin-power-1.c (test for excess errors)
FAIL: gcc.dg/torture/builtin-power-1.c (test for excess errors)
FAIL: gcc.dg/torture/builtin-power-1.c (test for excess errors)
FAIL: gcc.dg/torture/builtin-power-1.c (test for excess errors)
FAIL: gcc.dg/torture/builtin-power-1.c (test for excess errors)
FAIL: gcc.dg/tree-ssa/20031015-1.c scan-tree-dump-times VUSE  1
FAIL: 209: expected branch percentages not found: 25
FAIL: gcc.misc-tests/gcov-4b.c gcov: 0 failures in line counts, 1 in branch percentages, 0 in return percentages

		=== gcc Summary ===

# of expected passes		25925
# of unexpected failures	51
# of unexpected successes	3
# of expected failures		65
# of unresolved testcases	6
# of untested testcases		28
# of unsupported tests		186
/var/tmp/gccbuild/tree-ssa/gcc/xgcc version 3.5-tree-ssa 20040422 (merged 20040414)

		=== gfortran tests ===


Running target unix
FAIL: gfortran.fortran-torture/compile/actual.f90,  -O2  
FAIL: gfortran.fortran-torture/compile/actual.f90,  -O2 -fomit-frame-pointer -finline-functions  
FAIL: gfortran.fortran-torture/compile/actual.f90,  -O2 -fomit-frame-pointer -finline-functions -funroll-loops  
FAIL: gfortran.fortran-torture/compile/actual.f90,  -O2 -fomit-frame-pointer -finline-functions -funroll-all-loops  
FAIL: gfortran.fortran-torture/compile/actual.f90,  -O2 -fno-repack-arrays  
FAIL: gfortran.fortran-torture/compile/actual.f90,  -O3 -g  
FAIL: gfortran.fortran-torture/compile/actual.f90,  -Os  
FAIL: gfortran.fortran-torture/compile/contained_2.f90,  -O0  
FAIL: gfortran.fortran-torture/compile/contained_2.f90,  -O1  
FAIL: gfortran.fortran-torture/compile/contained_2.f90,  -O2  
FAIL: gfortran.fortran-torture/compile/contained_2.f90,  -O2 -fomit-frame-pointer -finline-functions  
FAIL: gfortran.fortran-torture/compile/contained_2.f90,  -O2 -fomit-frame-pointer -finline-functions -funroll-loops  
FAIL: gfortran.fortran-torture/compile/contained_2.f90,  -O2 -fomit-frame-pointer -finline-functions -funroll-all-loops  
FAIL: gfortran.fortran-torture/compile/contained_2.f90,  -O2 -fno-repack-arrays  
FAIL: gfortran.fortran-torture/compile/contained_2.f90,  -O3 -g  
FAIL: gfortran.fortran-torture/compile/contained_2.f90,  -Os  
FAIL: gfortran.fortran-torture/execute/function_module_1.f90 execution,  -O2 
FAIL: gfortran.fortran-torture/execute/function_module_1.f90 execution,  -O2 -fomit-frame-pointer -finline-functions 
FAIL: gfortran.fortran-torture/execute/function_module_1.f90 execution,  -O2 -fomit-frame-pointer -finline-functions -funroll-loops 
FAIL: gfortran.fortran-torture/execute/function_module_1.f90 execution,  -O2 -fomit-frame-pointer -finline-functions -funroll-all-loops 
FAIL: gfortran.fortran-torture/execute/function_module_1.f90 execution,  -O2 -fno-repack-arrays 
FAIL: gfortran.fortran-torture/execute/function_module_1.f90 execution,  -O3 -g 
FAIL: gfortran.fortran-torture/execute/function_module_1.f90 execution,  -Os 
FAIL: gfortran.fortran-torture/execute/read_eof.f90 execution,  -O0 
FAIL: gfortran.fortran-torture/execute/read_eof.f90 execution,  -O1 
FAIL: gfortran.fortran-torture/execute/read_eof.f90 execution,  -O2 
FAIL: gfortran.fortran-torture/execute/read_eof.f90 execution,  -O2 -fomit-frame-pointer -finline-functions 
FAIL: gfortran.fortran-torture/execute/read_eof.f90 execution,  -O2 -fomit-frame-pointer -finline-functions -funroll-loops 
FAIL: gfortran.fortran-torture/execute/read_eof.f90 execution,  -O2 -fomit-frame-pointer -finline-functions -funroll-all-loops 
FAIL: gfortran.fortran-torture/execute/read_eof.f90 execution,  -O2 -fno-repack-arrays 
FAIL: gfortran.fortran-torture/execute/read_eof.f90 execution,  -O3 -g 
FAIL: gfortran.fortran-torture/execute/read_eof.f90 execution,  -Os 
FAIL: gfortran.fortran-torture/execute/specifics.f90 execution,  -O2 
FAIL: gfortran.fortran-torture/execute/specifics.f90 execution,  -O2 -fomit-frame-pointer -finline-functions 
FAIL: gfortran.fortran-torture/execute/specifics.f90 execution,  -O2 -fomit-frame-pointer -finline-functions -funroll-loops 
FAIL: gfortran.fortran-torture/execute/specifics.f90 execution,  -O2 -fomit-frame-pointer -finline-functions -funroll-all-loops 
FAIL: gfortran.fortran-torture/execute/specifics.f90 execution,  -O2 -fno-repack-arrays 
FAIL: gfortran.fortran-torture/execute/specifics.f90 execution,  -O3 -g 
FAIL: gfortran.fortran-torture/execute/specifics.f90 execution,  -Os 

		=== gfortran Summary ===

# of expected passes		2589
# of unexpected failures	39
/var/tmp/gccbuild/tree-ssa/gcc/testsuite/../gfortran version 3.5-tree-ssa 20040422 (merged 20040414)

		=== objc tests ===


Running target unix

		=== objc Summary ===

# of expected passes		1339
# of unsupported tests		8
/var/tmp/gccbuild/tree-ssa/gcc/xgcc version 3.5-tree-ssa 20040422 (merged 20040414)

		=== libmudflap tests ===


Running target unix

		=== libmudflap Summary ===

# of expected passes		1092

		=== libstdc++-v3 check-abi Summary ===

# of added symbols:		 295
# of missing symbols:		 288
# of incompatible symbols:	 319
		=== libstdc++ tests ===


Running target unix
FAIL: 22_locale/codecvt/encoding/wchar_t/wrapped_locale.cc execution test
FAIL: 22_locale/codecvt/in/wchar_t/9.cc execution test
FAIL: 22_locale/codecvt/max_length/wchar_t/wrapped_locale.cc execution test
FAIL: 22_locale/collate/transform/char/2.cc execution test
FAIL: 22_locale/collate/transform/char/3.cc execution test
FAIL: 22_locale/collate/transform/char/wrapped_env.cc execution test
FAIL: 22_locale/collate/transform/char/wrapped_locale.cc execution test
FAIL: 22_locale/collate/transform/wchar_t/2.cc execution test
FAIL: 22_locale/collate/transform/wchar_t/3.cc execution test
FAIL: 22_locale/collate/transform/wchar_t/wrapped_env.cc execution test
FAIL: 22_locale/collate/transform/wchar_t/wrapped_locale.cc execution test
FAIL: 22_locale/collate_byname/named_equivalence.cc execution test
FAIL: 22_locale/ctype/widen/wchar_t/2.cc execution test
FAIL: 22_locale/money_put/put/char/9780-3.cc execution test
XPASS: 26_numerics/c99_classification_macros_c.cc (test for excess errors)
FAIL: 27_io/basic_filebuf/imbue/wchar_t/12868.cc execution test
FAIL: 27_io/basic_filebuf/overflow/wchar_t/11305-1.cc execution test
FAIL: 27_io/basic_filebuf/overflow/wchar_t/11305-2.cc execution test
FAIL: 27_io/basic_filebuf/overflow/wchar_t/11305-3.cc execution test
FAIL: 27_io/basic_filebuf/overflow/wchar_t/11305-4.cc execution test
FAIL: 27_io/basic_filebuf/underflow/wchar_t/9520.cc execution test

		=== libstdc++ Summary ===

# of expected passes		2605
# of unexpected failures	20
# of unexpected successes	1
# of expected failures		5

Compiler version: 3.5-tree-ssa 20040422 (merged 20040414) 
Platform: i686-pc-linux-gnu
configure flags: --prefix=/usr/localdisk/gcc-cvs/tree-ssa --with-gnu-as --with-as=/usr/localdisk/binutils-2.14/bin/as --with-gnu-ld --with-ld=/usr/localdisk/binutils-2.14/bin/ld --enable-languages=c,c++,f95,objc


Index Nav: [Date Index] [Subject Index] [Author Index] [Thread Index]
Message Nav: [Date Prev] [Date Next] [Thread Prev] [Thread Next]