This is the mail archive of the gcc-testresults@gcc.gnu.org mailing list for the GCC project.


Index Nav: [Date Index] [Subject Index] [Author Index] [Thread Index]
Message Nav: [Date Prev] [Date Next] [Thread Prev] [Thread Next]
Other format: [Raw text]

Results for 3.4.0 testsuite on i686-pc-linux-gnu


Fedora Core Release 1
kernel: 2.4.22-1.2179.nptl (from Red Hat)
glibc: glibc-2.3.2-101.4 (from Red Hat)
binutils: 2.14.90.0.6 20030820 (from Red Hat)
Bootstrap compiler: gcc version 3.3.2 20031022 (Red Hat Linux 3.3.2-1)
Intel Pentium-4 2.66 MHz
All languages including Ada were built


LAST_UPDATED: Obtained from CVS: -rgcc_3_4_0_release 

Native configuration is i686-pc-linux-gnu

		=== g77 tests ===


Running target unix

		=== g77 Summary ===

# of expected passes		1812
/home/jbuck/src/gcc-build/gcc/testsuite/../g77 version 3.4.0

		=== gcc tests ===


Running target unix
FAIL: gcc.c-torture/execute/va-arg-25.c execution,  -Os 

		=== gcc Summary ===

# of expected passes		24576
# of unexpected failures	1
# of expected failures		70
# of untested testcases		7
# of unsupported tests		182
/home/jbuck/src/gcc-build/gcc/xgcc version 3.4.0

		=== g++ tests ===


Running target unix
WARNING: g++.old-deja/g++.mike/p10769a.C compilation failed to produce executable
WARNING: g++.old-deja/g++.other/enum5.C compilation failed to produce executable
WARNING: g++.old-deja/g++.pt/friend44.C compilation failed to produce executable

		=== g++ Summary ===

# of expected passes		9581
# of expected failures		68
# of unsupported tests		31
/home/jbuck/src/gcc-build/gcc/testsuite/../g++ version 3.4.0

		=== objc tests ===


Running target unix

		=== objc Summary ===

# of expected passes		1341
# of unsupported tests		8
/home/jbuck/src/gcc-build/gcc/xgcc version 3.4.0

		=== libffi tests ===


Running target unix

		=== libffi Summary ===

# of expected passes		212
# of unsupported tests		2
		=== libjava tests ===


Running target unix
FAIL: linking simple

		=== libjava Summary ===

# of expected passes		3260
# of unexpected failures	1
# of expected failures		11
# of untested testcases		8

		=== libstdc++-v3 check-abi Summary ===

# of added symbols:		 294
# of missing symbols:		 289
# of incompatible symbols:	 320
		=== libstdc++ tests ===


Running target unix
XPASS: 26_numerics/c99_classification_macros_c.cc (test for excess errors)

		=== libstdc++ Summary ===

# of expected passes		2647
# of unexpected successes	1
# of expected failures		5

Compiler version: 3.4.0 
Platform: i686-pc-linux-gnu
configure flags: --prefix=/usr/local/gcc-3.4.0


Index Nav: [Date Index] [Subject Index] [Author Index] [Thread Index]
Message Nav: [Date Prev] [Date Next] [Thread Prev] [Thread Next]