This is the mail archive of the gcc-testresults@gcc.gnu.org mailing list for the GCC project.


Index Nav: [Date Index] [Subject Index] [Author Index] [Thread Index]
Message Nav: [Date Prev] [Date Next] [Thread Prev] [Thread Next]
Other format: [Raw text]

Results for 3.4.0 testsuite on s390-ibm-linux-gnu


LAST_UPDATED: Obtained from CVS: -rgcc_3_4_0_release 

		=== acats tests ===
FAIL:	ad8011a
FAIL:	c25001a
FAIL:	c37213f
FAIL:	c37215f

		=== acats Summary ===
# of expected passes		1961
# of unexpected failures	4
# of unsupported tests		357
Native configuration is s390-ibm-linux-gnu

		=== g++ tests ===


Running target unix
WARNING: g++.old-deja/g++.mike/p10769a.C compilation failed to produce executable
WARNING: g++.old-deja/g++.other/enum5.C compilation failed to produce executable
XPASS: g++.old-deja/g++.other/init5.C execution test
WARNING: g++.old-deja/g++.pt/friend44.C compilation failed to produce executable

		=== g++ Summary ===

# of expected passes		9506
# of unexpected successes	1
# of expected failures		67
# of unsupported tests		70
/mnt/dasdc1/fsf/gcc-3.4.0-build/gcc/testsuite/../g++ version 3.4.0

		=== g77 tests ===


Running target unix

		=== g77 Summary ===

# of expected passes		1800
# of unsupported tests		6
/mnt/dasdc1/fsf/gcc-3.4.0-build/gcc/testsuite/../g77 version 3.4.0

		=== gcc tests ===


Running target unix
FAIL: gcc.dg/const-elim-1.c scan-assembler-not L\\\\\$?C[^A-Z]
XPASS: gcc.dg/sibcall-3.c execution test
XPASS: gcc.dg/sibcall-4.c execution test

		=== gcc Summary ===

# of expected passes		24941
# of unexpected failures	1
# of unexpected successes	2
# of expected failures		69
# of untested testcases		7
# of unsupported tests		312
/mnt/dasdc1/fsf/gcc-3.4.0-build/gcc/xgcc version 3.4.0

		=== objc tests ===


Running target unix

		=== objc Summary ===

# of expected passes		1341
# of unsupported tests		8
/mnt/dasdc1/fsf/gcc-3.4.0-build/gcc/xgcc version 3.4.0

		=== libffi tests ===


Running target unix

		=== libffi Summary ===

# of expected passes		212
# of unsupported tests		2
		=== libjava tests ===


Running target unix
FAIL: linking simple

		=== libjava Summary ===

# of expected passes		3260
# of unexpected failures	1
# of expected failures		11
# of untested testcases		8
		=== libstdc++ tests ===


Running target unix
XPASS: 26_numerics/c99_classification_macros_c.cc (test for excess errors)

		=== libstdc++ Summary ===

# of expected passes		2647
# of unexpected successes	1
# of expected failures		5

Compiler version: 3.4.0 
Platform: s390-ibm-linux-gnu
configure flags: --prefix=/home/weigand/fsf/gcc-3.4.0-install --enable-__cxa_atexit


Index Nav: [Date Index] [Subject Index] [Author Index] [Thread Index]
Message Nav: [Date Prev] [Date Next] [Thread Prev] [Thread Next]