This is the mail archive of the gcc-testresults@gcc.gnu.org mailing list for the GCC project.


Index Nav: [Date Index] [Subject Index] [Author Index] [Thread Index]
Message Nav: [Date Prev] [Date Next] [Thread Prev] [Thread Next]
Other format: [Raw text]

Results for 3.4.0 testsuite on i586-redhat-linux-gnu


LAST_UPDATED: Mon Apr 19 05:18:33 UTC 2004

Native configuration is i586-redhat-linux-gnu

		=== g77 tests ===


Running target unix

		=== g77 Summary ===

# of expected passes		1800
# of unsupported tests		6
/home/eric/cvs/gcc-3_4-branch/obj/gcc/testsuite/../g77 version 3.4.0

		=== gcc tests ===


Running target unix
FAIL: gcc.c-torture/execute/va-arg-25.c execution,  -Os 

		=== gcc Summary ===

# of expected passes		24576
# of unexpected failures	1
# of expected failures		70
# of untested testcases		7
# of unsupported tests		182
/home/eric/cvs/gcc-3_4-branch/obj/gcc/xgcc version 3.4.0

		=== g++ tests ===


Running target unix
WARNING: g++.old-deja/g++.mike/p10769a.C compilation failed to produce executable
WARNING: g++.old-deja/g++.other/enum5.C compilation failed to produce executable
WARNING: g++.old-deja/g++.pt/friend44.C compilation failed to produce executable

		=== g++ Summary ===

# of expected passes		9581
# of expected failures		68
# of unsupported tests		31
/home/eric/cvs/gcc-3_4-branch/obj/gcc/testsuite/../g++ version 3.4.0

		=== objc tests ===


Running target unix

		=== objc Summary ===

# of expected passes		1341
# of unsupported tests		8
/home/eric/cvs/gcc-3_4-branch/obj/gcc/xgcc version 3.4.0

		=== libffi tests ===


Running target unix

		=== libffi Summary ===

# of expected passes		212
# of unsupported tests		2
		=== libjava tests ===


Running target unix
FAIL: linking simple

		=== libjava Summary ===

# of expected passes		3260
# of unexpected failures	1
# of expected failures		11
# of untested testcases		8

		=== libstdc++-v3 check-abi Summary ===

# of added symbols:		 294
# of missing symbols:		 289
# of incompatible symbols:	 320
		=== libstdc++ tests ===


Running target unix
FAIL: 22_locale/codecvt/encoding/wchar_t/wrapped_locale.cc execution test
FAIL: 22_locale/codecvt/in/wchar_t/9.cc execution test
FAIL: 22_locale/codecvt/max_length/wchar_t/wrapped_locale.cc execution test
FAIL: 22_locale/ctype/widen/wchar_t/2.cc execution test
FAIL: 22_locale/locale/cons/12438.cc execution test
FAIL: 22_locale/locale/cons/12658_thread.cc execution test
XPASS: 26_numerics/c99_classification_macros_c.cc (test for excess errors)
FAIL: 27_io/basic_filebuf/imbue/wchar_t/12868.cc execution test
FAIL: 27_io/basic_filebuf/overflow/wchar_t/11305-1.cc execution test
FAIL: 27_io/basic_filebuf/overflow/wchar_t/11305-2.cc execution test
FAIL: 27_io/basic_filebuf/overflow/wchar_t/11305-3.cc execution test
FAIL: 27_io/basic_filebuf/overflow/wchar_t/11305-4.cc execution test
FAIL: 27_io/basic_filebuf/seekoff/wchar_t/1.cc execution test
FAIL: 27_io/basic_filebuf/seekoff/wchar_t/2.cc execution test
FAIL: 27_io/basic_filebuf/seekpos/wchar_t/9874.cc execution test
FAIL: 27_io/basic_filebuf/underflow/wchar_t/1.cc execution test
FAIL: 27_io/basic_filebuf/underflow/wchar_t/2.cc execution test
FAIL: 27_io/basic_filebuf/underflow/wchar_t/3.cc execution test
FAIL: 27_io/basic_filebuf/underflow/wchar_t/9520.cc execution test

		=== libstdc++ Summary ===

# of expected passes		2629
# of unexpected failures	18
# of unexpected successes	1
# of expected failures		5

Compiler version: 3.4.0 
Platform: i586-redhat-linux-gnu
configure flags: i586-redhat-linux-gnu --prefix=/usr/local --enable-languages=c,c++,objc,f77,java --enable-checking=misc,tree,rtlflag


Index Nav: [Date Index] [Subject Index] [Author Index] [Thread Index]
Message Nav: [Date Prev] [Date Next] [Thread Prev] [Thread Next]