This is the mail archive of the gcc-testresults@gcc.gnu.org mailing list for the GCC project.


Index Nav: [Date Index] [Subject Index] [Author Index] [Thread Index]
Message Nav: [Date Prev] [Date Next] [Thread Prev] [Thread Next]
Other format: [Raw text]

Results for 3.5-tree-ssa20040421(merged20040414) testsuite on alphaev67-unknown-linux-gnu


LAST_UPDATED: 
Native configuration is alphaev67-unknown-linux-gnu

		=== libffi tests ===


Running target unix

		=== libffi Summary ===

# of expected passes		212
# of unsupported tests		2
		=== libjava tests ===


Running target unix
FAIL: PR9577 run
FAIL: longfield run
FAIL: shortfield run
FAIL: PR4766 -O3 compilation from source
FAIL: simple run
FAIL: /home/cygnus/dnovillo/perf/sbox/tree-ssa-branch/local.alpha/src/libjava/testsuite/libjava.jar/simple.jar execution - gij test
FAIL: calls run
FAIL: cxxtest run
FAIL: field run
FAIL: final_method run
FAIL: findclass run
FAIL: invoke run
FAIL: jniutf run
FAIL: martin run
FAIL: noclass run
FAIL: overload run
FAIL: pr11951 run
FAIL: register run
FAIL: simple_int run
FAIL: throwit run
FAIL: virtual run
FAIL: ArrayStore execution - source compiled test
FAIL: ArrayStore execution - gij test
FAIL: ArrayStore execution - bytecode->native test
FAIL: ArrayStore -O3 execution - source compiled test
FAIL: ArrayStore execution - gij test
FAIL: ArrayStore -O3 execution - bytecode->native test
FAIL: ArrayStore2 execution - source compiled test
FAIL: ArrayStore2 execution - gij test
FAIL: ArrayStore2 execution - bytecode->native test
FAIL: ArrayStore2 -O3 execution - source compiled test
FAIL: ArrayStore2 execution - gij test
FAIL: ArrayStore2 -O3 execution - bytecode->native test
FAIL: Array_1 execution - source compiled test
FAIL: Array_1 execution - gij test
FAIL: Array_1 execution - bytecode->native test
FAIL: Array_1 -O3 execution - source compiled test
FAIL: Array_1 execution - gij test
FAIL: Array_1 -O3 execution - bytecode->native test
FAIL: Array_2 execution - source compiled test
FAIL: Array_2 execution - gij test
FAIL: Array_2 execution - bytecode->native test
FAIL: Array_2 -O3 execution - source compiled test
FAIL: Array_2 execution - gij test
FAIL: Array_2 -O3 execution - bytecode->native test
FAIL: Array_3 execution - source compiled test
FAIL: Array_3 execution - gij test
FAIL: Array_3 execution - bytecode->native test
FAIL: Array_3 -O3 execution - source compiled test
FAIL: Array_3 execution - gij test
FAIL: Array_3 -O3 execution - bytecode->native test
FAIL: Class_1 execution - source compiled test
FAIL: Class_1 execution - gij test
FAIL: Class_1 execution - bytecode->native test
FAIL: Class_1 -O3 execution - source compiled test
FAIL: Class_1 execution - gij test
FAIL: Class_1 -O3 execution - bytecode->native test
FAIL: CompareNaN execution - source compiled test
FAIL: CompareNaN execution - gij test
FAIL: CompareNaN execution - bytecode->native test
FAIL: CompareNaN -O3 execution - source compiled test
FAIL: CompareNaN execution - gij test
FAIL: CompareNaN -O3 execution - bytecode->native test
FAIL: Divide_1 execution - source compiled test
FAIL: Divide_1 execution - gij test
FAIL: Divide_1 execution - bytecode->native test
FAIL: Divide_1 -O3 execution - source compiled test
FAIL: Divide_1 execution - gij test
FAIL: Divide_1 -O3 execution - bytecode->native test
FAIL: EvaluationOrder execution - source compiled test
FAIL: EvaluationOrder execution - gij test
FAIL: EvaluationOrder execution - bytecode->native test
FAIL: EvaluationOrder -O3 execution - source compiled test
FAIL: EvaluationOrder execution - gij test
FAIL: EvaluationOrder -O3 execution - bytecode->native test
FAIL: FileHandleGcTest execution - source compiled test
FAIL: FileHandleGcTest execution - gij test
FAIL: FileHandleGcTest execution - bytecode->native test
FAIL: FileHandleGcTest -O3 execution - source compiled test
FAIL: FileHandleGcTest execution - gij test
FAIL: FileHandleGcTest -O3 execution - bytecode->native test
FAIL: Final execution - source compiled test
FAIL: Final execution - gij test
FAIL: Final execution - bytecode->native test
FAIL: Final -O3 execution - source compiled test
FAIL: Final execution - gij test
FAIL: Final -O3 execution - bytecode->native test
FAIL: Float_1 execution - source compiled test
FAIL: Float_1 execution - gij test
FAIL: Float_1 execution - bytecode->native test
FAIL: Float_1 -O3 execution - source compiled test
FAIL: Float_1 execution - gij test
FAIL: Float_1 -O3 execution - bytecode->native test
FAIL: G19990301_01 execution - source compiled test
FAIL: G19990301_01 execution - gij test
FAIL: G19990301_01 execution - bytecode->native test
FAIL: G19990301_01 -O3 execution - source compiled test
FAIL: G19990301_01 execution - gij test
FAIL: G19990301_01 -O3 execution - bytecode->native test
FAIL: G19990302_02 execution - source compiled test
FAIL: G19990302_02 execution - gij test
FAIL: G19990302_02 execution - bytecode->native test
FAIL: G19990302_02 -O3 execution - source compiled test
FAIL: G19990302_02 execution - gij test
FAIL: G19990302_02 -O3 execution - bytecode->native test
FAIL: G19990303_01 execution - source compiled test
FAIL: G19990303_01 execution - gij test
FAIL: G19990303_01 execution - bytecode->native test
FAIL: G19990303_01 -O3 execution - source compiled test
FAIL: G19990303_01 execution - gij test
FAIL: G19990303_01 -O3 execution - bytecode->native test
FAIL: G19990303_02 execution - source compiled test
FAIL: G19990303_02 execution - gij test
FAIL: G19990303_02 execution - bytecode->native test
FAIL: G19990303_02 -O3 execution - source compiled test
FAIL: G19990303_02 execution - gij test
FAIL: G19990303_02 -O3 execution - bytecode->native test
FAIL: G19990304_01 execution - source compiled test
FAIL: G19990304_01 execution - gij test
FAIL: G19990304_01 execution - bytecode->native test
FAIL: G19990304_01 -O3 execution - source compiled test
FAIL: G19990304_01 execution - gij test
FAIL: G19990304_01 -O3 execution - bytecode->native test
FAIL: G19990310_01 execution - source compiled test
FAIL: G19990310_01 execution - gij test
FAIL: G19990310_01 execution - bytecode->native test
FAIL: G19990310_01 -O3 execution - source compiled test
FAIL: G19990310_01 execution - gij test
FAIL: G19990310_01 -O3 execution - bytecode->native test
FAIL: II execution - source compiled test
FAIL: II execution - gij test
FAIL: II execution - bytecode->native test
FAIL: II -O3 execution - source compiled test
FAIL: II execution - gij test
FAIL: II -O3 execution - bytecode->native test
FAIL: InterfaceDispatch execution - source compiled test
FAIL: InterfaceDispatch execution - gij test
FAIL: InterfaceDispatch execution - bytecode->native test
FAIL: InterfaceDispatch -O3 execution - source compiled test
FAIL: InterfaceDispatch execution - gij test
FAIL: InterfaceDispatch -O3 execution - bytecode->native test
FAIL: InvokeInterface execution - source compiled test
FAIL: InvokeInterface execution - gij test
FAIL: InvokeInterface execution - bytecode->native test
FAIL: InvokeInterface -O3 execution - source compiled test
FAIL: InvokeInterface execution - gij test
FAIL: InvokeInterface -O3 execution - bytecode->native test
FAIL: InvokeReturn execution - source compiled test
FAIL: InvokeReturn execution - gij test
FAIL: InvokeReturn execution - bytecode->native test
FAIL: InvokeReturn -O3 execution - source compiled test
FAIL: InvokeReturn execution - gij test
FAIL: InvokeReturn -O3 execution - bytecode->native test
FAIL: Invoke_1 execution - source compiled test
FAIL: Invoke_1 execution - gij test
FAIL: Invoke_1 execution - bytecode->native test
FAIL: Invoke_1 -O3 execution - source compiled test
FAIL: Invoke_1 execution - gij test
FAIL: Invoke_1 -O3 execution - bytecode->native test
FAIL: Invoke_2 execution - source compiled test
FAIL: Invoke_2 execution - gij test
FAIL: Invoke_2 execution - bytecode->native test
FAIL: Invoke_2 -O3 execution - source compiled test
FAIL: Invoke_2 execution - gij test
FAIL: Invoke_2 -O3 execution - bytecode->native test
FAIL: KeepInline execution - source compiled test
FAIL: KeepInline execution - gij test
FAIL: KeepInline execution - bytecode->native test
FAIL: KeepInline -O3 execution - source compiled test
FAIL: KeepInline execution - gij test
FAIL: KeepInline -O3 execution - bytecode->native test
FAIL: MathBuiltin execution - source compiled test
FAIL: MathBuiltin execution - gij test
FAIL: MathBuiltin execution - bytecode->native test
FAIL: MathBuiltin -O3 execution - source compiled test
FAIL: MathBuiltin execution - gij test
FAIL: MathBuiltin -O3 execution - bytecode->native test
FAIL: Matrix4f execution - source compiled test
FAIL: Matrix4f execution - gij test
FAIL: Matrix4f execution - bytecode->native test
FAIL: Matrix4f -O3 execution - source compiled test
FAIL: Matrix4f execution - gij test
FAIL: Matrix4f -O3 execution - bytecode->native test
FAIL: N19990310_02 execution - source compiled test
FAIL: N19990310_02 execution - gij test
FAIL: N19990310_02 execution - bytecode->native test
FAIL: N19990310_02 -O3 execution - source compiled test
FAIL: N19990310_02 execution - gij test
FAIL: N19990310_02 -O3 execution - bytecode->native test
FAIL: N19990310_3 execution - source compiled test
FAIL: N19990310_3 execution - gij test
FAIL: N19990310_3 execution - bytecode->native test
FAIL: N19990310_3 -O3 execution - source compiled test
FAIL: N19990310_3 execution - gij test
FAIL: N19990310_3 -O3 execution - bytecode->native test
FAIL: N19990310_4 execution - source compiled test
FAIL: N19990310_4 execution - gij test
FAIL: N19990310_4 execution - bytecode->native test
FAIL: N19990310_4 -O3 execution - source compiled test
FAIL: N19990310_4 execution - gij test
FAIL: N19990310_4 -O3 execution - bytecode->native test
FAIL: N19990310_5 execution - source compiled test
FAIL: N19990310_5 execution - gij test
FAIL: N19990310_5 execution - bytecode->native test
FAIL: N19990310_5 -O3 execution - source compiled test
FAIL: N19990310_5 execution - gij test
FAIL: N19990310_5 -O3 execution - bytecode->native test
FAIL: Overflow execution - source compiled test
FAIL: Overflow execution - gij test
FAIL: Overflow execution - bytecode->native test
FAIL: Overflow -O3 execution - source compiled test
FAIL: Overflow execution - gij test
FAIL: Overflow -O3 execution - bytecode->native test
FAIL: PR12350 execution - source compiled test
FAIL: PR12350 execution - gij test
FAIL: PR12350 execution - bytecode->native test
FAIL: PR12350 -O3 execution - source compiled test
FAIL: PR12350 execution - gij test
FAIL: PR12350 -O3 execution - bytecode->native test
FAIL: PR12416 execution - source compiled test
FAIL: PR12416 execution - gij test
FAIL: PR12416 execution - bytecode->native test
FAIL: PR12416 -O3 execution - source compiled test
FAIL: PR12416 execution - gij test
FAIL: PR12416 -O3 execution - bytecode->native test
FAIL: PR12656 execution - source compiled test
FAIL: PR12656 execution - gij test
FAIL: PR12656 execution - bytecode->native test
FAIL: PR12656 -O3 execution - source compiled test
FAIL: PR12656 execution - gij test
FAIL: PR12656 -O3 execution - bytecode->native test
FAIL: PR12915 execution - source compiled test
FAIL: PR12915 execution - gij test
FAIL: PR12915 execution - bytecode->native test
FAIL: PR12915 -O3 execution - source compiled test
FAIL: PR12915 execution - gij test
FAIL: PR12915 -O3 execution - bytecode->native test
FAIL: PR141 execution - source compiled test
FAIL: PR141 execution - gij test
FAIL: PR141 execution - bytecode->native test
FAIL: PR141 -O3 execution - source compiled test
FAIL: PR141 execution - gij test
FAIL: PR141 -O3 execution - bytecode->native test
FAIL: PR160 execution - source compiled test
FAIL: PR160 execution - gij test
FAIL: PR160 execution - bytecode->native test
FAIL: PR160 -O3 execution - source compiled test
FAIL: PR160 execution - gij test
FAIL: PR160 -O3 execution - bytecode->native test
FAIL: PR162 execution - source compiled test
FAIL: PR162 execution - gij test
FAIL: PR162 execution - bytecode->native test
FAIL: PR162 -O3 execution - source compiled test
FAIL: PR162 execution - gij test
FAIL: PR162 -O3 execution - bytecode->native test
FAIL: PR218 execution - source compiled test
FAIL: PR218 execution - gij test
FAIL: PR218 execution - bytecode->native test
FAIL: PR218 -O3 execution - source compiled test
FAIL: PR218 execution - gij test
FAIL: PR218 -O3 execution - bytecode->native test
FAIL: PR242 execution - source compiled test
FAIL: PR242 execution - gij test
FAIL: PR242 execution - bytecode->native test
FAIL: PR242 -O3 execution - source compiled test
FAIL: PR242 execution - gij test
FAIL: PR242 -O3 execution - bytecode->native test
FAIL: PR260 execution - source compiled test
FAIL: PR260 execution - gij test
FAIL: PR260 execution - bytecode->native test
FAIL: PR260 -O3 execution - source compiled test
FAIL: PR260 execution - gij test
FAIL: PR260 -O3 execution - bytecode->native test
FAIL: PR3096 execution - source compiled test
FAIL: PR3096 execution - gij test
FAIL: PR3096 execution - bytecode->native test
FAIL: PR3096 -O3 execution - source compiled test
FAIL: PR3096 execution - gij test
FAIL: PR3096 -O3 execution - bytecode->native test
FAIL: PR3731 execution - source compiled test
FAIL: PR3731 execution - gij test
FAIL: PR3731 execution - bytecode->native test
FAIL: PR3731 -O3 execution - source compiled test
FAIL: PR3731 execution - gij test
FAIL: PR3731 -O3 execution - bytecode->native test
FAIL: PR5057 execution - source compiled test
FAIL: PR5057 execution - gij test
FAIL: PR5057 execution - bytecode->native test
FAIL: PR5057 -O3 execution - source compiled test
FAIL: PR5057 execution - gij test
FAIL: PR5057 -O3 execution - bytecode->native test
FAIL: PR5057_2 execution - source compiled test
FAIL: PR5057_2 execution - gij test
FAIL: PR5057_2 execution - bytecode->native test
FAIL: PR5057_2 -O3 execution - source compiled test
FAIL: PR5057_2 execution - gij test
FAIL: PR5057_2 -O3 execution - bytecode->native test
FAIL: PR55 execution - source compiled test
FAIL: PR55 execution - gij test
FAIL: PR55 execution - bytecode->native test
FAIL: PR55 -O3 execution - source compiled test
FAIL: PR55 execution - gij test
FAIL: PR55 -O3 execution - bytecode->native test
FAIL: PR56 execution - source compiled test
FAIL: PR56 execution - gij test
FAIL: PR56 execution - bytecode->native test
FAIL: PR56 -O3 execution - source compiled test
FAIL: PR56 execution - gij test
FAIL: PR56 -O3 execution - bytecode->native test
FAIL: PR6085 execution - source compiled test
FAIL: PR6085 execution - gij test
FAIL: PR6085 execution - bytecode->native test
FAIL: PR6085 -O3 execution - source compiled test
FAIL: PR6085 execution - gij test
FAIL: PR6085 -O3 execution - bytecode->native test
FAIL: PR6204 execution - source compiled test
FAIL: PR6204 execution - gij test
FAIL: PR6204 execution - bytecode->native test
FAIL: PR6204 -O3 execution - source compiled test
FAIL: PR6204 execution - gij test
FAIL: PR6204 -O3 execution - bytecode->native test
FAIL: PR6729 execution - source compiled test
FAIL: PR6729 execution - gij test
FAIL: PR6729 execution - bytecode->native test
FAIL: PR6729 -O3 execution - source compiled test
FAIL: PR6729 execution - gij test
FAIL: PR6729 -O3 execution - bytecode->native test
FAIL: PR6820 execution - source compiled test
FAIL: PR6820 execution - gij test
FAIL: PR6820 execution - bytecode->native test
FAIL: PR6820 -O3 execution - source compiled test
FAIL: PR6820 execution - gij test
FAIL: PR6820 -O3 execution - bytecode->native test
FAIL: PR7482 execution - source compiled test
FAIL: PR7482 execution - gij test
FAIL: PR7482 execution - bytecode->native test
FAIL: PR7482 -O3 execution - source compiled test
FAIL: PR7482 execution - gij test
FAIL: PR7482 -O3 execution - bytecode->native test
FAIL: Shazam execution - source compiled test
FAIL: Shazam execution - gij test
FAIL: Shazam execution - bytecode->native test
FAIL: Shazam -O3 execution - source compiled test
FAIL: Shazam execution - gij test
FAIL: Shazam -O3 execution - bytecode->native test
FAIL: StaticConstructor execution - source compiled test
FAIL: StaticConstructor execution - gij test
FAIL: StaticConstructor execution - bytecode->native test
FAIL: StaticConstructor -O3 execution - source compiled test
FAIL: StaticConstructor execution - gij test
FAIL: StaticConstructor -O3 execution - bytecode->native test
FAIL: StringBuffer_1 execution - source compiled test
FAIL: StringBuffer_1 execution - gij test
FAIL: StringBuffer_1 execution - bytecode->native test
FAIL: StringBuffer_1 -O3 execution - source compiled test
FAIL: StringBuffer_1 execution - gij test
FAIL: StringBuffer_1 -O3 execution - bytecode->native test
FAIL: StringBuffer_overflow execution - source compiled test
FAIL: StringBuffer_overflow execution - gij test
FAIL: StringBuffer_overflow execution - bytecode->native test
FAIL: StringBuffer_overflow -O3 execution - source compiled test
FAIL: StringBuffer_overflow execution - gij test
FAIL: StringBuffer_overflow -O3 execution - bytecode->native test
FAIL: String_overflow execution - source compiled test
FAIL: String_overflow execution - gij test
FAIL: String_overflow execution - bytecode->native test
FAIL: String_overflow -O3 compilation from source
FAIL: String_overflow execution - gij test
FAIL: String_overflow -O3 execution - bytecode->native test
FAIL: SyncGlobal execution - source compiled test
FAIL: SyncGlobal execution - gij test
FAIL: SyncGlobal execution - bytecode->native test
FAIL: SyncGlobal -O3 execution - source compiled test
FAIL: SyncGlobal execution - gij test
FAIL: SyncGlobal -O3 execution - bytecode->native test
FAIL: SyncTest execution - source compiled test
FAIL: SyncTest execution - gij test
FAIL: SyncTest execution - bytecode->native test
FAIL: SyncTest -O3 execution - source compiled test
FAIL: SyncTest execution - gij test
FAIL: SyncTest -O3 execution - bytecode->native test
FAIL: Synch execution - source compiled test
FAIL: Synch execution - gij test
FAIL: Synch execution - bytecode->native test
FAIL: Synch -O3 execution - source compiled test
FAIL: Synch execution - gij test
FAIL: Synch -O3 execution - bytecode->native test
FAIL: TLtest execution - source compiled test
FAIL: TLtest execution - gij test
FAIL: TLtest execution - bytecode->native test
FAIL: TLtest -O3 execution - source compiled test
FAIL: TLtest execution - gij test
FAIL: TLtest -O3 execution - bytecode->native test
FAIL: TestProxy execution - source compiled test
FAIL: TestProxy execution - gij test
FAIL: TestProxy execution - bytecode->native test
FAIL: TestProxy -O3 execution - source compiled test
FAIL: TestProxy execution - gij test
FAIL: TestProxy -O3 execution - bytecode->native test
FAIL: Thread_Alive execution - source compiled test
FAIL: Thread_Alive execution - gij test
FAIL: Thread_Alive execution - bytecode->native test
FAIL: Thread_Alive -O3 execution - source compiled test
FAIL: Thread_Alive execution - gij test
FAIL: Thread_Alive -O3 execution - bytecode->native test
FAIL: Thread_Interrupt execution - source compiled test
FAIL: Thread_Interrupt execution - gij test
FAIL: Thread_Interrupt execution - bytecode->native test
FAIL: Thread_Interrupt -O3 execution - source compiled test
FAIL: Thread_Interrupt execution - gij test
FAIL: Thread_Interrupt -O3 execution - bytecode->native test
FAIL: Thread_Join execution - source compiled test
FAIL: Thread_Join execution - gij test
FAIL: Thread_Join execution - bytecode->native test
FAIL: Thread_Join -O3 execution - source compiled test
FAIL: Thread_Join execution - gij test
FAIL: Thread_Join -O3 execution - bytecode->native test
FAIL: Thread_Monitor execution - source compiled test
FAIL: Thread_Monitor execution - gij test
FAIL: Thread_Monitor execution - bytecode->native test
FAIL: Thread_Monitor -O3 execution - source compiled test
FAIL: Thread_Monitor execution - gij test
FAIL: Thread_Monitor -O3 execution - bytecode->native test
FAIL: Thread_Sleep execution - source compiled test
FAIL: Thread_Sleep execution - gij test
FAIL: Thread_Sleep execution - bytecode->native test
FAIL: Thread_Sleep -O3 execution - source compiled test
FAIL: Thread_Sleep execution - gij test
FAIL: Thread_Sleep -O3 execution - bytecode->native test
FAIL: Thread_Wait execution - source compiled test
FAIL: Thread_Wait execution - gij test
FAIL: Thread_Wait execution - bytecode->native test
FAIL: Thread_Wait -O3 execution - source compiled test
FAIL: Thread_Wait execution - gij test
FAIL: Thread_Wait -O3 execution - bytecode->native test
FAIL: Thread_Wait_2 execution - source compiled test
FAIL: Thread_Wait_2 execution - gij test
FAIL: Thread_Wait_2 execution - bytecode->native test
FAIL: Thread_Wait_2 -O3 execution - source compiled test
FAIL: Thread_Wait_2 execution - gij test
FAIL: Thread_Wait_2 -O3 execution - bytecode->native test
FAIL: Thread_Wait_Interrupt execution - source compiled test
FAIL: Thread_Wait_Interrupt execution - gij test
FAIL: Thread_Wait_Interrupt execution - bytecode->native test
FAIL: Thread_Wait_Interrupt -O3 execution - source compiled test
FAIL: Thread_Wait_Interrupt execution - gij test
FAIL: Thread_Wait_Interrupt -O3 execution - bytecode->native test
FAIL: Throw_1 execution - source compiled test
FAIL: Throw_1 execution - gij test
FAIL: Throw_1 execution - bytecode->native test
FAIL: Throw_1 -O3 execution - source compiled test
FAIL: Throw_1 execution - gij test
FAIL: Throw_1 -O3 execution - bytecode->native test
FAIL: Throw_2 execution - source compiled test
FAIL: Throw_2 execution - gij test
FAIL: Throw_2 execution - bytecode->native test
FAIL: Throw_2 -O3 execution - source compiled test
FAIL: Throw_2 execution - gij test
FAIL: Throw_2 -O3 execution - bytecode->native test
FAIL: anfi execution - source compiled test
FAIL: anfi execution - gij test
FAIL: anfi execution - bytecode->native test
FAIL: anfi -O3 execution - source compiled test
FAIL: anfi execution - gij test
FAIL: anfi -O3 execution - bytecode->native test
FAIL: anon execution - source compiled test
FAIL: anon execution - gij test
FAIL: anon execution - bytecode->native test
FAIL: anon -O3 execution - source compiled test
FAIL: anon execution - gij test
FAIL: anon -O3 execution - bytecode->native test
FAIL: anon2 execution - source compiled test
FAIL: anon2 execution - gij test
FAIL: anon2 execution - bytecode->native test
FAIL: anon2 -O3 execution - source compiled test
FAIL: anon2 execution - gij test
FAIL: anon2 -O3 execution - bytecode->native test
FAIL: anon3 execution - source compiled test
FAIL: anon3 execution - gij test
FAIL: anon3 execution - bytecode->native test
FAIL: anon3 -O3 execution - source compiled test
FAIL: anon3 execution - gij test
FAIL: anon3 -O3 execution - bytecode->native test
FAIL: anon4 execution - source compiled test
FAIL: anon4 execution - gij test
FAIL: anon4 execution - bytecode->native test
FAIL: anon4 -O3 execution - source compiled test
FAIL: anon4 execution - gij test
FAIL: anon4 -O3 execution - bytecode->native test
FAIL: anon_ctor_itf_arg execution - source compiled test
FAIL: anon_ctor_itf_arg execution - gij test
FAIL: anon_ctor_itf_arg execution - bytecode->native test
FAIL: anon_ctor_itf_arg -O3 execution - source compiled test
FAIL: anon_ctor_itf_arg execution - gij test
FAIL: anon_ctor_itf_arg -O3 execution - bytecode->native test
FAIL: anonarray execution - source compiled test
FAIL: anonarray execution - gij test
FAIL: anonarray execution - bytecode->native test
FAIL: anonarray -O3 execution - source compiled test
FAIL: anonarray execution - gij test
FAIL: anonarray -O3 execution - bytecode->native test
FAIL: anonarray2 execution - source compiled test
FAIL: anonarray2 execution - gij test
FAIL: anonarray2 execution - bytecode->native test
FAIL: anonarray2 -O3 execution - source compiled test
FAIL: anonarray2 execution - gij test
FAIL: anonarray2 -O3 execution - bytecode->native test
FAIL: anonarray3 execution - source compiled test
FAIL: anonarray3 execution - gij test
FAIL: anonarray3 execution - bytecode->native test
FAIL: anonarray3 -O3 execution - source compiled test
FAIL: anonarray3 execution - gij test
FAIL: anonarray3 -O3 execution - bytecode->native test
FAIL: assign execution - source compiled test
FAIL: assign execution - gij test
FAIL: assign execution - bytecode->native test
FAIL: assign -O3 execution - source compiled test
FAIL: assign execution - gij test
FAIL: assign -O3 execution - bytecode->native test
FAIL: direct_read execution - source compiled test
FAIL: direct_read execution - gij test
FAIL: direct_read execution - bytecode->native test
FAIL: direct_read -O3 execution - source compiled test
FAIL: direct_read execution - gij test
FAIL: direct_read -O3 execution - bytecode->native test
FAIL: direct_write execution - source compiled test
FAIL: direct_write execution - gij test
FAIL: direct_write execution - bytecode->native test
FAIL: direct_write -O3 execution - source compiled test
FAIL: direct_write execution - gij test
FAIL: direct_write -O3 execution - bytecode->native test
FAIL: emptystring execution - source compiled test
FAIL: emptystring execution - gij test
FAIL: emptystring execution - bytecode->native test
FAIL: emptystring -O3 execution - source compiled test
FAIL: emptystring execution - gij test
FAIL: emptystring -O3 execution - bytecode->native test
FAIL: err1 execution - source compiled test
FAIL: err1 execution - gij test
FAIL: err1 execution - bytecode->native test
FAIL: err1 -O3 execution - source compiled test
FAIL: err1 execution - gij test
FAIL: err1 -O3 execution - bytecode->native test
FAIL: err10 execution - source compiled test
FAIL: err10 execution - gij test
FAIL: err10 execution - bytecode->native test
FAIL: err10 -O3 execution - source compiled test
FAIL: err10 execution - gij test
FAIL: err10 -O3 execution - bytecode->native test
FAIL: err11 execution - source compiled test
FAIL: err11 execution - gij test
FAIL: err11 execution - bytecode->native test
FAIL: err11 -O3 execution - source compiled test
FAIL: err11 execution - gij test
FAIL: err11 -O3 execution - bytecode->native test
FAIL: err12 execution - source compiled test
FAIL: err12 execution - gij test
FAIL: err12 execution - bytecode->native test
FAIL: err12 -O3 execution - source compiled test
FAIL: err12 execution - gij test
FAIL: err12 -O3 execution - bytecode->native test
FAIL: err13 execution - source compiled test
FAIL: err13 execution - gij test
FAIL: err13 execution - bytecode->native test
FAIL: err13 -O3 execution - source compiled test
FAIL: err13 execution - gij test
FAIL: err13 -O3 execution - bytecode->native test
FAIL: err2 execution - source compiled test
FAIL: err2 execution - gij test
FAIL: err2 execution - bytecode->native test
FAIL: err2 -O3 execution - source compiled test
FAIL: err2 execution - gij test
FAIL: err2 -O3 execution - bytecode->native test
FAIL: err3 execution - source compiled test
FAIL: err3 execution - gij test
FAIL: err3 execution - bytecode->native test
FAIL: err3 -O3 execution - source compiled test
FAIL: err3 execution - gij test
FAIL: err3 -O3 execution - bytecode->native test
FAIL: err4 execution - source compiled test
FAIL: err4 execution - gij test
FAIL: err4 execution - bytecode->native test
FAIL: err4 -O3 execution - source compiled test
FAIL: err4 execution - gij test
FAIL: err4 -O3 execution - bytecode->native test
FAIL: err5 execution - source compiled test
FAIL: err5 execution - gij test
FAIL: err5 execution - bytecode->native test
FAIL: err5 -O3 execution - source compiled test
FAIL: err5 execution - gij test
FAIL: err5 -O3 execution - bytecode->native test
FAIL: err6 execution - source compiled test
FAIL: err6 execution - gij test
FAIL: err6 execution - bytecode->native test
FAIL: err6 -O3 execution - source compiled test
FAIL: err6 execution - gij test
FAIL: err6 -O3 execution - bytecode->native test
FAIL: err7 execution - source compiled test
FAIL: err7 execution - gij test
FAIL: err7 execution - bytecode->native test
FAIL: err7 -O3 execution - source compiled test
FAIL: err7 execution - gij test
FAIL: err7 -O3 execution - bytecode->native test
FAIL: err8 execution - source compiled test
FAIL: err8 execution - gij test
FAIL: err8 execution - bytecode->native test
FAIL: err8 -O3 execution - source compiled test
FAIL: err8 execution - gij test
FAIL: err8 -O3 execution - bytecode->native test
FAIL: err9 execution - source compiled test
FAIL: err9 execution - gij test
FAIL: err9 execution - bytecode->native test
FAIL: err9 -O3 execution - source compiled test
FAIL: err9 execution - gij test
FAIL: err9 -O3 execution - bytecode->native test
FAIL: final_inner execution - source compiled test
FAIL: final_inner execution - gij test
FAIL: final_inner execution - bytecode->native test
FAIL: final_inner -O3 execution - source compiled test
FAIL: final_inner execution - gij test
FAIL: final_inner -O3 execution - bytecode->native test
FAIL: final_int execution - source compiled test
FAIL: final_int execution - gij test
FAIL: final_int execution - bytecode->native test
FAIL: final_int -O3 execution - source compiled test
FAIL: final_int execution - gij test
FAIL: final_int -O3 execution - bytecode->native test
FAIL: final_static_and_friend execution - source compiled test
FAIL: final_static_and_friend execution - gij test
FAIL: final_static_and_friend execution - bytecode->native test
FAIL: final_static_and_friend -O3 execution - source compiled test
FAIL: final_static_and_friend execution - gij test
FAIL: final_static_and_friend -O3 execution - bytecode->native test
FAIL: indirect execution - source compiled test
FAIL: indirect execution - gij test
FAIL: indirect execution - bytecode->native test
FAIL: indirect -O3 execution - source compiled test
FAIL: indirect execution - gij test
FAIL: indirect -O3 execution - bytecode->native test
FAIL: indirect_read execution - source compiled test
FAIL: indirect_read execution - gij test
FAIL: indirect_read execution - bytecode->native test
FAIL: indirect_read -O3 execution - source compiled test
FAIL: indirect_read execution - gij test
FAIL: indirect_read -O3 execution - bytecode->native test
FAIL: indirect_write execution - source compiled test
FAIL: indirect_write execution - gij test
FAIL: indirect_write execution - bytecode->native test
FAIL: indirect_write -O3 execution - source compiled test
FAIL: indirect_write execution - gij test
FAIL: indirect_write -O3 execution - bytecode->native test
FAIL: initexc execution - source compiled test
FAIL: initexc execution - gij test
FAIL: initexc execution - bytecode->native test
FAIL: initexc -O3 execution - source compiled test
FAIL: initexc execution - gij test
FAIL: initexc -O3 execution - bytecode->native test
FAIL: initfield execution - source compiled test
FAIL: initfield execution - gij test
FAIL: initfield execution - bytecode->native test
FAIL: initfield -O3 execution - source compiled test
FAIL: initfield execution - gij test
FAIL: initfield -O3 execution - bytecode->native test
FAIL: inline execution - source compiled test
FAIL: inline execution - gij test
FAIL: inline execution - bytecode->native test
FAIL: inline -O3 execution - source compiled test
FAIL: inline execution - gij test
FAIL: inline -O3 execution - bytecode->native test
FAIL: inner1 execution - source compiled test
FAIL: inner1 execution - gij test
FAIL: inner1 execution - bytecode->native test
FAIL: inner1 -O3 execution - source compiled test
FAIL: inner1 execution - gij test
FAIL: inner1 -O3 execution - bytecode->native test
FAIL: inner2 execution - source compiled test
FAIL: inner2 execution - gij test
FAIL: inner2 execution - bytecode->native test
FAIL: inner2 -O3 execution - source compiled test
FAIL: inner2 execution - gij test
FAIL: inner2 -O3 execution - bytecode->native test
FAIL: inner3 execution - source compiled test
FAIL: inner3 execution - gij test
FAIL: inner3 execution - bytecode->native test
FAIL: inner3 -O3 execution - source compiled test
FAIL: inner3 execution - gij test
FAIL: inner3 -O3 execution - bytecode->native test
FAIL: inner4 execution - source compiled test
FAIL: inner4 execution - gij test
FAIL: inner4 execution - bytecode->native test
FAIL: inner4 -O3 execution - source compiled test
FAIL: inner4 execution - gij test
FAIL: inner4 -O3 execution - bytecode->native test
FAIL: inner_array execution - source compiled test
FAIL: inner_array execution - gij test
FAIL: inner_array execution - bytecode->native test
FAIL: inner_array -O3 execution - source compiled test
FAIL: inner_array execution - gij test
FAIL: inner_array -O3 execution - bytecode->native test
FAIL: inner_interface execution - source compiled test
FAIL: inner_interface execution - gij test
FAIL: inner_interface execution - bytecode->native test
FAIL: inner_interface -O3 execution - source compiled test
FAIL: inner_interface execution - gij test
FAIL: inner_interface -O3 execution - bytecode->native test
FAIL: instance execution - source compiled test
FAIL: instance execution - gij test
FAIL: instance execution - bytecode->native test
FAIL: instance -O3 execution - source compiled test
FAIL: instance execution - gij test
FAIL: instance -O3 execution - bytecode->native test
FAIL: instinit execution - source compiled test
FAIL: instinit execution - gij test
FAIL: instinit execution - bytecode->native test
FAIL: instinit -O3 execution - source compiled test
FAIL: instinit execution - gij test
FAIL: instinit -O3 execution - bytecode->native test
FAIL: instinit2 execution - source compiled test
FAIL: instinit2 execution - gij test
FAIL: instinit2 execution - bytecode->native test
FAIL: instinit2 -O3 execution - source compiled test
FAIL: instinit2 execution - gij test
FAIL: instinit2 -O3 execution - bytecode->native test
FAIL: invoke_from_inner execution - source compiled test
FAIL: invoke_from_inner execution - gij test
FAIL: invoke_from_inner execution - bytecode->native test
FAIL: invoke_from_inner -O3 execution - source compiled test
FAIL: invoke_from_inner execution - gij test
FAIL: invoke_from_inner -O3 execution - bytecode->native test
FAIL: invokethrow execution - source compiled test
FAIL: invokethrow execution - gij test
FAIL: invokethrow execution - bytecode->native test
FAIL: invokethrow -O3 execution - source compiled test
FAIL: invokethrow execution - gij test
FAIL: invokethrow -O3 execution - bytecode->native test
FAIL: klass execution - source compiled test
FAIL: klass execution - gij test
FAIL: klass execution - bytecode->native test
FAIL: klass -O3 execution - source compiled test
FAIL: klass execution - gij test
FAIL: klass -O3 execution - bytecode->native test
FAIL: multiple_finit execution - source compiled test
FAIL: multiple_finit execution - gij test
FAIL: multiple_finit execution - bytecode->native test
FAIL: multiple_finit -O3 execution - source compiled test
FAIL: multiple_finit execution - gij test
FAIL: multiple_finit -O3 execution - bytecode->native test
FAIL: negzero execution - source compiled test
FAIL: negzero execution - gij test
FAIL: negzero execution - bytecode->native test
FAIL: negzero -O3 execution - source compiled test
FAIL: negzero execution - gij test
FAIL: negzero -O3 execution - bytecode->native test
FAIL: nested_with_ctor execution - source compiled test
FAIL: nested_with_ctor execution - gij test
FAIL: nested_with_ctor execution - bytecode->native test
FAIL: nested_with_ctor -O3 execution - source compiled test
FAIL: nested_with_ctor execution - gij test
FAIL: nested_with_ctor -O3 execution - bytecode->native test
FAIL: newarray_overflow execution - source compiled test
FAIL: newarray_overflow execution - gij test
FAIL: newarray_overflow execution - bytecode->native test
FAIL: newarray_overflow -O3 execution - source compiled test
FAIL: newarray_overflow execution - gij test
FAIL: newarray_overflow -O3 execution - bytecode->native test
FAIL: override execution - source compiled test
FAIL: override execution - gij test
FAIL: override execution - bytecode->native test
FAIL: override -O3 execution - source compiled test
FAIL: override execution - gij test
FAIL: override -O3 execution - bytecode->native test
FAIL: pr109 execution - source compiled test
FAIL: pr109 execution - gij test
FAIL: pr109 execution - bytecode->native test
FAIL: pr109 -O3 execution - source compiled test
FAIL: pr109 execution - gij test
FAIL: pr109 -O3 execution - bytecode->native test
FAIL: pr13107 execution - source compiled test
FAIL: pr13107 execution - gij test
FAIL: pr13107 execution - bytecode->native test
FAIL: pr13107 -O3 execution - source compiled test
FAIL: pr13107 execution - gij test
FAIL: pr13107 -O3 execution - bytecode->native test
FAIL: pr13107_2 execution - source compiled test
FAIL: pr13107_2 execution - gij test
FAIL: pr13107_2 -O3 execution - source compiled test
FAIL: pr13107_2 execution - gij test
FAIL: pr13107_3 execution - source compiled test
FAIL: pr13107_3 execution - gij test
FAIL: pr13107_3 -O3 execution - source compiled test
FAIL: pr13107_3 execution - gij test
FAIL: pr133 execution - source compiled test
FAIL: pr133 execution - gij test
FAIL: pr133 execution - bytecode->native test
FAIL: pr133 -O3 execution - source compiled test
FAIL: pr133 execution - gij test
FAIL: pr133 -O3 execution - bytecode->native test
FAIL: pr179 execution - source compiled test
FAIL: pr179 execution - gij test
FAIL: pr179 execution - bytecode->native test
FAIL: pr179 -O3 execution - source compiled test
FAIL: pr179 execution - gij test
FAIL: pr179 -O3 execution - bytecode->native test
FAIL: pr184 execution - source compiled test
FAIL: pr184 execution - gij test
FAIL: pr184 execution - bytecode->native test
FAIL: pr184 -O3 execution - source compiled test
FAIL: pr184 execution - gij test
FAIL: pr184 -O3 execution - bytecode->native test
FAIL: pr6388 execution - source compiled test
FAIL: pr6388 execution - gij test
FAIL: pr6388 execution - bytecode->native test
FAIL: pr6388 -O3 execution - source compiled test
FAIL: pr6388 execution - gij test
FAIL: pr6388 -O3 execution - bytecode->native test
FAIL: pr83 execution - source compiled test
FAIL: pr83 execution - gij test
FAIL: pr83 execution - bytecode->native test
FAIL: pr83 -O3 execution - source compiled test
FAIL: pr83 execution - gij test
FAIL: pr83 -O3 execution - bytecode->native test
FAIL: pr8415 execution - source compiled test
FAIL: pr8415 execution - gij test
FAIL: pr8415 execution - bytecode->native test
FAIL: pr8415 -O3 execution - source compiled test
FAIL: pr8415 execution - gij test
FAIL: pr8415 -O3 execution - bytecode->native test
FAIL: pr8676 execution - source compiled test
FAIL: pr8676 execution - gij test
FAIL: pr8676 execution - bytecode->native test
FAIL: pr8676 -O3 execution - source compiled test
FAIL: pr8676 execution - gij test
FAIL: pr8676 -O3 execution - bytecode->native test
FAIL: pr8823 execution - source compiled test
FAIL: pr8823 execution - gij test
FAIL: pr8823 execution - bytecode->native test
FAIL: pr8823 -O3 execution - source compiled test
FAIL: pr8823 execution - gij test
FAIL: pr8823 -O3 execution - bytecode->native test
FAIL: pr8945 execution - source compiled test
FAIL: pr8945 execution - gij test
FAIL: pr8945 execution - bytecode->native test
FAIL: pr8945 -O3 execution - source compiled test
FAIL: pr8945 execution - gij test
FAIL: pr8945 -O3 execution - bytecode->native test
FAIL: private_direct_read execution - source compiled test
FAIL: private_direct_read execution - gij test
FAIL: private_direct_read execution - bytecode->native test
FAIL: private_direct_read -O3 execution - source compiled test
FAIL: private_direct_read execution - gij test
FAIL: private_direct_read -O3 execution - bytecode->native test
FAIL: search_outer execution - source compiled test
FAIL: search_outer execution - gij test
FAIL: search_outer execution - bytecode->native test
FAIL: search_outer -O3 execution - source compiled test
FAIL: search_outer execution - gij test
FAIL: search_outer -O3 execution - bytecode->native test
FAIL: stringconst execution - source compiled test
FAIL: stringconst execution - gij test
FAIL: stringconst execution - bytecode->native test
FAIL: stringconst -O3 execution - source compiled test
FAIL: stringconst execution - gij test
FAIL: stringconst -O3 execution - bytecode->native test
FAIL: stringconst2 execution - source compiled test
FAIL: stringconst2 execution - gij test
FAIL: stringconst2 execution - bytecode->native test
FAIL: stringconst2 -O3 execution - source compiled test
FAIL: stringconst2 execution - gij test
FAIL: stringconst2 -O3 execution - bytecode->native test
FAIL: stub execution - source compiled test
FAIL: stub execution - gij test
FAIL: stub execution - bytecode->native test
FAIL: stub -O3 execution - source compiled test
FAIL: stub execution - gij test
FAIL: stub -O3 execution - bytecode->native test
FAIL: test_long execution - source compiled test
FAIL: test_long execution - gij test
FAIL: test_long execution - bytecode->native test
FAIL: test_long -O3 execution - source compiled test
FAIL: test_long execution - gij test
FAIL: test_long -O3 execution - bytecode->native test
FAIL: tmi execution - source compiled test
FAIL: tmi execution - gij test
FAIL: tmi execution - bytecode->native test
FAIL: tmi -O3 execution - source compiled test
FAIL: tmi execution - gij test
FAIL: tmi -O3 execution - bytecode->native test
FAIL: tp execution - source compiled test
FAIL: tp execution - gij test
FAIL: tp execution - bytecode->native test
FAIL: tp -O3 execution - source compiled test
FAIL: tp execution - gij test
FAIL: tp -O3 execution - bytecode->native test
FAIL: update_outer execution - source compiled test
FAIL: update_outer execution - gij test
FAIL: update_outer execution - bytecode->native test
FAIL: update_outer -O3 execution - source compiled test
FAIL: update_outer execution - gij test
FAIL: update_outer -O3 execution - bytecode->native test
FAIL: utf8concat execution - source compiled test
FAIL: utf8concat execution - gij test
FAIL: utf8concat execution - bytecode->native test
FAIL: utf8concat -O3 execution - source compiled test
FAIL: utf8concat execution - gij test
FAIL: utf8concat -O3 execution - bytecode->native test
FAIL: utilTest execution - source compiled test
FAIL: utilTest execution - gij test
FAIL: utilTest execution - bytecode->native test
FAIL: utilTest -O3 execution - source compiled test
FAIL: utilTest execution - gij test
FAIL: utilTest -O3 execution - bytecode->native test
FAIL: verify execution - source compiled test
FAIL: verify execution - gij test
FAIL: verify execution - bytecode->native test
FAIL: verify -O3 execution - source compiled test
FAIL: verify execution - gij test
FAIL: verify -O3 execution - bytecode->native test
FAIL: /home/cygnus/dnovillo/perf/sbox/tree-ssa-branch/local.alpha/bld.dorothy/alphaev67-unknown-linux-gnu/libjava/testsuite/TestEarlyGC.exe execution - /home/cygnus/dnovillo/perf/sbox/tree-ssa-branch/local.alpha/bld.dorothy/alphaev67-unknown-linux-gnu/libjava/testsuite/TestEarlyGC.exe
FAIL: /home/cygnus/dnovillo/perf/sbox/tree-ssa-branch/local.alpha/bld.dorothy/alphaev67-unknown-linux-gnu/libjava/testsuite/TestLeak.exe execution - /home/cygnus/dnovillo/perf/sbox/tree-ssa-branch/local.alpha/bld.dorothy/alphaev67-unknown-linux-gnu/libjava/testsuite/TestLeak.exe
FAIL: /home/cygnus/dnovillo/perf/sbox/tree-ssa-branch/local.alpha/bld.dorothy/alphaev67-unknown-linux-gnu/libjava/testsuite/TestMultiple.exe execution - /home/cygnus/dnovillo/perf/sbox/tree-ssa-branch/local.alpha/bld.dorothy/alphaev67-unknown-linux-gnu/libjava/testsuite/TestMultiple.exe
FAIL: /home/cygnus/dnovillo/perf/sbox/tree-ssa-branch/local.alpha/bld.dorothy/alphaev67-unknown-linux-gnu/libjava/testsuite/TestParent.exe execution - /home/cygnus/dnovillo/perf/sbox/tree-ssa-branch/local.alpha/bld.dorothy/alphaev67-unknown-linux-gnu/libjava/testsuite/TestParent.exe

		=== libjava Summary ===

# of expected passes		1509
# of unexpected failures	921
# of expected failures		8
# of untested testcases		937
		=== libmudflap tests ===


Running target unix
FAIL: libmudflap.c++/pass41-frag.cxx (test for excess errors)
WARNING: libmudflap.c++/pass41-frag.cxx compilation failed to produce executable
FAIL: libmudflap.c++/pass41-frag.cxx (-static) (test for excess errors)
WARNING: libmudflap.c++/pass41-frag.cxx (-static) compilation failed to produce executable
FAIL: libmudflap.c++/pass41-frag.cxx (-O2) (test for excess errors)
WARNING: libmudflap.c++/pass41-frag.cxx (-O2) compilation failed to produce executable
FAIL: libmudflap.c++/pass41-frag.cxx (-O3) (test for excess errors)
WARNING: libmudflap.c++/pass41-frag.cxx (-O3) compilation failed to produce executable

		=== libmudflap Summary ===

# of expected passes		1084
# of unexpected failures	4

		=== libstdc++-v3 check-abi Summary ===

# of added symbols:		 306
# of missing symbols:		 252
# of incompatible symbols:	 283
		=== libstdc++ tests ===


Running target unix
FAIL: 23_containers/deque/cons/2.cc execution test
FAIL: 26_numerics/complex/pow.cc execution test
FAIL: 26_numerics/fabs_inline.cc (test for excess errors)
WARNING: 26_numerics/fabs_inline.cc compilation failed to produce executable
XPASS: 27_io/fpos/14320-1.cc execution test
FAIL: ext/enc_filebuf/char/13189.cc (test for excess errors)
WARNING: ext/enc_filebuf/char/13189.cc compilation failed to produce executable
FAIL: ext/enc_filebuf/wchar_t/13189.cc (test for excess errors)
WARNING: ext/enc_filebuf/wchar_t/13189.cc compilation failed to produce executable

		=== libstdc++ Summary ===

# of expected passes		2617
# of unexpected failures	5
# of unexpected successes	1
# of expected failures		5
		=== g++ tests ===


Running target unix
XPASS: g++.dg/eh/elide1.C execution test
XPASS: g++.dg/parse/stack1.C (test for excess errors)
FAIL: 258: expected branch percentages not found: 25
FAIL: g++.dg/gcov/gcov-1.C gcov: 0 failures in line counts, 1 in branch percentages, 0 in return percentages
FAIL: 23:is 2:should be 1
FAIL: g++.dg/gcov/gcov-2.C gcov: 1 failures in line counts, 0 in branch percentages, 0 in return percentages
FAIL: g++.old-deja/g++.brendan/crash13.C  (test for errors, line 34)
FAIL: g++.old-deja/g++.law/friend5.C  (test for errors, line 19)
FAIL: g++.old-deja/g++.law/friend5.C  (test for errors, line 24)
WARNING: g++.old-deja/g++.mike/p10769a.C compilation failed to produce executable
WARNING: g++.old-deja/g++.other/enum5.C compilation failed to produce executable
WARNING: g++.old-deja/g++.pt/friend44.C compilation failed to produce executable

		=== g++ Summary ===

# of expected passes		9654
# of unexpected failures	7
# of unexpected successes	2
# of expected failures		92
# of unsupported tests		75
/dorothy/dnovillo/sbox/tree-ssa-branch/bld.dorothy/gcc/testsuite/../g++ version 3.5-tree-ssa 20040421 (merged 20040414)

		=== gcc tests ===


Running target unix
WARNING: program timed out.
FAIL: gcc.c-torture/compile/20001226-1.c  -O0  (test for excess errors)
FAIL: gcc.c-torture/compile/20010605-1.c  -O0  (test for excess errors)
FAIL: gcc.c-torture/compile/20010605-1.c  -O1  (test for excess errors)
FAIL: gcc.c-torture/execute/20040313-1.c execution,  -O0 
FAIL: gcc.c-torture/execute/20040313-1.c execution,  -O1 
FAIL: gcc.c-torture/execute/20040313-1.c execution,  -O2 
FAIL: gcc.c-torture/execute/20040313-1.c execution,  -O3 -fomit-frame-pointer 
FAIL: gcc.c-torture/execute/20040313-1.c execution,  -O3 -g 
FAIL: gcc.c-torture/execute/20040313-1.c execution,  -Os 
FAIL: gcc.c-torture/execute/loop-14.c execution,  -Os 
FAIL: gcc.c-torture/execute/simd-2.c execution,  -O3 -fomit-frame-pointer 
FAIL: gcc.c-torture/execute/simd-2.c execution,  -O3 -g 
FAIL: gcc.dg/builtins-10.c (test for excess errors)
FAIL: gcc.dg/builtins-26.c (test for excess errors)
FAIL: gcc.dg/builtins-7.c (test for excess errors)
FAIL: gcc.dg/c90-const-expr-3.c (test for excess errors)
FAIL: gcc.dg/c99-const-expr-3.c (test for excess errors)
FAIL: gcc.dg/cleanup-10.c execution test
FAIL: gcc.dg/cleanup-11.c execution test
FAIL: gcc.dg/cleanup-8.c execution test
FAIL: gcc.dg/cleanup-9.c execution test
XPASS: gcc.dg/setjmp-1.c spurious clobbered warning (test for bogus messages, line 16)
FAIL: gcc.dg/special/gcsec-1.c (test for excess errors)
FAIL: gcc.dg/torture/builtin-ctype-1.c  -O1  (test for excess errors)
FAIL: gcc.dg/torture/builtin-ctype-1.c  -O2  (test for excess errors)
FAIL: gcc.dg/torture/builtin-ctype-1.c  -O3 -fomit-frame-pointer  (test for excess errors)
FAIL: gcc.dg/torture/builtin-ctype-1.c  -O3 -g  (test for excess errors)
FAIL: gcc.dg/torture/builtin-ctype-1.c  -Os  (test for excess errors)
FAIL: gcc.dg/torture/builtin-ctype-2.c  -O1  (test for excess errors)
FAIL: gcc.dg/torture/builtin-ctype-2.c  -O2  (test for excess errors)
FAIL: gcc.dg/torture/builtin-ctype-2.c  -O3 -fomit-frame-pointer  (test for excess errors)
FAIL: gcc.dg/torture/builtin-ctype-2.c  -O3 -g  (test for excess errors)
FAIL: gcc.dg/torture/builtin-ctype-2.c  -Os  (test for excess errors)
FAIL: gcc.dg/torture/builtin-explog-1.c  -O0  (test for excess errors)
FAIL: gcc.dg/torture/builtin-explog-1.c  -O1  (test for excess errors)
FAIL: gcc.dg/torture/builtin-explog-1.c  -O2  (test for excess errors)
FAIL: gcc.dg/torture/builtin-explog-1.c  -O3 -fomit-frame-pointer  (test for excess errors)
FAIL: gcc.dg/torture/builtin-explog-1.c  -O3 -g  (test for excess errors)
FAIL: gcc.dg/torture/builtin-explog-1.c  -Os  (test for excess errors)
FAIL: gcc.dg/torture/builtin-nonneg-1.c  -O0  (test for excess errors)
FAIL: gcc.dg/torture/builtin-nonneg-1.c  -O1  (test for excess errors)
FAIL: gcc.dg/torture/builtin-nonneg-1.c  -O2  (test for excess errors)
FAIL: gcc.dg/torture/builtin-nonneg-1.c  -O3 -fomit-frame-pointer  (test for excess errors)
FAIL: gcc.dg/torture/builtin-nonneg-1.c  -O3 -g  (test for excess errors)
FAIL: gcc.dg/torture/builtin-nonneg-1.c  -Os  (test for excess errors)
FAIL: gcc.dg/torture/builtin-power-1.c  -O0  (test for excess errors)
FAIL: gcc.dg/torture/builtin-power-1.c  -O1  (test for excess errors)
FAIL: gcc.dg/torture/builtin-power-1.c  -O2  (test for excess errors)
FAIL: gcc.dg/torture/builtin-power-1.c  -O3 -fomit-frame-pointer  (test for excess errors)
FAIL: gcc.dg/torture/builtin-power-1.c  -O3 -g  (test for excess errors)
FAIL: gcc.dg/torture/builtin-power-1.c  -Os  (test for excess errors)
FAIL: 209: expected branch percentages not found: 25
FAIL: gcc.misc-tests/gcov-4b.c gcov: 0 failures in line counts, 1 in branch percentages, 0 in return percentages

		=== gcc Summary ===

# of expected passes		25600
# of unexpected failures	52
# of unexpected successes	1
# of expected failures		70
# of untested testcases		28
# of unsupported tests		309
/dorothy/dnovillo/sbox/tree-ssa-branch/bld.dorothy/gcc/xgcc version 3.5-tree-ssa 20040421 (merged 20040414)

		=== gfortran tests ===


Running target unix
FAIL: gfortran.fortran-torture/compile/actual.f90,  -O2  
FAIL: gfortran.fortran-torture/compile/actual.f90,  -O2 -fomit-frame-pointer -finline-functions  
FAIL: gfortran.fortran-torture/compile/actual.f90,  -O2 -fomit-frame-pointer -finline-functions -funroll-loops  
FAIL: gfortran.fortran-torture/compile/actual.f90,  -O2 -fomit-frame-pointer -finline-functions -funroll-all-loops  
FAIL: gfortran.fortran-torture/compile/actual.f90,  -O2 -fno-repack-arrays  
FAIL: gfortran.fortran-torture/compile/actual.f90,  -O3 -g  
FAIL: gfortran.fortran-torture/compile/actual.f90,  -Os  
FAIL: gfortran.fortran-torture/execute/forall_3.f90 execution,  -O0 
FAIL: gfortran.fortran-torture/execute/forall_3.f90 execution,  -O1 
FAIL: gfortran.fortran-torture/execute/forall_3.f90 execution,  -O2 
FAIL: gfortran.fortran-torture/execute/forall_3.f90 execution,  -O2 -fomit-frame-pointer -finline-functions 
FAIL: gfortran.fortran-torture/execute/forall_3.f90 execution,  -O2 -fomit-frame-pointer -finline-functions -funroll-loops 
FAIL: gfortran.fortran-torture/execute/forall_3.f90 execution,  -O2 -fomit-frame-pointer -finline-functions -funroll-all-loops 
FAIL: gfortran.fortran-torture/execute/forall_3.f90 execution,  -O2 -fno-repack-arrays 
FAIL: gfortran.fortran-torture/execute/forall_3.f90 execution,  -O3 -g 
FAIL: gfortran.fortran-torture/execute/forall_3.f90 execution,  -Os 
FAIL: gfortran.fortran-torture/execute/forall_5.f90 execution,  -O0 
FAIL: gfortran.fortran-torture/execute/forall_5.f90 execution,  -O1 
FAIL: gfortran.fortran-torture/execute/forall_5.f90 execution,  -O2 
FAIL: gfortran.fortran-torture/execute/forall_5.f90 execution,  -O2 -fomit-frame-pointer -finline-functions 
FAIL: gfortran.fortran-torture/execute/forall_5.f90 execution,  -O2 -fomit-frame-pointer -finline-functions -funroll-loops 
FAIL: gfortran.fortran-torture/execute/forall_5.f90 execution,  -O2 -fomit-frame-pointer -finline-functions -funroll-all-loops 
FAIL: gfortran.fortran-torture/execute/forall_5.f90 execution,  -O2 -fno-repack-arrays 
FAIL: gfortran.fortran-torture/execute/forall_5.f90 execution,  -O3 -g 
FAIL: gfortran.fortran-torture/execute/forall_5.f90 execution,  -Os 
FAIL: gfortran.fortran-torture/execute/function_module_1.f90 execution,  -O2 
FAIL: gfortran.fortran-torture/execute/function_module_1.f90 execution,  -O2 -fomit-frame-pointer -finline-functions 
FAIL: gfortran.fortran-torture/execute/function_module_1.f90 execution,  -O2 -fomit-frame-pointer -finline-functions -funroll-loops 
FAIL: gfortran.fortran-torture/execute/function_module_1.f90 execution,  -O2 -fomit-frame-pointer -finline-functions -funroll-all-loops 
FAIL: gfortran.fortran-torture/execute/function_module_1.f90 execution,  -O2 -fno-repack-arrays 
FAIL: gfortran.fortran-torture/execute/function_module_1.f90 execution,  -O3 -g 
FAIL: gfortran.fortran-torture/execute/function_module_1.f90 execution,  -Os 
FAIL: gfortran.fortran-torture/execute/intrinsic_associated.f90 execution,  -O0 
FAIL: gfortran.fortran-torture/execute/intrinsic_associated.f90 execution,  -O1 
FAIL: gfortran.fortran-torture/execute/intrinsic_associated.f90 execution,  -O2 
FAIL: gfortran.fortran-torture/execute/intrinsic_associated.f90 execution,  -O2 -fomit-frame-pointer -finline-functions 
FAIL: gfortran.fortran-torture/execute/intrinsic_associated.f90 execution,  -O2 -fomit-frame-pointer -finline-functions -funroll-loops 
FAIL: gfortran.fortran-torture/execute/intrinsic_associated.f90 execution,  -O2 -fomit-frame-pointer -finline-functions -funroll-all-loops 
FAIL: gfortran.fortran-torture/execute/intrinsic_associated.f90 execution,  -O2 -fno-repack-arrays 
FAIL: gfortran.fortran-torture/execute/intrinsic_associated.f90 execution,  -O3 -g 
FAIL: gfortran.fortran-torture/execute/intrinsic_associated.f90 execution,  -Os 
FAIL: gfortran.fortran-torture/execute/intrinsic_fraction_exponent.f90 execution,  -O0 
FAIL: gfortran.fortran-torture/execute/intrinsic_fraction_exponent.f90 execution,  -O1 
FAIL: gfortran.fortran-torture/execute/intrinsic_fraction_exponent.f90 execution,  -O2 
FAIL: gfortran.fortran-torture/execute/intrinsic_fraction_exponent.f90 execution,  -O2 -fomit-frame-pointer -finline-functions 
FAIL: gfortran.fortran-torture/execute/intrinsic_fraction_exponent.f90 execution,  -O2 -fomit-frame-pointer -finline-functions -funroll-loops 
FAIL: gfortran.fortran-torture/execute/intrinsic_fraction_exponent.f90 execution,  -O2 -fomit-frame-pointer -finline-functions -funroll-all-loops 
FAIL: gfortran.fortran-torture/execute/intrinsic_fraction_exponent.f90 execution,  -O2 -fno-repack-arrays 
FAIL: gfortran.fortran-torture/execute/intrinsic_fraction_exponent.f90 execution,  -O3 -g 
FAIL: gfortran.fortran-torture/execute/intrinsic_fraction_exponent.f90 execution,  -Os 
FAIL: gfortran.fortran-torture/execute/intrinsic_nearest.f90 execution,  -O0 
FAIL: gfortran.fortran-torture/execute/intrinsic_nearest.f90 execution,  -O1 
FAIL: gfortran.fortran-torture/execute/intrinsic_nearest.f90 execution,  -O2 
FAIL: gfortran.fortran-torture/execute/intrinsic_nearest.f90 execution,  -O2 -fomit-frame-pointer -finline-functions 
FAIL: gfortran.fortran-torture/execute/intrinsic_nearest.f90 execution,  -O2 -fomit-frame-pointer -finline-functions -funroll-loops 
FAIL: gfortran.fortran-torture/execute/intrinsic_nearest.f90 execution,  -O2 -fomit-frame-pointer -finline-functions -funroll-all-loops 
FAIL: gfortran.fortran-torture/execute/intrinsic_nearest.f90 execution,  -O2 -fno-repack-arrays 
FAIL: gfortran.fortran-torture/execute/intrinsic_nearest.f90 execution,  -O3 -g 
FAIL: gfortran.fortran-torture/execute/intrinsic_nearest.f90 execution,  -Os 
FAIL: gfortran.fortran-torture/execute/intrinsic_spacing.f90 execution,  -O1 
FAIL: gfortran.fortran-torture/execute/intrinsic_spacing.f90 execution,  -O2 
FAIL: gfortran.fortran-torture/execute/intrinsic_spacing.f90 execution,  -O2 -fomit-frame-pointer -finline-functions 
FAIL: gfortran.fortran-torture/execute/intrinsic_spacing.f90 execution,  -O2 -fomit-frame-pointer -finline-functions -funroll-loops 
FAIL: gfortran.fortran-torture/execute/intrinsic_spacing.f90 execution,  -O2 -fomit-frame-pointer -finline-functions -funroll-all-loops 
FAIL: gfortran.fortran-torture/execute/intrinsic_spacing.f90 execution,  -O2 -fno-repack-arrays 
FAIL: gfortran.fortran-torture/execute/intrinsic_spacing.f90 execution,  -O3 -g 
FAIL: gfortran.fortran-torture/execute/intrinsic_spacing.f90 execution,  -Os 
FAIL: gfortran.fortran-torture/execute/ptr.f90 execution,  -O0 
FAIL: gfortran.fortran-torture/execute/ptr.f90 execution,  -O1 
FAIL: gfortran.fortran-torture/execute/ptr.f90 execution,  -O2 
FAIL: gfortran.fortran-torture/execute/ptr.f90 execution,  -O2 -fomit-frame-pointer -finline-functions 
FAIL: gfortran.fortran-torture/execute/ptr.f90 execution,  -O2 -fomit-frame-pointer -finline-functions -funroll-loops 
FAIL: gfortran.fortran-torture/execute/ptr.f90 execution,  -O2 -fomit-frame-pointer -finline-functions -funroll-all-loops 
FAIL: gfortran.fortran-torture/execute/ptr.f90 execution,  -O2 -fno-repack-arrays 
FAIL: gfortran.fortran-torture/execute/ptr.f90 execution,  -O3 -g 
FAIL: gfortran.fortran-torture/execute/ptr.f90 execution,  -Os 
FAIL: gfortran.fortran-torture/execute/specifics.f90 execution,  -O2 
FAIL: gfortran.fortran-torture/execute/specifics.f90 execution,  -O2 -fomit-frame-pointer -finline-functions 
FAIL: gfortran.fortran-torture/execute/specifics.f90 execution,  -O2 -fomit-frame-pointer -finline-functions -funroll-loops 
FAIL: gfortran.fortran-torture/execute/specifics.f90 execution,  -O2 -fomit-frame-pointer -finline-functions -funroll-all-loops 
FAIL: gfortran.fortran-torture/execute/specifics.f90 execution,  -O2 -fno-repack-arrays 
FAIL: gfortran.fortran-torture/execute/specifics.f90 execution,  -O3 -g 
FAIL: gfortran.fortran-torture/execute/specifics.f90 execution,  -Os 
FAIL: gfortran.fortran-torture/execute/where_3.f90 compilation,  -O2 
FAIL: gfortran.fortran-torture/execute/where_3.f90 compilation,  -O2 -fomit-frame-pointer -finline-functions 
FAIL: gfortran.fortran-torture/execute/where_3.f90 compilation,  -O2 -fomit-frame-pointer -finline-functions -funroll-loops 
FAIL: gfortran.fortran-torture/execute/where_3.f90 compilation,  -O2 -fomit-frame-pointer -finline-functions -funroll-all-loops 
FAIL: gfortran.fortran-torture/execute/where_3.f90 compilation,  -O2 -fno-repack-arrays 
FAIL: gfortran.fortran-torture/execute/where_3.f90 compilation,  -O3 -g 
FAIL: gfortran.fortran-torture/execute/where_3.f90 compilation,  -Os 

		=== gfortran Summary ===

# of expected passes		2531
# of unexpected failures	90
# of untested testcases		7
/dorothy/dnovillo/sbox/tree-ssa-branch/bld.dorothy/gcc/testsuite/../gfortran version 3.5-tree-ssa 20040421 (merged 20040414)

		=== objc tests ===


Running target unix

		=== objc Summary ===

# of expected passes		1339
# of unsupported tests		8
/dorothy/dnovillo/sbox/tree-ssa-branch/bld.dorothy/gcc/xgcc version 3.5-tree-ssa 20040421 (merged 20040414)


Compiler version: 3.5-tree-ssa20040421(merged20040414) 
Platform: alphaev67-unknown-linux-gnu
configure flags: --prefix=/home/cygnus/dnovillo/perf/sbox/tree-ssa-branch/local.alpha/inst.dorothy --srcdir=/home/cygnus/dnovillo/perf/sbox/tree-ssa-branch/local.alpha/src --disable-multilib --enable-languages=c,c++,f95,java,objc


Index Nav: [Date Index] [Subject Index] [Author Index] [Thread Index]
Message Nav: [Date Prev] [Date Next] [Thread Prev] [Thread Next]