This is the mail archive of the gcc-testresults@gcc.gnu.org mailing list for the GCC project.


Index Nav: [Date Index] [Subject Index] [Author Index] [Thread Index]
Message Nav: [Date Prev] [Date Next] [Thread Prev] [Thread Next]
Other format: [Raw text]

Results for 3.4.0 testsuite on i686-pc-cygwin


The note about testing with -pg rather than -p applies to cygwin as well as freebsd.
LAST_UPDATED: Obtained from CVS: -rgcc_3_4_0_release


Native configuration is i686-pc-cygwin

=== g++ tests ===


Running target unix
FAIL: g++.dg/abi/bitfield3.C execution test
FAIL: g++.dg/ext/dllexport1.C scan-assembler -export:_ZN3Bar10inline_barEi
FAIL: g++.dg/ext/instantiate3.C scan-assembler-not \\n_?_ZTV1AIcE(:|\\n|\\t)
FAIL: g++.dg/opt/vt1.C scan-assembler-not section[^\\n\\r]*_ZTV1S[^\\n\\r]*"[^w"\\n\\r]*"
FAIL: g++.dg/pch/empty.C (test for excess errors)
FAIL: g++.dg/pch/empty.C (test for excess errors)
FAIL: g++.dg/pch/empty.C (test for excess errors)
FAIL: g++.dg/pch/static-1.C (test for excess errors)
FAIL: g++.dg/pch/static-1.C (test for excess errors)
FAIL: g++.dg/pch/static-1.C (test for excess errors)
FAIL: g++.dg/pch/system-1.C (test for excess errors)
FAIL: g++.dg/pch/system-1.C (test for excess errors)
FAIL: g++.dg/pch/system-1.C (test for excess errors)
FAIL: g++.dg/pch/system-2.C (test for excess errors)
FAIL: g++.dg/pch/system-2.C (test for excess errors)
FAIL: g++.dg/pch/system-2.C (test for excess errors)
FAIL: g++.dg/pch/uninst.C (test for excess errors)
FAIL: g++.dg/pch/uninst.C (test for excess errors)
FAIL: g++.dg/pch/uninst.C (test for excess errors)
FAIL: g++.dg/special/initp1.C execution test
FAIL: g++.old-deja/g++.eh/badalloc1.C execution test
WARNING: g++.old-deja/g++.mike/p10769a.C compilation failed to produce executable
WARNING: g++.old-deja/g++.other/enum5.C compilation failed to produce executable
WARNING: g++.old-deja/g++.pt/friend44.C compilation failed to produce executable


=== g++ Summary ===

# of expected passes            9529
# of unexpected failures        21
# of expected failures          68
# of untested testcases         15
# of unsupported tests          35
/cygdrive/c/gnu/gcc-3.4.0/xp/gcc/testsuite/../g++ version 3.4.0

=== g77 tests ===


Running target unix FAIL: g77.f-torture/execute/labug1.f execution, -O2 FAIL: g77.f-torture/execute/labug1.f execution, -O3 -g

=== g77 Summary ===

# of expected passes            1810
# of unexpected failures        2
/cygdrive/c/gnu/gcc-3.4.0/xp/gcc/testsuite/../g77 version 3.4.0

=== gcc tests ===


Running target unix FAIL: gcc.dg/cpp/assert4.c (test for excess errors) FAIL: gcc.dg/20021014-1.c (test for excess errors) WARNING: gcc.dg/20021014-1.c compilation failed to produce executable FAIL: gcc.dg/bf-ms-layout.c execution test FAIL: gcc.dg/builtins-20.c (test for excess errors) FAIL: gcc.dg/i386-bitfield1.c execution test FAIL: gcc.dg/i386-bitfield2.c execution test FAIL: gcc.dg/i386-pic-1.c (test for errors, line 9) FAIL: gcc.dg/pch/common-1.c (test for excess errors) FAIL: gcc.dg/pch/common-1.c (test for excess errors) FAIL: gcc.dg/pch/common-1.c (test for excess errors) FAIL: gcc.dg/pch/common-1.c (test for excess errors) FAIL: gcc.dg/pch/common-1.c (test for excess errors) FAIL: gcc.dg/pch/common-1.c (test for excess errors) FAIL: gcc.dg/pch/common-1.c (test for excess errors) FAIL: gcc.dg/pch/cpp-1.c (test for excess errors) FAIL: gcc.dg/pch/cpp-1.c (test for excess errors) FAIL: gcc.dg/pch/cpp-1.c (test for excess errors) FAIL: gcc.dg/pch/cpp-1.c (test for excess errors) FAIL: gcc.dg/pch/cpp-1.c (test for excess errors) FAIL: gcc.dg/pch/cpp-1.c (test for excess errors) FAIL: gcc.dg/pch/cpp-1.c (test for excess errors) FAIL: gcc.dg/pch/cpp-2.c (test for excess errors) FAIL: gcc.dg/pch/cpp-2.c (test for excess errors) FAIL: gcc.dg/pch/cpp-2.c (test for excess errors) FAIL: gcc.dg/pch/cpp-2.c (test for excess errors) FAIL: gcc.dg/pch/cpp-2.c (test for excess errors) FAIL: gcc.dg/pch/cpp-2.c (test for excess errors) FAIL: gcc.dg/pch/cpp-2.c (test for excess errors) FAIL: gcc.dg/pch/decl-1.c (test for excess errors) FAIL: gcc.dg/pch/decl-1.c (test for excess errors) FAIL: gcc.dg/pch/decl-1.c (test for excess errors) FAIL: gcc.dg/pch/decl-1.c (test for excess errors) FAIL: gcc.dg/pch/decl-1.c (test for excess errors) FAIL: gcc.dg/pch/decl-1.c (test for excess errors) FAIL: gcc.dg/pch/decl-1.c (test for excess errors) FAIL: gcc.dg/pch/decl-2.c (test for excess errors) FAIL: gcc.dg/pch/decl-2.c (test for excess errors) FAIL: gcc.dg/pch/decl-2.c (test for excess errors) FAIL: gcc.dg/pch/decl-2.c (test for excess errors) FAIL: gcc.dg/pch/decl-2.c (test for excess errors) FAIL: gcc.dg/pch/decl-2.c (test for excess errors) FAIL: gcc.dg/pch/decl-2.c (test for excess errors) FAIL: gcc.dg/pch/decl-3.c (test for excess errors) FAIL: gcc.dg/pch/decl-3.c (test for excess errors) FAIL: gcc.dg/pch/decl-3.c (test for excess errors) FAIL: gcc.dg/pch/decl-3.c (test for excess errors) FAIL: gcc.dg/pch/decl-3.c (test for excess errors) FAIL: gcc.dg/pch/decl-3.c (test for excess errors) FAIL: gcc.dg/pch/decl-3.c (test for excess errors) FAIL: gcc.dg/pch/decl-4.c (test for excess errors) FAIL: gcc.dg/pch/decl-4.c (test for excess errors) FAIL: gcc.dg/pch/decl-4.c (test for excess errors) FAIL: gcc.dg/pch/decl-4.c (test for excess errors) FAIL: gcc.dg/pch/decl-4.c (test for excess errors) FAIL: gcc.dg/pch/decl-4.c (test for excess errors) FAIL: gcc.dg/pch/decl-4.c (test for excess errors) FAIL: gcc.dg/pch/decl-5.c (test for excess errors) FAIL: gcc.dg/pch/decl-5.c (test for excess errors) FAIL: gcc.dg/pch/decl-5.c (test for excess errors) FAIL: gcc.dg/pch/decl-5.c (test for excess errors) FAIL: gcc.dg/pch/decl-5.c (test for excess errors) FAIL: gcc.dg/pch/decl-5.c (test for excess errors) FAIL: gcc.dg/pch/decl-5.c (test for excess errors) FAIL: gcc.dg/pch/empty.c (test for excess errors) FAIL: gcc.dg/pch/empty.c (test for excess errors) FAIL: gcc.dg/pch/empty.c (test for excess errors) FAIL: gcc.dg/pch/empty.c (test for excess errors) FAIL: gcc.dg/pch/empty.c (test for excess errors) FAIL: gcc.dg/pch/empty.c (test for excess errors) FAIL: gcc.dg/pch/empty.c (test for excess errors) FAIL: gcc.dg/pch/except-1.c (test for excess errors) FAIL: gcc.dg/pch/except-1.c (test for excess errors) FAIL: gcc.dg/pch/except-1.c (test for excess errors) FAIL: gcc.dg/pch/except-1.c (test for excess errors) FAIL: gcc.dg/pch/except-1.c (test for excess errors) FAIL: gcc.dg/pch/except-1.c (test for excess errors) FAIL: gcc.dg/pch/except-1.c (test for excess errors) FAIL: gcc.dg/pch/global-1.c (test for excess errors) FAIL: gcc.dg/pch/global-1.c (test for excess errors) FAIL: gcc.dg/pch/global-1.c (test for excess errors) FAIL: gcc.dg/pch/global-1.c (test for excess errors) FAIL: gcc.dg/pch/global-1.c (test for excess errors) FAIL: gcc.dg/pch/global-1.c (test for excess errors) FAIL: gcc.dg/pch/global-1.c (test for excess errors) FAIL: gcc.dg/pch/inline-1.c (test for excess errors) FAIL: gcc.dg/pch/inline-1.c (test for excess errors) FAIL: gcc.dg/pch/inline-1.c (test for excess errors) FAIL: gcc.dg/pch/inline-1.c (test for excess errors) FAIL: gcc.dg/pch/inline-1.c (test for excess errors) FAIL: gcc.dg/pch/inline-1.c (test for excess errors) FAIL: gcc.dg/pch/inline-1.c (test for excess errors) FAIL: gcc.dg/pch/inline-2.c (test for excess errors) FAIL: gcc.dg/pch/inline-2.c (test for excess errors) FAIL: gcc.dg/pch/inline-2.c (test for excess errors) FAIL: gcc.dg/pch/inline-2.c (test for excess errors) FAIL: gcc.dg/pch/inline-2.c (test for excess errors) FAIL: gcc.dg/pch/inline-2.c (test for excess errors) FAIL: gcc.dg/pch/inline-2.c (test for excess errors) FAIL: gcc.dg/pch/inline-3.c (test for excess errors) FAIL: gcc.dg/pch/inline-3.c (test for excess errors) FAIL: gcc.dg/pch/inline-3.c (test for excess errors) FAIL: gcc.dg/pch/inline-3.c (test for excess errors) FAIL: gcc.dg/pch/inline-3.c (test for excess errors) FAIL: gcc.dg/pch/inline-3.c (test for excess errors) FAIL: gcc.dg/pch/inline-3.c (test for excess errors) FAIL: gcc.dg/pch/inline-4.c (test for excess errors) FAIL: gcc.dg/pch/inline-4.c (test for excess errors) FAIL: gcc.dg/pch/inline-4.c (test for excess errors) FAIL: gcc.dg/pch/inline-4.c (test for excess errors) FAIL: gcc.dg/pch/inline-4.c (test for excess errors) FAIL: gcc.dg/pch/inline-4.c (test for excess errors) FAIL: gcc.dg/pch/inline-4.c (test for excess errors) FAIL: gcc.dg/pch/macro-1.c (test for excess errors) FAIL: gcc.dg/pch/macro-1.c (test for excess errors) FAIL: gcc.dg/pch/macro-1.c (test for excess errors) FAIL: gcc.dg/pch/macro-1.c (test for excess errors) FAIL: gcc.dg/pch/macro-1.c (test for excess errors) FAIL: gcc.dg/pch/macro-1.c (test for excess errors) FAIL: gcc.dg/pch/macro-1.c (test for excess errors) FAIL: gcc.dg/pch/macro-2.c (test for excess errors) FAIL: gcc.dg/pch/macro-2.c (test for excess errors) FAIL: gcc.dg/pch/macro-2.c (test for excess errors) FAIL: gcc.dg/pch/macro-2.c (test for excess errors) FAIL: gcc.dg/pch/macro-2.c (test for excess errors) FAIL: gcc.dg/pch/macro-2.c (test for excess errors) FAIL: gcc.dg/pch/macro-2.c (test for excess errors) FAIL: gcc.dg/pch/macro-3.c (test for excess errors) FAIL: gcc.dg/pch/macro-3.c (test for excess errors) FAIL: gcc.dg/pch/macro-3.c (test for excess errors) FAIL: gcc.dg/pch/macro-3.c (test for excess errors) FAIL: gcc.dg/pch/macro-3.c (test for excess errors) FAIL: gcc.dg/pch/macro-3.c (test for excess errors) FAIL: gcc.dg/pch/macro-3.c (test for excess errors) FAIL: gcc.dg/pch/static-1.c (test for excess errors) FAIL: gcc.dg/pch/static-1.c (test for excess errors) FAIL: gcc.dg/pch/static-1.c (test for excess errors) FAIL: gcc.dg/pch/static-1.c (test for excess errors) FAIL: gcc.dg/pch/static-1.c (test for excess errors) FAIL: gcc.dg/pch/static-1.c (test for excess errors) FAIL: gcc.dg/pch/static-1.c (test for excess errors) FAIL: gcc.dg/pch/static-2.c (test for excess errors) FAIL: gcc.dg/pch/static-2.c (test for excess errors) FAIL: gcc.dg/pch/static-2.c (test for excess errors) FAIL: gcc.dg/pch/static-2.c (test for excess errors) FAIL: gcc.dg/pch/static-2.c (test for excess errors) FAIL: gcc.dg/pch/static-2.c (test for excess errors) FAIL: gcc.dg/pch/static-2.c (test for excess errors) FAIL: gcc.dg/pch/static-3.c (test for excess errors) FAIL: gcc.dg/pch/static-3.c (test for excess errors) FAIL: gcc.dg/pch/static-3.c (test for excess errors) FAIL: gcc.dg/pch/static-3.c (test for excess errors) FAIL: gcc.dg/pch/static-3.c (test for excess errors) FAIL: gcc.dg/pch/static-3.c (test for excess errors) FAIL: gcc.dg/pch/static-3.c (test for excess errors) FAIL: gcc.dg/pch/system-1.c (test for excess errors) FAIL: gcc.dg/pch/system-1.c (test for excess errors) FAIL: gcc.dg/pch/system-1.c (test for excess errors) FAIL: gcc.dg/pch/system-1.c (test for excess errors) FAIL: gcc.dg/pch/system-1.c (test for excess errors) FAIL: gcc.dg/pch/system-1.c (test for excess errors) FAIL: gcc.dg/pch/system-1.c (test for excess errors) FAIL: gcc.dg/torture/builtin-noret-1.c (test for excess errors) FAIL: gcc.dg/torture/builtin-noret-1.c (test for excess errors) FAIL: gcc.dg/torture/builtin-noret-1.c (test for excess errors) FAIL: gcc.dg/torture/builtin-noret-1.c (test for excess errors) FAIL: gcc.dg/torture/builtin-noret-1.c (test for excess errors) FAIL: gcc.dg/torture/builtin-noret-1.c (test for excess errors) FAIL: gcc.dg/torture/builtin-noret-2.c (test for excess errors) FAIL: gcc.dg/torture/builtin-noret-2.c (test for excess errors) FAIL: gcc.dg/torture/builtin-noret-2.c (test for excess errors) FAIL: gcc.dg/torture/builtin-noret-2.c (test for excess errors) FAIL: gcc.dg/torture/builtin-noret-2.c (test for excess errors) FAIL: gcc.dg/torture/builtin-noret-2.c (test for excess errors)

=== gcc Summary ===

# of expected passes            24599
# of unexpected failures        173
# of expected failures          69
# of untested testcases         161
# of unsupported tests          200
/cygdrive/c/gnu/gcc-3.4.0/xp/gcc/xgcc version 3.4.0

=== objc tests ===


Running target unix


=== objc Summary ===

# of expected passes            1341
# of unsupported tests          8
/cygdrive/c/gnu/gcc-3.4.0/xp/gcc/xgcc version 3.4.0

=== libffi tests ===


Running target unix
FAIL: libffi.call/cls_16byte.c output pattern test, is 7 8 1 0 1.78947e-307 4199408: 7 8 4199409
FAIL: libffi.call/cls_18byte.c output pattern test, is 1 127 126 0 6.76264e-310 39 178 1.7896e-307: 1 166 48 1.7896e-307
FAIL: libffi.call/cls_19byte.c output pattern test, is 1 127 126 3 0 1.55907e-300 0 0 1.78993e-307 0: 1 127 126 3 0
FAIL: libffi.call/cls_1_1byte.c output pattern test, is 213 12: 225
FAIL: libffi.call/cls_20byte.c output pattern test, is 1 2 3 5.31017e-315 1.53851e-313 2289416: 1 2 2289419
FAIL: libffi.call/cls_20byte1.c output pattern test, is 1 2 8.48798e-314 -22017168 5.31147e-315 1.78947e-307: -22017167 2 1.78947e-307
FAIL: libffi.call/cls_2byte.c execution test
FAIL: libffi.call/cls_3byte1.c execution test
FAIL: libffi.call/cls_3byte2.c execution test
FAIL: libffi.call/cls_4_1byte.c execution test
FAIL: libffi.call/cls_4byte.c execution test
FAIL: libffi.call/cls_7byte.c execution test
FAIL: libffi.call/cls_8byte.c execution test
FAIL: libffi.call/cls_9byte1.c output pattern test, is 7 2.122e-314 2147344384 1.78914e-307: 2147344391 1.78914e-307
FAIL: libffi.call/cls_9byte2.c output pattern test, is 7 8 1.96279e-313 2289512: 7 2289520
FAIL: libffi.call/cls_align_double.c output pattern test, is 12 4951 1 0 1.78947e-307 240: 12 4951 241
FAIL: libffi.call/cls_align_sint64.c output pattern test, is 12 4951 1 104 18038471803465480 48: 116 18038471803470431 49
FAIL: libffi.call/cls_align_uint64.c output pattern test, is 12 4951 1 104 18038471803465480 48: 116 18038471803470431 49
FAIL: libffi.call/nested_struct.c execution test
FAIL: libffi.call/nested_struct1.c execution test
FAIL: libffi.call/nested_struct3.c execution test
FAIL: libffi.call/struct1.c execution test
FAIL: libffi.call/struct3.c execution test
FAIL: libffi.call/struct5.c execution test
FAIL: libffi.call/struct6.c execution test
FAIL: libffi.call/struct9.c execution test


=== libffi Summary ===

# of expected passes            180
# of unexpected failures        26
                === libjava tests ===


Running target unix FAIL: linking simple FAIL: linking calls FAIL: linking cxxtest FAIL: linking field FAIL: linking final_method FAIL: linking findclass FAIL: linking invoke FAIL: linking jniutf FAIL: linking martin FAIL: linking noclass FAIL: linking overload FAIL: linking pr11951 FAIL: linking register FAIL: linking simple_int FAIL: linking throwit FAIL: linking virtual FAIL: ArrayStore execution - gij test FAIL: ArrayStore execution - gij test FAIL: ArrayStore2 execution - gij test FAIL: ArrayStore2 execution - gij test FAIL: Divide_1 output - source compiled test FAIL: Divide_1 execution - gij test FAIL: Divide_1 output - bytecode->native test FAIL: Divide_1 -O3 output - source compiled test FAIL: Divide_1 execution - gij test FAIL: Divide_1 -O3 output - bytecode->native test FAIL: FileHandleGcTest execution - source compiled test FAIL: FileHandleGcTest execution - gij test FAIL: FileHandleGcTest execution - bytecode->native test FAIL: FileHandleGcTest -O3 execution - source compiled test FAIL: FileHandleGcTest execution - gij test FAIL: FileHandleGcTest -O3 execution - bytecode->native test FAIL: Final execution - gij test FAIL: Final execution - gij test FAIL: G19990302_02 execution - gij test FAIL: G19990302_02 execution - gij test FAIL: G19990303_01 execution - gij test FAIL: G19990303_01 execution - gij test FAIL: G19990303_02 execution - gij test FAIL: G19990303_02 execution - gij test FAIL: G19990304_01 execution - gij test FAIL: G19990304_01 execution - gij test FAIL: InterfaceDispatch execution - gij test FAIL: InterfaceDispatch execution - gij test FAIL: Invoke_1 execution - gij test FAIL: Invoke_1 execution - gij test FAIL: PR218 execution - gij test FAIL: PR218 execution - gij test FAIL: StringBuffer_1 execution - gij test FAIL: StringBuffer_1 execution - gij test FAIL: StringBuffer_overflow execution - gij test FAIL: StringBuffer_overflow execution - gij test FAIL: String_overflow execution - gij test FAIL: String_overflow execution - gij test FAIL: Thread_Alive execution - gij test FAIL: Thread_Alive execution - gij test WARNING: program timed out. FAIL: Thread_Interrupt execution - source compiled test WARNING: program timed out. FAIL: Thread_Interrupt execution - gij test WARNING: program timed out. FAIL: Thread_Interrupt execution - bytecode->native test WARNING: program timed out. FAIL: Thread_Interrupt -O3 execution - source compiled test WARNING: program timed out. FAIL: Thread_Interrupt execution - gij test WARNING: program timed out. FAIL: Thread_Interrupt -O3 execution - bytecode->native test WARNING: program timed out. FAIL: Thread_Wait_2 execution - source compiled test WARNING: program timed out. FAIL: Thread_Wait_2 execution - gij test WARNING: program timed out. FAIL: Thread_Wait_2 execution - bytecode->native test WARNING: program timed out. FAIL: Thread_Wait_2 -O3 execution - source compiled test WARNING: program timed out. FAIL: Thread_Wait_2 execution - gij test WARNING: program timed out. FAIL: Thread_Wait_2 -O3 execution - bytecode->native test WARNING: program timed out. FAIL: Thread_Wait_Interrupt execution - source compiled test WARNING: program timed out. FAIL: Thread_Wait_Interrupt execution - gij test WARNING: program timed out. FAIL: Thread_Wait_Interrupt execution - bytecode->native test WARNING: program timed out. FAIL: Thread_Wait_Interrupt -O3 execution - source compiled test WARNING: program timed out. FAIL: Thread_Wait_Interrupt execution - gij test WARNING: program timed out. FAIL: Thread_Wait_Interrupt -O3 execution - bytecode->native test FAIL: Throw_2 execution - gij test FAIL: Throw_2 execution - gij test FAIL: instinit2 execution - gij test FAIL: instinit2 execution - gij test FAIL: invokethrow execution - gij test FAIL: invokethrow execution - gij test FAIL: pr184 execution - gij test FAIL: pr184 execution - gij test FAIL: pr83 execution - gij test FAIL: pr83 execution - gij test

=== libjava Summary ===

# of expected passes            3098
# of unexpected failures        84
# of expected failures          26
# of untested testcases         72
                === libstdc++ tests ===


Running target unix FAIL: 26_numerics/c99_classification_macros_c.cc (test for excess errors) FAIL: 26_numerics/complex/pow.cc execution test FAIL: 27_io/basic_filebuf/sputbackc/char/9425.cc execution test FAIL: 27_io/basic_istream/extractors_arithmetic/char/12.cc execution test

=== libstdc++ Summary ===

# of expected passes            1983
# of unexpected failures        4
# of expected failures          4

Compiler version: 3.4.0
Platform: i686-pc-cygwin
configure flags: --enable-threads=posix --enable-sjlj-exceptions --enable-libgcj
BOOT_CFLAGS=-O2 -pipe -march=pentium4



Tim Prince



Index Nav: [Date Index] [Subject Index] [Author Index] [Thread Index]
Message Nav: [Date Prev] [Date Next] [Thread Prev] [Thread Next]