This is the mail archive of the mailing list for the GCC project.

Index Nav: [Date Index] [Subject Index] [Author Index] [Thread Index]
Message Nav: [Date Prev] [Date Next] [Thread Prev] [Thread Next]
Other format: [Raw text]

Results for gcc testsuite on i686-pc-linux-gnu

Successfully built gcc-3.4.0 on i686-pc-linux-gnu (Gentoo):
glibc-2.3.3_pre20040207, stage 1 built with
gcc-3.3.3 20040217 (Gentoo), from a full tarball.

\$uname -a
Linux prat 2.6.6-rc1-mm1 #1 Mon Apr 19 22:27:39 CDT 2004 i686 AMD Athlon(TM) XP 1900+ AuthenticAMD GNU/Linux

Haven't run make check on this, but did on the 2004-04-16 prerelease, and it checks out.
I've also used it to build the currently running kernel with no problems.
Note that I built with 'make profiledbootstrap', not 'make bootstrap'. I haven't run any
benchmarks yet but the grass-is-greener effect indicates that it does indeed feel faster.

LAST_UPDATED: Obtained from CVS: -rgcc_3_4_0_release 

Native configuration is i686-pc-linux-gnu

		=== g++ tests ===

Running target unix
WARNING: g++.old-deja/g++.mike/p10769a.C compilation failed to produce executable
WARNING: g++.old-deja/g++.other/enum5.C compilation failed to produce executable
XPASS: g++.old-deja/g++.other/init5.C execution test
WARNING: g++.old-deja/ compilation failed to produce executable

		=== g++ Summary ===

# of expected passes		9581
# of unexpected successes	1
# of expected failures		67
# of unsupported tests		31
		=== g77 tests ===

Running target unix

		=== g77 Summary ===

# of expected passes		1812
		=== gcc tests ===

Running target unix
FAIL: gcc.c-torture/execute/va-arg-25.c execution,  -Os 

		=== gcc Summary ===

# of expected passes		24576
# of unexpected failures	1
# of expected failures		70
# of untested testcases		7
# of unsupported tests		182
		=== objc tests ===

Running target unix

		=== objc Summary ===

# of expected passes		1341
# of unsupported tests		8
		=== libffi tests ===

Running target unix

		=== libffi Summary ===

# of expected passes		212
# of unsupported tests		2
		=== libjava tests ===

Running target unix
FAIL: linking simple

		=== libjava Summary ===

# of expected passes		3260
# of unexpected failures	1
# of expected failures		11
# of untested testcases		8

		=== libstdc++-v3 check-abi Summary ===

# of added symbols:		 335
# of missing symbols:		 323
# of incompatible symbols:	 354
		=== libstdc++ tests ===

Running target unix

		=== libstdc++ Summary ===

# of expected passes		2647
# of expected failures		6

Compiler version: gcc 
Platform: i686-pc-linux-gnu
configure flags: --prefix=/usr/local/gcc-3.4.0 --enable-shared --with-system-zlib --enable-languages=c,c++,f77,objc,java --enable-threads=posix --enable-long-long --disable-checking --enable-cstdio=stdio --enable-clocale=generic --enable-__cxa_atexit --enable-version-specific-runtime-libs --enable-nls --without-included-gettext --x-includes=/usr/X11R6/include --x-libraries=/usr/X11R6/lib --enable-interpreter --enable-java-awt=xlib --with-x --disable-multilib --disable-werror --disable-checking --enable-fast-character

Index Nav: [Date Index] [Subject Index] [Author Index] [Thread Index]
Message Nav: [Date Prev] [Date Next] [Thread Prev] [Thread Next]