This is the mail archive of the gcc-testresults@gcc.gnu.org mailing list for the GCC project.


Index Nav: [Date Index] [Subject Index] [Author Index] [Thread Index]
Message Nav: [Date Prev] [Date Next] [Thread Prev] [Thread Next]
Other format: [Raw text]

Results for 3.4.120040420(prerelease) testsuite on i686-pc-linux-gnu


Host is an out-of-the-box Debian 2.2.20 stable on an i686

The C and Ada compiler used for the test-build is the gnat-3.14p (Debian package) - Effectuated with "export CC=gnatgcc" prior build and test.

binutils: 2.14.90.0.6-3
bison: 1.35-3
dejagnu: 1.4.2-1.1
expect: 5.32.2-4
gnat: 3.14p-3

If I can help in any way, I can be reached at: pdj at maridan dot dk
----

LAST_UPDATED: Tue Apr 20 19:03:50 UTC 2004

		=== acats tests ===
FAIL:	c974005

		=== acats Summary ===
# of expected passes		2321
# of unexpected failures	1
Native configuration is i686-pc-linux-gnu

		=== gcc tests ===


Running target unix
FAIL: gcc.c-torture/execute/va-arg-25.c execution,  -Os 
FAIL: gcc.dg/typespec-1.c unsigned long long int double (test for errors, line 934)
FAIL: gcc.dg/typespec-1.c unsigned long long int signed (test for errors, line 935)
FAIL: gcc.dg/typespec-1.c unsigned long long int unsigned (test for errors, line 936)
FAIL: gcc.dg/typespec-1.c unsigned long long int _Bool (test for errors, line 937)
FAIL: gcc.dg/typespec-1.c (test for excess errors)

		=== gcc Summary ===

# of expected passes		24571
# of unexpected failures	6
# of expected failures		70
# of untested testcases		7
# of unsupported tests		182
/usr/local/gcc-ada-tests/build/gcc/gcc/xgcc version 3.4.1 20040420 (prerelease)


Compiler version: 3.4.120040420(prerelease) 
Platform: i686-pc-linux-gnu
configure flags: --enable-languages=c,ada --disable-nls


Index Nav: [Date Index] [Subject Index] [Author Index] [Thread Index]
Message Nav: [Date Prev] [Date Next] [Thread Prev] [Thread Next]