This is the mail archive of the
gcc-testresults@gcc.gnu.org
mailing list for the GCC project.
Results for 3.4.0 20040418 (prerelease) testsuite on x86_64-unknown-linux-gnu
- From: scott dot ladd at coyotegulch dot com
- To: gcc-testresults at gcc dot gnu dot org
- Date: Sun, 18 Apr 2004 04:10:46 -0400
- Subject: Results for 3.4.0 20040418 (prerelease) testsuite on x86_64-unknown-linux-gnu
System Corwin (x86_64)
Dual Opteron 240, 1.4GHz
Tyan K8W 2885 motherboard
120GB Maxtor 7200 RPM ATA-133 HD
2GB PC2700 DRAM (1GB per processor, NUMA)
Radeon 9200 Pro, 128MB, NEC FE990
Linux 2.6.5-gentoo #4 SMP Mon Apr 12 13:16:02 EDT 2004
GNU C Library stable release version 2.3.3, by Roland McGrath et al.
GNU assembler 2.14.90.0.8 20040114
ln (coreutils) 5.2.0
LAST_UPDATED:
Native configuration is x86_64-unknown-linux-gnu
=== g++ tests ===
Running target unix
WARNING: g++.old-deja/g++.mike/p10769a.C compilation failed to produce executable
WARNING: g++.old-deja/g++.other/enum5.C compilation failed to produce executable
XPASS: g++.old-deja/g++.other/init5.C execution test
WARNING: g++.old-deja/g++.pt/friend44.C compilation failed to produce executable
=== g++ Summary ===
# of expected passes 9508
# of unexpected successes 1
# of expected failures 67
# of unsupported tests 68
/home/scott/projects/gnu/gcc-3.4/build/gcc/testsuite/../g++ version 3.4.0 20040418 (prerelease)
=== g77 tests ===
Running target unix
=== g77 Summary ===
# of expected passes 1800
# of unsupported tests 6
/home/scott/projects/gnu/gcc-3.4/build/gcc/testsuite/../g77 version 3.4.0 20040418 (prerelease)
=== gcc tests ===
Running target unix
FAIL: gcc.dg/compat/vector-1 c_compat_x_tst.o compile
FAIL: gcc.dg/compat/vector-1 c_compat_y_tst.o compile
UNRESOLVED: gcc.dg/compat/vector-1 c_compat_x_tst.o-c_compat_y_tst.o link
UNRESOLVED: gcc.dg/compat/vector-1 c_compat_x_tst.o-c_compat_y_tst.o execute
FAIL: gcc.dg/compat/vector-2 c_compat_x_tst.o compile
FAIL: gcc.dg/compat/vector-2 c_compat_y_tst.o compile
UNRESOLVED: gcc.dg/compat/vector-2 c_compat_x_tst.o-c_compat_y_tst.o link
UNRESOLVED: gcc.dg/compat/vector-2 c_compat_x_tst.o-c_compat_y_tst.o execute
FAIL: gcc.dg/20020103-1.c scan-assembler-not LC
FAIL: gcc.dg/i386-local.c scan-assembler magic[^\\\\n]*eax
FAIL: gcc.dg/i386-sse-2.c (test for excess errors)
FAIL: gcc.dg/i386-sse-8.c (test for excess errors)
FAIL: gcc.dg/titype-1.c (test for excess errors)
WARNING: gcc.dg/titype-1.c compilation failed to produce executable
=== gcc Summary ===
# of expected passes 24347
# of unexpected failures 9
# of expected failures 69
# of unresolved testcases 4
# of untested testcases 7
# of unsupported tests 274
/home/scott/projects/gnu/gcc-3.4/build/gcc/xgcc version 3.4.0 20040418 (prerelease)
=== libstdc++-v3 check-abi Summary ===
# of added symbols: 283
# of missing symbols: 271
# of incompatible symbols: 302
=== libstdc++ tests ===
Running target unix
XPASS: 26_numerics/c99_classification_macros_c.cc (test for excess errors)
XPASS: 27_io/fpos/14320-1.cc execution test
=== libstdc++ Summary ===
# of expected passes 2647
# of unexpected successes 2
# of expected failures 4
Compiler version: 3.4.0 20040418 (prerelease)
Platform: x86_64-unknown-linux-gnu
configure flags: -prefix=/opt/gcc-3.4 --enable-shared --enable-threads=posix --enable-__cxa_atexit --enable-languages=c,c++,f77 --disable-checking --disable-multilib