This is the mail archive of the
gcc-testresults@gcc.gnu.org
mailing list for the GCC project.
Results for 3.5.0 20040413 (experimental) testsuite on i686-pc-linux-gnu
- From: hjl at gnu-psc dot sc dot intel dot com (H.J. Lu)
- To: gcc-testresults at gcc dot gnu dot org
- Date: Wed, 14 Apr 2004 08:10:14 -0700 (PDT)
- Subject: Results for 3.5.0 20040413 (experimental) testsuite on i686-pc-linux-gnu
LAST_UPDATED: Tue Apr 13 22:02:04 UTC 2004
=== acats tests ===
=== acats Summary ===
# of expected passes 2305
# of unexpected failures 0
Native configuration is i686-pc-linux-gnu
=== gcc tests ===
Running target unix
FAIL: gcc.c-torture/execute/va-arg-25.c execution, -Os
FAIL: gcc.dg/c90-const-expr-3.c (test for excess errors)
FAIL: gcc.dg/c99-const-expr-3.c (test for excess errors)
=== gcc Summary ===
# of expected passes 25360
# of unexpected failures 3
# of expected failures 60
# of untested testcases 28
# of unsupported tests 186
/export/build/gnu/gcc/build-pentium4-linux/gcc/xgcc version 3.5.0 20040413 (experimental)
Compiler version: 3.5.0 20040413 (experimental)
Platform: i686-pc-linux-gnu
configure flags: --enable-clocale=gnu --with-system-zlib --with-cpu=prescott --enable-shared --enable-threads=posix --enable-haifa --disable-checking --prefix=/usr/gcc-3.5 --with-local-prefix=/usr/local --enable-languages=c,ada