This is the mail archive of the
gcc-testresults@gcc.gnu.org
mailing list for the GCC project.
Results for 3.5.0 20040412 (experimental) testsuite on hppa-unknown-linux-gnu
- From: dave at hiauly6 dot hia dot nrc dot ca (John David Anglin)
- To: dave at hiauly6 dot hia dot nrc dot ca, gcc-testresults at gcc dot gnu dot org
- Date: Mon, 12 Apr 2004 23:38:29 -0400 (EDT)
- Subject: Results for 3.5.0 20040412 (experimental) testsuite on hppa-unknown-linux-gnu
LAST_UPDATED: Mon Apr 12 22:45:58 UTC 2004
=== acats tests ===
=== acats Summary ===
# of expected passes 1965
# of unexpected failures 0
# of unsupported tests 357
Native configuration is hppa-unknown-linux-gnu
=== g++ tests ===
Running target unix
XPASS: g++.dg/other/packed1.C execution test
FAIL: g++.dg/pch/externc-1.C -g (test for excess errors)
FAIL: g++.dg/pch/externc-1.C -O2 -g (test for excess errors)
FAIL: g++.dg/pch/externc-1.C -O2 (test for excess errors)
WARNING: g++.old-deja/g++.mike/p10769a.C compilation failed to produce executable
WARNING: g++.old-deja/g++.other/enum5.C compilation failed to produce executable
XPASS: g++.old-deja/g++.other/init5.C execution test
WARNING: g++.old-deja/g++.pt/friend44.C compilation failed to produce executable
=== g++ Summary ===
# of expected passes 9624
# of unexpected failures 3
# of unexpected successes 2
# of expected failures 82
# of untested testcases 3
# of unsupported tests 78
/home/dave/gnu/gcc-3.5/objdir/gcc/testsuite/../g++ version 3.5.0 20040412 (experimental)
=== g77 tests ===
Running target unix
=== g77 Summary ===
# of expected passes 1788
# of unsupported tests 6
/home/dave/gnu/gcc-3.5/objdir/gcc/testsuite/../g77 version 3.5.0 20040412 (experimental)
=== gcc tests ===
Running target unix
FAIL: gcc.dg/c90-const-expr-3.c (test for excess errors)
FAIL: gcc.dg/c99-const-expr-3.c (test for excess errors)
FAIL: gcc.dg/const-elim-1.c scan-assembler-not L\\\\\$?C[^A-Z]
FAIL: largefile.c -O0 -g (test for excess errors)
FAIL: largefile.c -O0 (test for excess errors)
FAIL: largefile.c -O1 (test for excess errors)
FAIL: largefile.c -O2 (test for excess errors)
FAIL: largefile.c -O3 -fomit-frame-pointer (test for excess errors)
FAIL: largefile.c -O3 -g (test for excess errors)
FAIL: largefile.c -Os (test for excess errors)
=== gcc Summary ===
# of expected passes 24951
# of unexpected failures 10
# of expected failures 58
# of untested testcases 35
# of unsupported tests 322
/home/dave/gnu/gcc-3.5/objdir/gcc/xgcc version 3.5.0 20040412 (experimental)
=== objc tests ===
Running target unix
=== objc Summary ===
# of expected passes 1339
# of unsupported tests 8
/home/dave/gnu/gcc-3.5/objdir/gcc/xgcc version 3.5.0 20040412 (experimental)
=== libstdc++-v3 check-abi Summary ===
# of added symbols: 293
# of missing symbols: 285
# of incompatible symbols: 316
=== libstdc++ tests ===
Running target unix
XPASS: 26_numerics/c99_classification_macros_c.cc (test for excess errors)
FAIL: 27_io/basic_filebuf/sgetn/char/1-in.cc execution test
FAIL: 27_io/basic_filebuf/sgetn/char/1-io.cc execution test
FAIL: 27_io/basic_filebuf/sgetn/char/2-in.cc execution test
FAIL: 27_io/basic_filebuf/sgetn/char/2-io.cc execution test
FAIL: 27_io/basic_filebuf/underflow/wchar_t/11603.cc execution test
FAIL: 27_io/basic_istream/readsome/char/6746-2.cc execution test
=== libstdc++ Summary ===
# of expected passes 2647
# of unexpected failures 6
# of unexpected successes 1
# of expected failures 5
Compiler version: 3.5.0 20040412 (experimental)
Platform: hppa-unknown-linux-gnu
configure flags: --with-gnu-as --with-as=/home/dave/opt/gnu/bin/as --with-gnu-ld --with-ld=/home/dave/opt/gnu/bin/ld --enable-shared --prefix=/home/dave/opt/gnu/gcc/gcc-3.5-sjlj --with-local-prefix=/home/dave/opt/gnu --enable-threads=posix --enable-__cxa_atexit --host=hppa-linux --enable-sjlj-exceptions=yes --enable-clocale=gnu --enable-java-gc=boehm --enable-java-awt=xlib,gtk --enable-languages=c,ada,c++,f77,java,objc