This is the mail archive of the
gcc-testresults@gcc.gnu.org
mailing list for the GCC project.
Results for 3.4.0 20040407 (prerelease) testsuite on hppa2.0w-hp-hpux11.00
- From: Joe Buck <jbuck at haphazrd dot synopsys dot com>
- To: gcc-testresults at gcc dot gnu dot org
- Date: Wed, 7 Apr 2004 15:56:12 -0700 (PDT)
- Subject: Results for 3.4.0 20040407 (prerelease) testsuite on hppa2.0w-hp-hpux11.00
This is an HP 9000/785 (2 processors, 550 MHz, 1GB)
Bootstrapped with HP's C compiler
as is from binutils-2.13.1 (FSF)
All languages were tested.
LAST_UPDATED: Obtained from CVS: -rgcc-3_4-branch
Native configuration is hppa2.0w-hp-hpux11.00
=== g++ tests ===
Running target unix
ERROR: g++.dg/abi/covariant1.C: error executing dg-final: bad option "map": must be compare, first, index, last, length, match, range, tolower, toupper, trim, trimleft, trimright, wordend, or wordstart
UNRESOLVED: g++.dg/abi/covariant1.C: error executing dg-final: bad option "map": must be compare, first, index, last, length, match, range, tolower, toupper, trim, trimleft, trimright, wordend, or wordstart
ERROR: g++.dg/abi/mangle1.C: error executing dg-final: bad option "map": must be compare, first, index, last, length, match, range, tolower, toupper, trim, trimleft, trimright, wordend, or wordstart
UNRESOLVED: g++.dg/abi/mangle1.C: error executing dg-final: bad option "map": must be compare, first, index, last, length, match, range, tolower, toupper, trim, trimleft, trimright, wordend, or wordstart
ERROR: g++.dg/abi/mangle10.C: error executing dg-final: bad option "map": must be compare, first, index, last, length, match, range, tolower, toupper, trim, trimleft, trimright, wordend, or wordstart
UNRESOLVED: g++.dg/abi/mangle10.C: error executing dg-final: bad option "map": must be compare, first, index, last, length, match, range, tolower, toupper, trim, trimleft, trimright, wordend, or wordstart
ERROR: g++.dg/abi/mangle13.C: error executing dg-final: bad option "map": must be compare, first, index, last, length, match, range, tolower, toupper, trim, trimleft, trimright, wordend, or wordstart
UNRESOLVED: g++.dg/abi/mangle13.C: error executing dg-final: bad option "map": must be compare, first, index, last, length, match, range, tolower, toupper, trim, trimleft, trimright, wordend, or wordstart
ERROR: g++.dg/abi/mangle15.C: error executing dg-final: bad option "map": must be compare, first, index, last, length, match, range, tolower, toupper, trim, trimleft, trimright, wordend, or wordstart
UNRESOLVED: g++.dg/abi/mangle15.C: error executing dg-final: bad option "map": must be compare, first, index, last, length, match, range, tolower, toupper, trim, trimleft, trimright, wordend, or wordstart
ERROR: g++.dg/abi/mangle16.C: error executing dg-final: bad option "map": must be compare, first, index, last, length, match, range, tolower, toupper, trim, trimleft, trimright, wordend, or wordstart
UNRESOLVED: g++.dg/abi/mangle16.C: error executing dg-final: bad option "map": must be compare, first, index, last, length, match, range, tolower, toupper, trim, trimleft, trimright, wordend, or wordstart
ERROR: g++.dg/abi/mangle18-1.C: error executing dg-final: bad option "map": must be compare, first, index, last, length, match, range, tolower, toupper, trim, trimleft, trimright, wordend, or wordstart
UNRESOLVED: g++.dg/abi/mangle18-1.C: error executing dg-final: bad option "map": must be compare, first, index, last, length, match, range, tolower, toupper, trim, trimleft, trimright, wordend, or wordstart
ERROR: g++.dg/abi/mangle18-2.C: error executing dg-final: bad option "map": must be compare, first, index, last, length, match, range, tolower, toupper, trim, trimleft, trimright, wordend, or wordstart
UNRESOLVED: g++.dg/abi/mangle18-2.C: error executing dg-final: bad option "map": must be compare, first, index, last, length, match, range, tolower, toupper, trim, trimleft, trimright, wordend, or wordstart
ERROR: g++.dg/abi/mangle19-1.C: error executing dg-final: bad option "map": must be compare, first, index, last, length, match, range, tolower, toupper, trim, trimleft, trimright, wordend, or wordstart
UNRESOLVED: g++.dg/abi/mangle19-1.C: error executing dg-final: bad option "map": must be compare, first, index, last, length, match, range, tolower, toupper, trim, trimleft, trimright, wordend, or wordstart
ERROR: g++.dg/abi/mangle19-2.C: error executing dg-final: bad option "map": must be compare, first, index, last, length, match, range, tolower, toupper, trim, trimleft, trimright, wordend, or wordstart
UNRESOLVED: g++.dg/abi/mangle19-2.C: error executing dg-final: bad option "map": must be compare, first, index, last, length, match, range, tolower, toupper, trim, trimleft, trimright, wordend, or wordstart
ERROR: g++.dg/abi/mangle20-1.C: error executing dg-final: bad option "map": must be compare, first, index, last, length, match, range, tolower, toupper, trim, trimleft, trimright, wordend, or wordstart
UNRESOLVED: g++.dg/abi/mangle20-1.C: error executing dg-final: bad option "map": must be compare, first, index, last, length, match, range, tolower, toupper, trim, trimleft, trimright, wordend, or wordstart
ERROR: g++.dg/abi/mangle20-2.C: error executing dg-final: bad option "map": must be compare, first, index, last, length, match, range, tolower, toupper, trim, trimleft, trimright, wordend, or wordstart
UNRESOLVED: g++.dg/abi/mangle20-2.C: error executing dg-final: bad option "map": must be compare, first, index, last, length, match, range, tolower, toupper, trim, trimleft, trimright, wordend, or wordstart
ERROR: g++.dg/abi/mangle3.C: error executing dg-final: bad option "map": must be compare, first, index, last, length, match, range, tolower, toupper, trim, trimleft, trimright, wordend, or wordstart
UNRESOLVED: g++.dg/abi/mangle3.C: error executing dg-final: bad option "map": must be compare, first, index, last, length, match, range, tolower, toupper, trim, trimleft, trimright, wordend, or wordstart
ERROR: g++.dg/abi/mangle5.C: error executing dg-final: bad option "map": must be compare, first, index, last, length, match, range, tolower, toupper, trim, trimleft, trimright, wordend, or wordstart
UNRESOLVED: g++.dg/abi/mangle5.C: error executing dg-final: bad option "map": must be compare, first, index, last, length, match, range, tolower, toupper, trim, trimleft, trimright, wordend, or wordstart
ERROR: g++.dg/abi/mangle7.C: error executing dg-final: bad option "map": must be compare, first, index, last, length, match, range, tolower, toupper, trim, trimleft, trimright, wordend, or wordstart
UNRESOLVED: g++.dg/abi/mangle7.C: error executing dg-final: bad option "map": must be compare, first, index, last, length, match, range, tolower, toupper, trim, trimleft, trimright, wordend, or wordstart
ERROR: g++.dg/abi/mangle8.C: error executing dg-final: bad option "map": must be compare, first, index, last, length, match, range, tolower, toupper, trim, trimleft, trimright, wordend, or wordstart
UNRESOLVED: g++.dg/abi/mangle8.C: error executing dg-final: bad option "map": must be compare, first, index, last, length, match, range, tolower, toupper, trim, trimleft, trimright, wordend, or wordstart
ERROR: g++.dg/abi/mangle9.C: error executing dg-final: bad option "map": must be compare, first, index, last, length, match, range, tolower, toupper, trim, trimleft, trimright, wordend, or wordstart
UNRESOLVED: g++.dg/abi/mangle9.C: error executing dg-final: bad option "map": must be compare, first, index, last, length, match, range, tolower, toupper, trim, trimleft, trimright, wordend, or wordstart
ERROR: g++.dg/abi/vague1.C: error executing dg-final: bad option "map": must be compare, first, index, last, length, match, range, tolower, toupper, trim, trimleft, trimright, wordend, or wordstart
UNRESOLVED: g++.dg/abi/vague1.C: error executing dg-final: bad option "map": must be compare, first, index, last, length, match, range, tolower, toupper, trim, trimleft, trimright, wordend, or wordstart
ERROR: g++.dg/abi/vtt1.C: error executing dg-final: bad option "map": must be compare, first, index, last, length, match, range, tolower, toupper, trim, trimleft, trimright, wordend, or wordstart
UNRESOLVED: g++.dg/abi/vtt1.C: error executing dg-final: bad option "map": must be compare, first, index, last, length, match, range, tolower, toupper, trim, trimleft, trimright, wordend, or wordstart
ERROR: g++.dg/ext/asm1.C: error executing dg-final: bad option "map": must be compare, first, index, last, length, match, range, tolower, toupper, trim, trimleft, trimright, wordend, or wordstart
UNRESOLVED: g++.dg/ext/asm1.C: error executing dg-final: bad option "map": must be compare, first, index, last, length, match, range, tolower, toupper, trim, trimleft, trimright, wordend, or wordstart
ERROR: g++.dg/ext/asmspecValid.C: error executing dg-final: bad option "map": must be compare, first, index, last, length, match, range, tolower, toupper, trim, trimleft, trimright, wordend, or wordstart
UNRESOLVED: g++.dg/ext/asmspecValid.C: error executing dg-final: bad option "map": must be compare, first, index, last, length, match, range, tolower, toupper, trim, trimleft, trimright, wordend, or wordstart
ERROR: g++.dg/ext/instantiate1.C: error executing dg-final: bad option "map": must be compare, first, index, last, length, match, range, tolower, toupper, trim, trimleft, trimright, wordend, or wordstart
UNRESOLVED: g++.dg/ext/instantiate1.C: error executing dg-final: bad option "map": must be compare, first, index, last, length, match, range, tolower, toupper, trim, trimleft, trimright, wordend, or wordstart
ERROR: g++.dg/ext/instantiate2.C: error executing dg-final: bad option "map": must be compare, first, index, last, length, match, range, tolower, toupper, trim, trimleft, trimright, wordend, or wordstart
UNRESOLVED: g++.dg/ext/instantiate2.C: error executing dg-final: bad option "map": must be compare, first, index, last, length, match, range, tolower, toupper, trim, trimleft, trimright, wordend, or wordstart
ERROR: g++.dg/ext/instantiate3.C: error executing dg-final: bad option "map": must be compare, first, index, last, length, match, range, tolower, toupper, trim, trimleft, trimright, wordend, or wordstart
UNRESOLVED: g++.dg/ext/instantiate3.C: error executing dg-final: bad option "map": must be compare, first, index, last, length, match, range, tolower, toupper, trim, trimleft, trimright, wordend, or wordstart
ERROR: g++.dg/ext/pretty1.C: error executing dg-final: bad option "map": must be compare, first, index, last, length, match, range, tolower, toupper, trim, trimleft, trimright, wordend, or wordstart
UNRESOLVED: g++.dg/ext/pretty1.C: error executing dg-final: bad option "map": must be compare, first, index, last, length, match, range, tolower, toupper, trim, trimleft, trimright, wordend, or wordstart
ERROR: g++.dg/ext/typeof2.C: error executing dg-final: bad option "map": must be compare, first, index, last, length, match, range, tolower, toupper, trim, trimleft, trimright, wordend, or wordstart
UNRESOLVED: g++.dg/ext/typeof2.C: error executing dg-final: bad option "map": must be compare, first, index, last, length, match, range, tolower, toupper, trim, trimleft, trimright, wordend, or wordstart
XPASS: g++.dg/init/init-ref4.C execution test
ERROR: g++.dg/opt/inline4.C: error executing dg-final: bad option "map": must be compare, first, index, last, length, match, range, tolower, toupper, trim, trimleft, trimright, wordend, or wordstart
UNRESOLVED: g++.dg/opt/inline4.C: error executing dg-final: bad option "map": must be compare, first, index, last, length, match, range, tolower, toupper, trim, trimleft, trimright, wordend, or wordstart
ERROR: g++.dg/opt/inline6.C: error executing dg-final: bad option "map": must be compare, first, index, last, length, match, range, tolower, toupper, trim, trimleft, trimright, wordend, or wordstart
UNRESOLVED: g++.dg/opt/inline6.C: error executing dg-final: bad option "map": must be compare, first, index, last, length, match, range, tolower, toupper, trim, trimleft, trimright, wordend, or wordstart
ERROR: g++.dg/opt/template1.C: error executing dg-final: bad option "map": must be compare, first, index, last, length, match, range, tolower, toupper, trim, trimleft, trimright, wordend, or wordstart
UNRESOLVED: g++.dg/opt/template1.C: error executing dg-final: bad option "map": must be compare, first, index, last, length, match, range, tolower, toupper, trim, trimleft, trimright, wordend, or wordstart
ERROR: g++.dg/opt/vt1.C: error executing dg-final: bad option "map": must be compare, first, index, last, length, match, range, tolower, toupper, trim, trimleft, trimright, wordend, or wordstart
UNRESOLVED: g++.dg/opt/vt1.C: error executing dg-final: bad option "map": must be compare, first, index, last, length, match, range, tolower, toupper, trim, trimleft, trimright, wordend, or wordstart
ERROR: g++.dg/other/cxa-atexit1.C: error executing dg-final: bad option "map": must be compare, first, index, last, length, match, range, tolower, toupper, trim, trimleft, trimright, wordend, or wordstart
UNRESOLVED: g++.dg/other/cxa-atexit1.C: error executing dg-final: bad option "map": must be compare, first, index, last, length, match, range, tolower, toupper, trim, trimleft, trimright, wordend, or wordstart
ERROR: g++.dg/other/first-global.C: error executing dg-final: bad option "map": must be compare, first, index, last, length, match, range, tolower, toupper, trim, trimleft, trimright, wordend, or wordstart
UNRESOLVED: g++.dg/other/first-global.C: error executing dg-final: bad option "map": must be compare, first, index, last, length, match, range, tolower, toupper, trim, trimleft, trimright, wordend, or wordstart
ERROR: g++.dg/template/explicit-instantiation2.C: error executing dg-final: bad option "map": must be compare, first, index, last, length, match, range, tolower, toupper, trim, trimleft, trimright, wordend, or wordstart
UNRESOLVED: g++.dg/template/explicit-instantiation2.C: error executing dg-final: bad option "map": must be compare, first, index, last, length, match, range, tolower, toupper, trim, trimleft, trimright, wordend, or wordstart
ERROR: g++.dg/template/inline1.C: error executing dg-final: bad option "map": must be compare, first, index, last, length, match, range, tolower, toupper, trim, trimleft, trimright, wordend, or wordstart
UNRESOLVED: g++.dg/template/inline1.C: error executing dg-final: bad option "map": must be compare, first, index, last, length, match, range, tolower, toupper, trim, trimleft, trimright, wordend, or wordstart
ERROR: g++.dg/template/qualttp17.C: error executing dg-final: bad option "map": must be compare, first, index, last, length, match, range, tolower, toupper, trim, trimleft, trimright, wordend, or wordstart
UNRESOLVED: g++.dg/template/qualttp17.C: error executing dg-final: bad option "map": must be compare, first, index, last, length, match, range, tolower, toupper, trim, trimleft, trimright, wordend, or wordstart
UNRESOLVED: g++.old-deja/g++.ext/attrib5.C
WARNING: g++.old-deja/g++.mike/p10769a.C compilation failed to produce executable
FAIL: g++.old-deja/g++.other/comdat1.C (test for excess errors)
WARNING: g++.old-deja/g++.other/comdat1.C compilation failed to produce executable
FAIL: g++.old-deja/g++.other/comdat2.C (test for excess errors)
WARNING: g++.old-deja/g++.other/comdat2.C compilation failed to produce executable
FAIL: g++.old-deja/g++.other/comdat3.C (test for excess errors)
WARNING: g++.old-deja/g++.other/comdat3.C compilation failed to produce executable
FAIL: g++.old-deja/g++.other/ctor1.C (test for excess errors)
WARNING: g++.old-deja/g++.other/ctor1.C compilation failed to produce executable
WARNING: g++.old-deja/g++.other/enum5.C compilation failed to produce executable
WARNING: g++.old-deja/g++.pt/friend44.C compilation failed to produce executable
FAIL: g++.old-deja/g++.pt/instantiate5.C (test for excess errors)
XPASS: g++.old-deja/g++.pt/static3.C execution test
=== g++ Summary ===
# of expected passes 9246
# of unexpected failures 5
# of unexpected successes 2
# of expected failures 66
# of unresolved testcases 36
# of unsupported tests 73
/remote/atg2/jbuck/hptmp/gcc-3.4.0-pre/gcc/testsuite/../g++ version 3.4.0 20040407 (prerelease)
=== g77 tests ===
Running target unix
ERROR: g77.dg/fno-underscoring.f: error executing dg-final: bad option "map": must be compare, first, index, last, length, match, range, tolower, toupper, trim, trimleft, trimright, wordend, or wordstart
UNRESOLVED: g77.dg/fno-underscoring.f: error executing dg-final: bad option "map": must be compare, first, index, last, length, match, range, tolower, toupper, trim, trimleft, trimright, wordend, or wordstart
ERROR: g77.dg/fno-underscoring.f: error executing dg-final: bad option "map": must be compare, first, index, last, length, match, range, tolower, toupper, trim, trimleft, trimright, wordend, or wordstart
UNRESOLVED: g77.dg/fno-underscoring.f: error executing dg-final: bad option "map": must be compare, first, index, last, length, match, range, tolower, toupper, trim, trimleft, trimright, wordend, or wordstart
ERROR: g77.dg/fno-underscoring.f: error executing dg-final: bad option "map": must be compare, first, index, last, length, match, range, tolower, toupper, trim, trimleft, trimright, wordend, or wordstart
UNRESOLVED: g77.dg/fno-underscoring.f: error executing dg-final: bad option "map": must be compare, first, index, last, length, match, range, tolower, toupper, trim, trimleft, trimright, wordend, or wordstart
ERROR: g77.dg/fno-underscoring.f: error executing dg-final: bad option "map": must be compare, first, index, last, length, match, range, tolower, toupper, trim, trimleft, trimright, wordend, or wordstart
UNRESOLVED: g77.dg/fno-underscoring.f: error executing dg-final: bad option "map": must be compare, first, index, last, length, match, range, tolower, toupper, trim, trimleft, trimright, wordend, or wordstart
ERROR: g77.dg/fno-underscoring.f: error executing dg-final: bad option "map": must be compare, first, index, last, length, match, range, tolower, toupper, trim, trimleft, trimright, wordend, or wordstart
UNRESOLVED: g77.dg/fno-underscoring.f: error executing dg-final: bad option "map": must be compare, first, index, last, length, match, range, tolower, toupper, trim, trimleft, trimright, wordend, or wordstart
ERROR: g77.dg/fno-underscoring.f: error executing dg-final: bad option "map": must be compare, first, index, last, length, match, range, tolower, toupper, trim, trimleft, trimright, wordend, or wordstart
UNRESOLVED: g77.dg/fno-underscoring.f: error executing dg-final: bad option "map": must be compare, first, index, last, length, match, range, tolower, toupper, trim, trimleft, trimright, wordend, or wordstart
ERROR: g77.dg/funderscoring.f: error executing dg-final: bad option "map": must be compare, first, index, last, length, match, range, tolower, toupper, trim, trimleft, trimright, wordend, or wordstart
UNRESOLVED: g77.dg/funderscoring.f: error executing dg-final: bad option "map": must be compare, first, index, last, length, match, range, tolower, toupper, trim, trimleft, trimright, wordend, or wordstart
ERROR: g77.dg/funderscoring.f: error executing dg-final: bad option "map": must be compare, first, index, last, length, match, range, tolower, toupper, trim, trimleft, trimright, wordend, or wordstart
UNRESOLVED: g77.dg/funderscoring.f: error executing dg-final: bad option "map": must be compare, first, index, last, length, match, range, tolower, toupper, trim, trimleft, trimright, wordend, or wordstart
ERROR: g77.dg/funderscoring.f: error executing dg-final: bad option "map": must be compare, first, index, last, length, match, range, tolower, toupper, trim, trimleft, trimright, wordend, or wordstart
UNRESOLVED: g77.dg/funderscoring.f: error executing dg-final: bad option "map": must be compare, first, index, last, length, match, range, tolower, toupper, trim, trimleft, trimright, wordend, or wordstart
ERROR: g77.dg/funderscoring.f: error executing dg-final: bad option "map": must be compare, first, index, last, length, match, range, tolower, toupper, trim, trimleft, trimright, wordend, or wordstart
UNRESOLVED: g77.dg/funderscoring.f: error executing dg-final: bad option "map": must be compare, first, index, last, length, match, range, tolower, toupper, trim, trimleft, trimright, wordend, or wordstart
ERROR: g77.dg/funderscoring.f: error executing dg-final: bad option "map": must be compare, first, index, last, length, match, range, tolower, toupper, trim, trimleft, trimright, wordend, or wordstart
UNRESOLVED: g77.dg/funderscoring.f: error executing dg-final: bad option "map": must be compare, first, index, last, length, match, range, tolower, toupper, trim, trimleft, trimright, wordend, or wordstart
ERROR: g77.dg/funderscoring.f: error executing dg-final: bad option "map": must be compare, first, index, last, length, match, range, tolower, toupper, trim, trimleft, trimright, wordend, or wordstart
UNRESOLVED: g77.dg/funderscoring.f: error executing dg-final: bad option "map": must be compare, first, index, last, length, match, range, tolower, toupper, trim, trimleft, trimright, wordend, or wordstart
=== g77 Summary ===
# of expected passes 1788
# of unresolved testcases 12
# of unsupported tests 6
/remote/atg2/jbuck/hptmp/gcc-3.4.0-pre/gcc/testsuite/../g77 version 3.4.0 20040407 (prerelease)
=== gcc tests ===
Running target unix
ERROR: gcc.dg/cpp/19990228-1.c: error executing dg-final: bad option "map": must be compare, first, index, last, length, match, range, tolower, toupper, trim, trimleft, trimright, wordend, or wordstart
UNRESOLVED: gcc.dg/cpp/19990228-1.c: error executing dg-final: bad option "map": must be compare, first, index, last, length, match, range, tolower, toupper, trim, trimleft, trimright, wordend, or wordstart
ERROR: gcc.dg/cpp/_Pragma4.c: error executing dg-final: bad option "map": must be compare, first, index, last, length, match, range, tolower, toupper, trim, trimleft, trimright, wordend, or wordstart
UNRESOLVED: gcc.dg/cpp/_Pragma4.c: error executing dg-final: bad option "map": must be compare, first, index, last, length, match, range, tolower, toupper, trim, trimleft, trimright, wordend, or wordstart
ERROR: gcc.dg/cpp/_Pragma5.c: error executing dg-final: bad option "map": must be compare, first, index, last, length, match, range, tolower, toupper, trim, trimleft, trimright, wordend, or wordstart
UNRESOLVED: gcc.dg/cpp/_Pragma5.c: error executing dg-final: bad option "map": must be compare, first, index, last, length, match, range, tolower, toupper, trim, trimleft, trimright, wordend, or wordstart
ERROR: gcc.dg/cpp/avoidpaste1.c: error executing dg-final: bad option "map": must be compare, first, index, last, length, match, range, tolower, toupper, trim, trimleft, trimright, wordend, or wordstart
UNRESOLVED: gcc.dg/cpp/avoidpaste1.c: error executing dg-final: bad option "map": must be compare, first, index, last, length, match, range, tolower, toupper, trim, trimleft, trimright, wordend, or wordstart
ERROR: gcc.dg/cpp/avoidpaste2.c: error executing dg-final: bad option "map": must be compare, first, index, last, length, match, range, tolower, toupper, trim, trimleft, trimright, wordend, or wordstart
UNRESOLVED: gcc.dg/cpp/avoidpaste2.c: error executing dg-final: bad option "map": must be compare, first, index, last, length, match, range, tolower, toupper, trim, trimleft, trimright, wordend, or wordstart
ERROR: gcc.dg/cpp/cmdlne-C2.c: error executing dg-final: bad option "map": must be compare, first, index, last, length, match, range, tolower, toupper, trim, trimleft, trimright, wordend, or wordstart
UNRESOLVED: gcc.dg/cpp/cmdlne-C2.c: error executing dg-final: bad option "map": must be compare, first, index, last, length, match, range, tolower, toupper, trim, trimleft, trimright, wordend, or wordstart
ERROR: gcc.dg/cpp/cmdlne-P.c: error executing dg-final: bad option "map": must be compare, first, index, last, length, match, range, tolower, toupper, trim, trimleft, trimright, wordend, or wordstart
UNRESOLVED: gcc.dg/cpp/cmdlne-P.c: error executing dg-final: bad option "map": must be compare, first, index, last, length, match, range, tolower, toupper, trim, trimleft, trimright, wordend, or wordstart
ERROR: gcc.dg/cpp/cmdlne-dD-M.c: error executing dg-final: bad option "map": must be compare, first, index, last, length, match, range, tolower, toupper, trim, trimleft, trimright, wordend, or wordstart
UNRESOLVED: gcc.dg/cpp/cmdlne-dD-M.c: error executing dg-final: bad option "map": must be compare, first, index, last, length, match, range, tolower, toupper, trim, trimleft, trimright, wordend, or wordstart
ERROR: gcc.dg/cpp/cmdlne-dD-dM.c: error executing dg-final: bad option "map": must be compare, first, index, last, length, match, range, tolower, toupper, trim, trimleft, trimright, wordend, or wordstart
UNRESOLVED: gcc.dg/cpp/cmdlne-dD-dM.c: error executing dg-final: bad option "map": must be compare, first, index, last, length, match, range, tolower, toupper, trim, trimleft, trimright, wordend, or wordstart
ERROR: gcc.dg/cpp/cmdlne-dI-M.c: error executing dg-final: bad option "map": must be compare, first, index, last, length, match, range, tolower, toupper, trim, trimleft, trimright, wordend, or wordstart
UNRESOLVED: gcc.dg/cpp/cmdlne-dI-M.c: error executing dg-final: bad option "map": must be compare, first, index, last, length, match, range, tolower, toupper, trim, trimleft, trimright, wordend, or wordstart
ERROR: gcc.dg/cpp/cmdlne-dM-M.c: error executing dg-final: bad option "map": must be compare, first, index, last, length, match, range, tolower, toupper, trim, trimleft, trimright, wordend, or wordstart
UNRESOLVED: gcc.dg/cpp/cmdlne-dM-M.c: error executing dg-final: bad option "map": must be compare, first, index, last, length, match, range, tolower, toupper, trim, trimleft, trimright, wordend, or wordstart
ERROR: gcc.dg/cpp/cmdlne-dM-dD.c: error executing dg-final: bad option "map": must be compare, first, index, last, length, match, range, tolower, toupper, trim, trimleft, trimright, wordend, or wordstart
UNRESOLVED: gcc.dg/cpp/cmdlne-dM-dD.c: error executing dg-final: bad option "map": must be compare, first, index, last, length, match, range, tolower, toupper, trim, trimleft, trimright, wordend, or wordstart
ERROR: gcc.dg/cpp/cmdlne-dN-M.c: error executing dg-final: bad option "map": must be compare, first, index, last, length, match, range, tolower, toupper, trim, trimleft, trimright, wordend, or wordstart
UNRESOLVED: gcc.dg/cpp/cmdlne-dN-M.c: error executing dg-final: bad option "map": must be compare, first, index, last, length, match, range, tolower, toupper, trim, trimleft, trimright, wordend, or wordstart
ERROR: gcc.dg/cpp/cxxcom1.c: error executing dg-final: bad option "map": must be compare, first, index, last, length, match, range, tolower, toupper, trim, trimleft, trimright, wordend, or wordstart
UNRESOLVED: gcc.dg/cpp/cxxcom1.c: error executing dg-final: bad option "map": must be compare, first, index, last, length, match, range, tolower, toupper, trim, trimleft, trimright, wordend, or wordstart
ERROR: gcc.dg/cpp/cxxcom2.c: error executing dg-final: bad option "map": must be compare, first, index, last, length, match, range, tolower, toupper, trim, trimleft, trimright, wordend, or wordstart
UNRESOLVED: gcc.dg/cpp/cxxcom2.c: error executing dg-final: bad option "map": must be compare, first, index, last, length, match, range, tolower, toupper, trim, trimleft, trimright, wordend, or wordstart
ERROR: gcc.dg/cpp/line1.c: error executing dg-final: bad option "map": must be compare, first, index, last, length, match, range, tolower, toupper, trim, trimleft, trimright, wordend, or wordstart
UNRESOLVED: gcc.dg/cpp/line1.c: error executing dg-final: bad option "map": must be compare, first, index, last, length, match, range, tolower, toupper, trim, trimleft, trimright, wordend, or wordstart
ERROR: gcc.dg/cpp/maccom1.c: error executing dg-final: bad option "map": must be compare, first, index, last, length, match, range, tolower, toupper, trim, trimleft, trimright, wordend, or wordstart
UNRESOLVED: gcc.dg/cpp/maccom1.c: error executing dg-final: bad option "map": must be compare, first, index, last, length, match, range, tolower, toupper, trim, trimleft, trimright, wordend, or wordstart
ERROR: gcc.dg/cpp/maccom2.c: error executing dg-final: bad option "map": must be compare, first, index, last, length, match, range, tolower, toupper, trim, trimleft, trimright, wordend, or wordstart
UNRESOLVED: gcc.dg/cpp/maccom2.c: error executing dg-final: bad option "map": must be compare, first, index, last, length, match, range, tolower, toupper, trim, trimleft, trimright, wordend, or wordstart
ERROR: gcc.dg/cpp/maccom3.c: error executing dg-final: bad option "map": must be compare, first, index, last, length, match, range, tolower, toupper, trim, trimleft, trimright, wordend, or wordstart
UNRESOLVED: gcc.dg/cpp/maccom3.c: error executing dg-final: bad option "map": must be compare, first, index, last, length, match, range, tolower, toupper, trim, trimleft, trimright, wordend, or wordstart
ERROR: gcc.dg/cpp/maccom4.c: error executing dg-final: bad option "map": must be compare, first, index, last, length, match, range, tolower, toupper, trim, trimleft, trimright, wordend, or wordstart
UNRESOLVED: gcc.dg/cpp/maccom4.c: error executing dg-final: bad option "map": must be compare, first, index, last, length, match, range, tolower, toupper, trim, trimleft, trimright, wordend, or wordstart
ERROR: gcc.dg/cpp/maccom5.c: error executing dg-final: bad option "map": must be compare, first, index, last, length, match, range, tolower, toupper, trim, trimleft, trimright, wordend, or wordstart
UNRESOLVED: gcc.dg/cpp/maccom5.c: error executing dg-final: bad option "map": must be compare, first, index, last, length, match, range, tolower, toupper, trim, trimleft, trimright, wordend, or wordstart
ERROR: gcc.dg/cpp/maccom6.c: error executing dg-final: bad option "map": must be compare, first, index, last, length, match, range, tolower, toupper, trim, trimleft, trimright, wordend, or wordstart
UNRESOLVED: gcc.dg/cpp/maccom6.c: error executing dg-final: bad option "map": must be compare, first, index, last, length, match, range, tolower, toupper, trim, trimleft, trimright, wordend, or wordstart
ERROR: gcc.dg/cpp/multiline.c: error executing dg-final: bad option "map": must be compare, first, index, last, length, match, range, tolower, toupper, trim, trimleft, trimright, wordend, or wordstart
UNRESOLVED: gcc.dg/cpp/multiline.c: error executing dg-final: bad option "map": must be compare, first, index, last, length, match, range, tolower, toupper, trim, trimleft, trimright, wordend, or wordstart
ERROR: gcc.dg/cpp/spacing1.c: error executing dg-final: bad option "map": must be compare, first, index, last, length, match, range, tolower, toupper, trim, trimleft, trimright, wordend, or wordstart
UNRESOLVED: gcc.dg/cpp/spacing1.c: error executing dg-final: bad option "map": must be compare, first, index, last, length, match, range, tolower, toupper, trim, trimleft, trimright, wordend, or wordstart
ERROR: gcc.dg/cpp/spacing2.c: error executing dg-final: bad option "map": must be compare, first, index, last, length, match, range, tolower, toupper, trim, trimleft, trimright, wordend, or wordstart
UNRESOLVED: gcc.dg/cpp/spacing2.c: error executing dg-final: bad option "map": must be compare, first, index, last, length, match, range, tolower, toupper, trim, trimleft, trimright, wordend, or wordstart
ERROR: gcc.dg/cpp/trad/cmdlne-C2.c: error executing dg-final: bad option "map": must be compare, first, index, last, length, match, range, tolower, toupper, trim, trimleft, trimright, wordend, or wordstart
UNRESOLVED: gcc.dg/cpp/trad/cmdlne-C2.c: error executing dg-final: bad option "map": must be compare, first, index, last, length, match, range, tolower, toupper, trim, trimleft, trimright, wordend, or wordstart
ERROR: gcc.dg/cpp/trad/maccom1.c: error executing dg-final: bad option "map": must be compare, first, index, last, length, match, range, tolower, toupper, trim, trimleft, trimright, wordend, or wordstart
UNRESOLVED: gcc.dg/cpp/trad/maccom1.c: error executing dg-final: bad option "map": must be compare, first, index, last, length, match, range, tolower, toupper, trim, trimleft, trimright, wordend, or wordstart
ERROR: gcc.dg/cpp/trad/maccom2.c: error executing dg-final: bad option "map": must be compare, first, index, last, length, match, range, tolower, toupper, trim, trimleft, trimright, wordend, or wordstart
UNRESOLVED: gcc.dg/cpp/trad/maccom2.c: error executing dg-final: bad option "map": must be compare, first, index, last, length, match, range, tolower, toupper, trim, trimleft, trimright, wordend, or wordstart
ERROR: gcc.dg/cpp/trad/maccom3.c: error executing dg-final: bad option "map": must be compare, first, index, last, length, match, range, tolower, toupper, trim, trimleft, trimright, wordend, or wordstart
UNRESOLVED: gcc.dg/cpp/trad/maccom3.c: error executing dg-final: bad option "map": must be compare, first, index, last, length, match, range, tolower, toupper, trim, trimleft, trimright, wordend, or wordstart
ERROR: gcc.dg/cpp/trad/maccom4.c: error executing dg-final: bad option "map": must be compare, first, index, last, length, match, range, tolower, toupper, trim, trimleft, trimright, wordend, or wordstart
UNRESOLVED: gcc.dg/cpp/trad/maccom4.c: error executing dg-final: bad option "map": must be compare, first, index, last, length, match, range, tolower, toupper, trim, trimleft, trimright, wordend, or wordstart
ERROR: gcc.dg/cpp/trad/maccom6.c: error executing dg-final: bad option "map": must be compare, first, index, last, length, match, range, tolower, toupper, trim, trimleft, trimright, wordend, or wordstart
UNRESOLVED: gcc.dg/cpp/trad/maccom6.c: error executing dg-final: bad option "map": must be compare, first, index, last, length, match, range, tolower, toupper, trim, trimleft, trimright, wordend, or wordstart
ERROR: gcc.dg/cpp/trad/xwin1.c: error executing dg-final: bad option "map": must be compare, first, index, last, length, match, range, tolower, toupper, trim, trimleft, trimright, wordend, or wordstart
UNRESOLVED: gcc.dg/cpp/trad/xwin1.c: error executing dg-final: bad option "map": must be compare, first, index, last, length, match, range, tolower, toupper, trim, trimleft, trimright, wordend, or wordstart
ERROR: gcc.dg/debug/debug-1.c: error executing dg-final: bad option "map": must be compare, first, index, last, length, match, range, tolower, toupper, trim, trimleft, trimright, wordend, or wordstart
UNRESOLVED: gcc.dg/debug/debug-1.c: error executing dg-final: bad option "map": must be compare, first, index, last, length, match, range, tolower, toupper, trim, trimleft, trimright, wordend, or wordstart
ERROR: gcc.dg/debug/debug-1.c: error executing dg-final: bad option "map": must be compare, first, index, last, length, match, range, tolower, toupper, trim, trimleft, trimright, wordend, or wordstart
UNRESOLVED: gcc.dg/debug/debug-1.c: error executing dg-final: bad option "map": must be compare, first, index, last, length, match, range, tolower, toupper, trim, trimleft, trimright, wordend, or wordstart
ERROR: gcc.dg/debug/debug-1.c: error executing dg-final: bad option "map": must be compare, first, index, last, length, match, range, tolower, toupper, trim, trimleft, trimright, wordend, or wordstart
UNRESOLVED: gcc.dg/debug/debug-1.c: error executing dg-final: bad option "map": must be compare, first, index, last, length, match, range, tolower, toupper, trim, trimleft, trimright, wordend, or wordstart
ERROR: gcc.dg/debug/debug-1.c: error executing dg-final: bad option "map": must be compare, first, index, last, length, match, range, tolower, toupper, trim, trimleft, trimright, wordend, or wordstart
UNRESOLVED: gcc.dg/debug/debug-1.c: error executing dg-final: bad option "map": must be compare, first, index, last, length, match, range, tolower, toupper, trim, trimleft, trimright, wordend, or wordstart
ERROR: gcc.dg/debug/debug-2.c: error executing dg-final: bad option "map": must be compare, first, index, last, length, match, range, tolower, toupper, trim, trimleft, trimright, wordend, or wordstart
UNRESOLVED: gcc.dg/debug/debug-2.c: error executing dg-final: bad option "map": must be compare, first, index, last, length, match, range, tolower, toupper, trim, trimleft, trimright, wordend, or wordstart
ERROR: gcc.dg/debug/debug-2.c: error executing dg-final: bad option "map": must be compare, first, index, last, length, match, range, tolower, toupper, trim, trimleft, trimright, wordend, or wordstart
UNRESOLVED: gcc.dg/debug/debug-2.c: error executing dg-final: bad option "map": must be compare, first, index, last, length, match, range, tolower, toupper, trim, trimleft, trimright, wordend, or wordstart
ERROR: gcc.dg/debug/debug-2.c: error executing dg-final: bad option "map": must be compare, first, index, last, length, match, range, tolower, toupper, trim, trimleft, trimright, wordend, or wordstart
UNRESOLVED: gcc.dg/debug/debug-2.c: error executing dg-final: bad option "map": must be compare, first, index, last, length, match, range, tolower, toupper, trim, trimleft, trimright, wordend, or wordstart
ERROR: gcc.dg/debug/debug-2.c: error executing dg-final: bad option "map": must be compare, first, index, last, length, match, range, tolower, toupper, trim, trimleft, trimright, wordend, or wordstart
UNRESOLVED: gcc.dg/debug/debug-2.c: error executing dg-final: bad option "map": must be compare, first, index, last, length, match, range, tolower, toupper, trim, trimleft, trimright, wordend, or wordstart
ERROR: gcc.dg/debug/debug-6.c: error executing dg-final: bad option "map": must be compare, first, index, last, length, match, range, tolower, toupper, trim, trimleft, trimright, wordend, or wordstart
UNRESOLVED: gcc.dg/debug/debug-6.c: error executing dg-final: bad option "map": must be compare, first, index, last, length, match, range, tolower, toupper, trim, trimleft, trimright, wordend, or wordstart
ERROR: gcc.dg/debug/debug-6.c: error executing dg-final: bad option "map": must be compare, first, index, last, length, match, range, tolower, toupper, trim, trimleft, trimright, wordend, or wordstart
UNRESOLVED: gcc.dg/debug/debug-6.c: error executing dg-final: bad option "map": must be compare, first, index, last, length, match, range, tolower, toupper, trim, trimleft, trimright, wordend, or wordstart
ERROR: gcc.dg/debug/debug-6.c: error executing dg-final: bad option "map": must be compare, first, index, last, length, match, range, tolower, toupper, trim, trimleft, trimright, wordend, or wordstart
UNRESOLVED: gcc.dg/debug/debug-6.c: error executing dg-final: bad option "map": must be compare, first, index, last, length, match, range, tolower, toupper, trim, trimleft, trimright, wordend, or wordstart
ERROR: gcc.dg/debug/debug-6.c: error executing dg-final: bad option "map": must be compare, first, index, last, length, match, range, tolower, toupper, trim, trimleft, trimright, wordend, or wordstart
UNRESOLVED: gcc.dg/debug/debug-6.c: error executing dg-final: bad option "map": must be compare, first, index, last, length, match, range, tolower, toupper, trim, trimleft, trimright, wordend, or wordstart
ERROR: gcc.dg/debug/debug-6.c: error executing dg-final: bad option "map": must be compare, first, index, last, length, match, range, tolower, toupper, trim, trimleft, trimright, wordend, or wordstart
UNRESOLVED: gcc.dg/debug/debug-6.c: error executing dg-final: bad option "map": must be compare, first, index, last, length, match, range, tolower, toupper, trim, trimleft, trimright, wordend, or wordstart
ERROR: gcc.dg/debug/debug-6.c: error executing dg-final: bad option "map": must be compare, first, index, last, length, match, range, tolower, toupper, trim, trimleft, trimright, wordend, or wordstart
UNRESOLVED: gcc.dg/debug/debug-6.c: error executing dg-final: bad option "map": must be compare, first, index, last, length, match, range, tolower, toupper, trim, trimleft, trimright, wordend, or wordstart
ERROR: gcc.dg/debug/debug-6.c: error executing dg-final: bad option "map": must be compare, first, index, last, length, match, range, tolower, toupper, trim, trimleft, trimright, wordend, or wordstart
UNRESOLVED: gcc.dg/debug/debug-6.c: error executing dg-final: bad option "map": must be compare, first, index, last, length, match, range, tolower, toupper, trim, trimleft, trimright, wordend, or wordstart
ERROR: gcc.dg/debug/debug-6.c: error executing dg-final: bad option "map": must be compare, first, index, last, length, match, range, tolower, toupper, trim, trimleft, trimright, wordend, or wordstart
UNRESOLVED: gcc.dg/debug/debug-6.c: error executing dg-final: bad option "map": must be compare, first, index, last, length, match, range, tolower, toupper, trim, trimleft, trimright, wordend, or wordstart
ERROR: gcc.dg/debug/debug-6.c: error executing dg-final: bad option "map": must be compare, first, index, last, length, match, range, tolower, toupper, trim, trimleft, trimright, wordend, or wordstart
UNRESOLVED: gcc.dg/debug/debug-6.c: error executing dg-final: bad option "map": must be compare, first, index, last, length, match, range, tolower, toupper, trim, trimleft, trimright, wordend, or wordstart
ERROR: gcc.dg/debug/debug-6.c: error executing dg-final: bad option "map": must be compare, first, index, last, length, match, range, tolower, toupper, trim, trimleft, trimright, wordend, or wordstart
UNRESOLVED: gcc.dg/debug/debug-6.c: error executing dg-final: bad option "map": must be compare, first, index, last, length, match, range, tolower, toupper, trim, trimleft, trimright, wordend, or wordstart
ERROR: gcc.dg/debug/debug-6.c: error executing dg-final: bad option "map": must be compare, first, index, last, length, match, range, tolower, toupper, trim, trimleft, trimright, wordend, or wordstart
UNRESOLVED: gcc.dg/debug/debug-6.c: error executing dg-final: bad option "map": must be compare, first, index, last, length, match, range, tolower, toupper, trim, trimleft, trimright, wordend, or wordstart
ERROR: gcc.dg/debug/debug-6.c: error executing dg-final: bad option "map": must be compare, first, index, last, length, match, range, tolower, toupper, trim, trimleft, trimright, wordend, or wordstart
UNRESOLVED: gcc.dg/debug/debug-6.c: error executing dg-final: bad option "map": must be compare, first, index, last, length, match, range, tolower, toupper, trim, trimleft, trimright, wordend, or wordstart
ERROR: gcc.dg/20021029-1.c: error executing dg-final: bad option "map": must be compare, first, index, last, length, match, range, tolower, toupper, trim, trimleft, trimright, wordend, or wordstart
UNRESOLVED: gcc.dg/20021029-1.c: error executing dg-final: bad option "map": must be compare, first, index, last, length, match, range, tolower, toupper, trim, trimleft, trimright, wordend, or wordstart
ERROR: gcc.dg/20021029-2.c: error executing dg-final: bad option "map": must be compare, first, index, last, length, match, range, tolower, toupper, trim, trimleft, trimright, wordend, or wordstart
UNRESOLVED: gcc.dg/20021029-2.c: error executing dg-final: bad option "map": must be compare, first, index, last, length, match, range, tolower, toupper, trim, trimleft, trimright, wordend, or wordstart
ERROR: gcc.dg/20040123-1.c: error executing dg-final: bad option "map": must be compare, first, index, last, length, match, range, tolower, toupper, trim, trimleft, trimright, wordend, or wordstart
UNRESOLVED: gcc.dg/20040123-1.c: error executing dg-final: bad option "map": must be compare, first, index, last, length, match, range, tolower, toupper, trim, trimleft, trimright, wordend, or wordstart
ERROR: gcc.dg/array-quals-1.c: error executing dg-final: bad option "map": must be compare, first, index, last, length, match, range, tolower, toupper, trim, trimleft, trimright, wordend, or wordstart
UNRESOLVED: gcc.dg/array-quals-1.c: error executing dg-final: bad option "map": must be compare, first, index, last, length, match, range, tolower, toupper, trim, trimleft, trimright, wordend, or wordstart
ERROR: gcc.dg/asm-2.c: error executing dg-final: bad option "map": must be compare, first, index, last, length, match, range, tolower, toupper, trim, trimleft, trimright, wordend, or wordstart
UNRESOLVED: gcc.dg/asm-2.c: error executing dg-final: bad option "map": must be compare, first, index, last, length, match, range, tolower, toupper, trim, trimleft, trimright, wordend, or wordstart
ERROR: gcc.dg/asm-3.c: error executing dg-final: bad option "map": must be compare, first, index, last, length, match, range, tolower, toupper, trim, trimleft, trimright, wordend, or wordstart
UNRESOLVED: gcc.dg/asm-3.c: error executing dg-final: bad option "map": must be compare, first, index, last, length, match, range, tolower, toupper, trim, trimleft, trimright, wordend, or wordstart
ERROR: gcc.dg/asm-fs-1.c: error executing dg-final: bad option "map": must be compare, first, index, last, length, match, range, tolower, toupper, trim, trimleft, trimright, wordend, or wordstart
UNRESOLVED: gcc.dg/asm-fs-1.c: error executing dg-final: bad option "map": must be compare, first, index, last, length, match, range, tolower, toupper, trim, trimleft, trimright, wordend, or wordstart
ERROR: gcc.dg/asm-names.c: error executing dg-final: bad option "map": must be compare, first, index, last, length, match, range, tolower, toupper, trim, trimleft, trimright, wordend, or wordstart
UNRESOLVED: gcc.dg/asm-names.c: error executing dg-final: bad option "map": must be compare, first, index, last, length, match, range, tolower, toupper, trim, trimleft, trimright, wordend, or wordstart
ERROR: gcc.dg/attr-alwaysinline.c: error executing dg-final: bad option "map": must be compare, first, index, last, length, match, range, tolower, toupper, trim, trimleft, trimright, wordend, or wordstart
UNRESOLVED: gcc.dg/attr-alwaysinline.c: error executing dg-final: bad option "map": must be compare, first, index, last, length, match, range, tolower, toupper, trim, trimleft, trimright, wordend, or wordstart
ERROR: gcc.dg/attr-noinline.c: error executing dg-final: bad option "map": must be compare, first, index, last, length, match, range, tolower, toupper, trim, trimleft, trimright, wordend, or wordstart
UNRESOLVED: gcc.dg/attr-noinline.c: error executing dg-final: bad option "map": must be compare, first, index, last, length, match, range, tolower, toupper, trim, trimleft, trimright, wordend, or wordstart
ERROR: gcc.dg/attr-used-2.c: error executing dg-final: bad option "map": must be compare, first, index, last, length, match, range, tolower, toupper, trim, trimleft, trimright, wordend, or wordstart
UNRESOLVED: gcc.dg/attr-used-2.c: error executing dg-final: bad option "map": must be compare, first, index, last, length, match, range, tolower, toupper, trim, trimleft, trimright, wordend, or wordstart
ERROR: gcc.dg/attr-used.c: error executing dg-final: bad option "map": must be compare, first, index, last, length, match, range, tolower, toupper, trim, trimleft, trimright, wordend, or wordstart
UNRESOLVED: gcc.dg/attr-used.c: error executing dg-final: bad option "map": must be compare, first, index, last, length, match, range, tolower, toupper, trim, trimleft, trimright, wordend, or wordstart
ERROR: gcc.dg/builtins-1.c: error executing dg-final: bad option "map": must be compare, first, index, last, length, match, range, tolower, toupper, trim, trimleft, trimright, wordend, or wordstart
UNRESOLVED: gcc.dg/builtins-1.c: error executing dg-final: bad option "map": must be compare, first, index, last, length, match, range, tolower, toupper, trim, trimleft, trimright, wordend, or wordstart
ERROR: gcc.dg/builtins-12.c: error executing dg-final: bad option "map": must be compare, first, index, last, length, match, range, tolower, toupper, trim, trimleft, trimright, wordend, or wordstart
UNRESOLVED: gcc.dg/builtins-12.c: error executing dg-final: bad option "map": must be compare, first, index, last, length, match, range, tolower, toupper, trim, trimleft, trimright, wordend, or wordstart
ERROR: gcc.dg/builtins-16.c: error executing dg-final: bad option "map": must be compare, first, index, last, length, match, range, tolower, toupper, trim, trimleft, trimright, wordend, or wordstart
UNRESOLVED: gcc.dg/builtins-16.c: error executing dg-final: bad option "map": must be compare, first, index, last, length, match, range, tolower, toupper, trim, trimleft, trimright, wordend, or wordstart
ERROR: gcc.dg/cleanup-6.c: error executing dg-final: bad option "map": must be compare, first, index, last, length, match, range, tolower, toupper, trim, trimleft, trimright, wordend, or wordstart
UNRESOLVED: gcc.dg/cleanup-6.c: error executing dg-final: bad option "map": must be compare, first, index, last, length, match, range, tolower, toupper, trim, trimleft, trimright, wordend, or wordstart
ERROR: gcc.dg/const-elim-1.c: error executing dg-final: bad option "map": must be compare, first, index, last, length, match, range, tolower, toupper, trim, trimleft, trimright, wordend, or wordstart
UNRESOLVED: gcc.dg/const-elim-1.c: error executing dg-final: bad option "map": must be compare, first, index, last, length, match, range, tolower, toupper, trim, trimleft, trimright, wordend, or wordstart
ERROR: gcc.dg/const-elim-2.c: error executing dg-final: bad switch "-inline": must be -indices, -nocase, or --
UNRESOLVED: gcc.dg/const-elim-2.c: error executing dg-final: bad switch "-inline": must be -indices, -nocase, or --
ERROR: gcc.dg/funcorder.c: error executing dg-final: bad option "map": must be compare, first, index, last, length, match, range, tolower, toupper, trim, trimleft, trimright, wordend, or wordstart
UNRESOLVED: gcc.dg/funcorder.c: error executing dg-final: bad option "map": must be compare, first, index, last, length, match, range, tolower, toupper, trim, trimleft, trimright, wordend, or wordstart
ERROR: gcc.dg/gnu89-init-2.c: error executing dg-final: bad option "map": must be compare, first, index, last, length, match, range, tolower, toupper, trim, trimleft, trimright, wordend, or wordstart
UNRESOLVED: gcc.dg/gnu89-init-2.c: error executing dg-final: bad option "map": must be compare, first, index, last, length, match, range, tolower, toupper, trim, trimleft, trimright, wordend, or wordstart
ERROR: gcc.dg/inline-1.c: error executing dg-final: bad option "map": must be compare, first, index, last, length, match, range, tolower, toupper, trim, trimleft, trimright, wordend, or wordstart
UNRESOLVED: gcc.dg/inline-1.c: error executing dg-final: bad option "map": must be compare, first, index, last, length, match, range, tolower, toupper, trim, trimleft, trimright, wordend, or wordstart
ERROR: gcc.dg/inline-3.c: error executing dg-final: bad option "map": must be compare, first, index, last, length, match, range, tolower, toupper, trim, trimleft, trimright, wordend, or wordstart
UNRESOLVED: gcc.dg/inline-3.c: error executing dg-final: bad option "map": must be compare, first, index, last, length, match, range, tolower, toupper, trim, trimleft, trimright, wordend, or wordstart
ERROR: gcc.dg/inline-4.c: error executing dg-final: bad option "map": must be compare, first, index, last, length, match, range, tolower, toupper, trim, trimleft, trimright, wordend, or wordstart
UNRESOLVED: gcc.dg/inline-4.c: error executing dg-final: bad option "map": must be compare, first, index, last, length, match, range, tolower, toupper, trim, trimleft, trimright, wordend, or wordstart
ERROR: gcc.dg/intermod-1.c: error executing dg-final: bad option "map": must be compare, first, index, last, length, match, range, tolower, toupper, trim, trimleft, trimright, wordend, or wordstart
UNRESOLVED: gcc.dg/intermod-1.c: error executing dg-final: bad option "map": must be compare, first, index, last, length, match, range, tolower, toupper, trim, trimleft, trimright, wordend, or wordstart
ERROR: gcc.dg/old-style-asm-1.c: error executing dg-final: bad option "map": must be compare, first, index, last, length, match, range, tolower, toupper, trim, trimleft, trimright, wordend, or wordstart
UNRESOLVED: gcc.dg/old-style-asm-1.c: error executing dg-final: bad option "map": must be compare, first, index, last, length, match, range, tolower, toupper, trim, trimleft, trimright, wordend, or wordstart
ERROR: gcc.dg/section1.c: error executing dg-final: bad option "map": must be compare, first, index, last, length, match, range, tolower, toupper, trim, trimleft, trimright, wordend, or wordstart
UNRESOLVED: gcc.dg/section1.c: error executing dg-final: bad option "map": must be compare, first, index, last, length, match, range, tolower, toupper, trim, trimleft, trimright, wordend, or wordstart
ERROR: gcc.dg/string-opt-1.c: error executing dg-final: bad option "map": must be compare, first, index, last, length, match, range, tolower, toupper, trim, trimleft, trimright, wordend, or wordstart
UNRESOLVED: gcc.dg/string-opt-1.c: error executing dg-final: bad option "map": must be compare, first, index, last, length, match, range, tolower, toupper, trim, trimleft, trimright, wordend, or wordstart
ERROR: gcc.dg/typeof-1.c: error executing dg-final: bad option "map": must be compare, first, index, last, length, match, range, tolower, toupper, trim, trimleft, trimright, wordend, or wordstart
UNRESOLVED: gcc.dg/typeof-1.c: error executing dg-final: bad option "map": must be compare, first, index, last, length, match, range, tolower, toupper, trim, trimleft, trimright, wordend, or wordstart
ERROR: gcc.dg/unused-5.c: error executing dg-final: bad option "map": must be compare, first, index, last, length, match, range, tolower, toupper, trim, trimleft, trimright, wordend, or wordstart
UNRESOLVED: gcc.dg/unused-5.c: error executing dg-final: bad option "map": must be compare, first, index, last, length, match, range, tolower, toupper, trim, trimleft, trimright, wordend, or wordstart
UNRESOLVED: gcc.dg/visibility-1.c
UNRESOLVED: gcc.dg/visibility-2.c
UNRESOLVED: gcc.dg/visibility-3.c
UNRESOLVED: gcc.dg/visibility-4.c
UNRESOLVED: gcc.dg/visibility-5.c
UNRESOLVED: gcc.dg/visibility-6.c
UNRESOLVED: gcc.dg/visibility-7.c
UNRESOLVED: gcc.dg/visibility-8.c
UNRESOLVED: gcc.dg/special/weak-1.c
UNRESOLVED: gcc.dg/special/weak-2.c
UNRESOLVED: gcc.dg/special/wkali-1.c
UNRESOLVED: gcc.dg/special/wkali-2.c
UNRESOLVED: gcc.dg/weak/typeof-2.c
UNRESOLVED: gcc.dg/weak/weak-1.c
UNRESOLVED: gcc.dg/weak/weak-2.c
UNRESOLVED: gcc.dg/weak/weak-3.c
UNRESOLVED: gcc.dg/weak/weak-4.c
UNRESOLVED: gcc.dg/weak/weak-5.c
UNRESOLVED: gcc.dg/weak/weak-6.c
UNRESOLVED: gcc.dg/weak/weak-7.c
UNRESOLVED: gcc.dg/weak/weak-8.c
UNRESOLVED: gcc.dg/weak/weak-9.c
=== gcc Summary ===
# of expected passes 23717
# of expected failures 64
# of unresolved testcases 103
# of untested testcases 7
# of unsupported tests 346
/remote/atg2/jbuck/hptmp/gcc-3.4.0-pre/gcc/xgcc version 3.4.0 20040407 (prerelease)
=== objc tests ===
Running target unix
ERROR: objc.dg/method-4.m: error executing dg-final: bad option "map": must be compare, first, index, last, length, match, range, tolower, toupper, trim, trimleft, trimright, wordend, or wordstart
UNRESOLVED: objc.dg/method-4.m: error executing dg-final: bad option "map": must be compare, first, index, last, length, match, range, tolower, toupper, trim, trimleft, trimright, wordend, or wordstart
ERROR: objc.dg/zero-link-1.m: error executing dg-final: bad option "map": must be compare, first, index, last, length, match, range, tolower, toupper, trim, trimleft, trimright, wordend, or wordstart
UNRESOLVED: objc.dg/zero-link-1.m: error executing dg-final: bad option "map": must be compare, first, index, last, length, match, range, tolower, toupper, trim, trimleft, trimright, wordend, or wordstart
ERROR: objc.dg/zero-link-2.m: error executing dg-final: bad option "map": must be compare, first, index, last, length, match, range, tolower, toupper, trim, trimleft, trimright, wordend, or wordstart
UNRESOLVED: objc.dg/zero-link-2.m: error executing dg-final: bad option "map": must be compare, first, index, last, length, match, range, tolower, toupper, trim, trimleft, trimright, wordend, or wordstart
=== objc Summary ===
# of expected passes 1335
# of unresolved testcases 3
# of unsupported tests 8
/remote/atg2/jbuck/hptmp/gcc-3.4.0-pre/gcc/xgcc version 3.4.0 20040407 (prerelease)
=== libstdc++ tests ===
Running target unix
=== libstdc++ Summary ===
# of expected passes 1969
# of expected failures 4
# of unsupported tests 8
Compiler version: 3.4.0 20040407 (prerelease)
Platform: hppa2.0w-hp-hpux11.00
configure flags: --prefix=/u/jbuck/cvs.hp/3.4.0-pre --with-gnu-as --with-as=/u/jbuck/gnu.hp/bin/as