This is the mail archive of the
gcc-testresults@gcc.gnu.org
mailing list for the GCC project.
Results for 3.4.0 20040404 (prerelease) testsuite on mipsel-unknown-linux-gnu
- From: Matthias Klose <doko at gluck dot debian dot org>
- To: gcc-testresults at gcc dot gnu dot org
- Cc: debian-gcc at lists dot debian dot org
- Date: Mon, 05 Apr 2004 17:56:16 -0600
- Subject: Results for 3.4.0 20040404 (prerelease) testsuite on mipsel-unknown-linux-gnu
- Reply-to: Matthias Klose <doko at debian dot org>
LAST_UPDATED: Sun Apr 4 12:00:58 UTC 2004
=== acats tests ===
FAIL: c37213f
FAIL: c37215f
=== acats Summary ===
# of expected passes 1963
# of unexpected failures 2
# of unsupported tests 357
Native configuration is mipsel-unknown-linux-gnu
=== g++ tests ===
Running target unix
XPASS: g++.old-deja/g++.jason/thunk3.C execution test
WARNING: g++.old-deja/g++.mike/p10769a.C compilation failed to produce executable
WARNING: g++.old-deja/g++.other/enum5.C compilation failed to produce executable
XPASS: g++.old-deja/g++.other/init5.C execution test
WARNING: g++.old-deja/g++.pt/friend44.C compilation failed to produce executable
=== g++ Summary ===
# of expected passes 9486
# of unexpected successes 2
# of expected failures 63
# of unsupported tests 71
/home/doko/gcc-snapshot-20040404/build/gcc/testsuite/../g++ version 3.4.0 20040404 (prerelease)
=== g77 tests ===
Running target unix
=== g77 Summary ===
# of expected passes 1800
# of unsupported tests 6
/home/doko/gcc-snapshot-20040404/build/gcc/testsuite/../g77 version 3.4.0 20040404 (prerelease)
=== gcc tests ===
Running target unix
FAIL: gcc.c-torture/execute/930429-1.c execution, -O1
FAIL: gcc.c-torture/execute/ptr-arith-1.c execution, -O1
FAIL: gcc.dg/builtins-18.c (test for excess errors)
XPASS: gcc.dg/sibcall-3.c execution test
XPASS: gcc.dg/sibcall-4.c execution test
FAIL: mips-abi 64
FAIL: gcc.dg/special/gcsec-1.c (test for excess errors)
=== gcc Summary ===
# of expected passes 24213
# of unexpected failures 5
# of unexpected successes 2
# of expected failures 68
# of untested testcases 7
# of unsupported tests 283
/home/doko/gcc-snapshot-20040404/build/gcc/xgcc version 3.4.0 20040404 (prerelease)
=== objc tests ===
Running target unix
=== objc Summary ===
# of expected passes 1341
# of unsupported tests 8
/home/doko/gcc-snapshot-20040404/build/gcc/xgcc version 3.4.0 20040404 (prerelease)
=== treelang tests ===
Running target unix
=== treelang Summary ===
# of expected passes 1
=== libffi tests ===
Running target unix
FAIL: libffi.call/closure_fn0.c (test for excess errors)
WARNING: libffi.call/closure_fn0.c compilation failed to produce executable
FAIL: libffi.call/closure_fn1.c (test for excess errors)
WARNING: libffi.call/closure_fn1.c compilation failed to produce executable
FAIL: libffi.call/closure_fn2.c (test for excess errors)
WARNING: libffi.call/closure_fn2.c compilation failed to produce executable
FAIL: libffi.call/closure_fn3.c (test for excess errors)
WARNING: libffi.call/closure_fn3.c compilation failed to produce executable
FAIL: libffi.call/closure_fn4.c (test for excess errors)
WARNING: libffi.call/closure_fn4.c compilation failed to produce executable
FAIL: libffi.call/closure_fn5.c (test for excess errors)
WARNING: libffi.call/closure_fn5.c compilation failed to produce executable
FAIL: libffi.call/cls_12byte.c (test for excess errors)
WARNING: libffi.call/cls_12byte.c compilation failed to produce executable
FAIL: libffi.call/cls_16byte.c (test for excess errors)
WARNING: libffi.call/cls_16byte.c compilation failed to produce executable
FAIL: libffi.call/cls_18byte.c (test for excess errors)
WARNING: libffi.call/cls_18byte.c compilation failed to produce executable
FAIL: libffi.call/cls_19byte.c (test for excess errors)
WARNING: libffi.call/cls_19byte.c compilation failed to produce executable
FAIL: libffi.call/cls_1_1byte.c (test for excess errors)
WARNING: libffi.call/cls_1_1byte.c compilation failed to produce executable
FAIL: libffi.call/cls_20byte.c (test for excess errors)
WARNING: libffi.call/cls_20byte.c compilation failed to produce executable
FAIL: libffi.call/cls_20byte1.c (test for excess errors)
WARNING: libffi.call/cls_20byte1.c compilation failed to produce executable
FAIL: libffi.call/cls_24byte.c (test for excess errors)
WARNING: libffi.call/cls_24byte.c compilation failed to produce executable
FAIL: libffi.call/cls_2byte.c (test for excess errors)
WARNING: libffi.call/cls_2byte.c compilation failed to produce executable
FAIL: libffi.call/cls_3_1byte.c (test for excess errors)
WARNING: libffi.call/cls_3_1byte.c compilation failed to produce executable
FAIL: libffi.call/cls_3byte1.c (test for excess errors)
WARNING: libffi.call/cls_3byte1.c compilation failed to produce executable
FAIL: libffi.call/cls_3byte2.c (test for excess errors)
WARNING: libffi.call/cls_3byte2.c compilation failed to produce executable
FAIL: libffi.call/cls_4_1byte.c (test for excess errors)
WARNING: libffi.call/cls_4_1byte.c compilation failed to produce executable
FAIL: libffi.call/cls_4byte.c (test for excess errors)
WARNING: libffi.call/cls_4byte.c compilation failed to produce executable
FAIL: libffi.call/cls_5byte.c (test for excess errors)
WARNING: libffi.call/cls_5byte.c compilation failed to produce executable
FAIL: libffi.call/cls_64byte.c (test for excess errors)
WARNING: libffi.call/cls_64byte.c compilation failed to produce executable
FAIL: libffi.call/cls_6byte.c (test for excess errors)
WARNING: libffi.call/cls_6byte.c compilation failed to produce executable
FAIL: libffi.call/cls_7byte.c (test for excess errors)
WARNING: libffi.call/cls_7byte.c compilation failed to produce executable
FAIL: libffi.call/cls_8byte.c (test for excess errors)
WARNING: libffi.call/cls_8byte.c compilation failed to produce executable
FAIL: libffi.call/cls_9byte1.c (test for excess errors)
WARNING: libffi.call/cls_9byte1.c compilation failed to produce executable
FAIL: libffi.call/cls_9byte2.c (test for excess errors)
WARNING: libffi.call/cls_9byte2.c compilation failed to produce executable
FAIL: libffi.call/cls_align_double.c (test for excess errors)
WARNING: libffi.call/cls_align_double.c compilation failed to produce executable
FAIL: libffi.call/cls_align_float.c (test for excess errors)
WARNING: libffi.call/cls_align_float.c compilation failed to produce executable
FAIL: libffi.call/cls_align_longdouble.c (test for excess errors)
WARNING: libffi.call/cls_align_longdouble.c compilation failed to produce executable
FAIL: libffi.call/cls_align_pointer.c (test for excess errors)
WARNING: libffi.call/cls_align_pointer.c compilation failed to produce executable
FAIL: libffi.call/cls_align_sint16.c (test for excess errors)
WARNING: libffi.call/cls_align_sint16.c compilation failed to produce executable
FAIL: libffi.call/cls_align_sint32.c (test for excess errors)
WARNING: libffi.call/cls_align_sint32.c compilation failed to produce executable
FAIL: libffi.call/cls_align_sint64.c (test for excess errors)
WARNING: libffi.call/cls_align_sint64.c compilation failed to produce executable
FAIL: libffi.call/cls_align_uint16.c (test for excess errors)
WARNING: libffi.call/cls_align_uint16.c compilation failed to produce executable
FAIL: libffi.call/cls_align_uint32.c (test for excess errors)
WARNING: libffi.call/cls_align_uint32.c compilation failed to produce executable
FAIL: libffi.call/cls_align_uint64.c (test for excess errors)
WARNING: libffi.call/cls_align_uint64.c compilation failed to produce executable
FAIL: libffi.call/cls_double.c (test for excess errors)
WARNING: libffi.call/cls_double.c compilation failed to produce executable
FAIL: libffi.call/cls_float.c (test for excess errors)
WARNING: libffi.call/cls_float.c compilation failed to produce executable
FAIL: libffi.call/cls_multi_schar.c (test for excess errors)
WARNING: libffi.call/cls_multi_schar.c compilation failed to produce executable
FAIL: libffi.call/cls_multi_sshort.c (test for excess errors)
WARNING: libffi.call/cls_multi_sshort.c compilation failed to produce executable
FAIL: libffi.call/cls_multi_sshortchar.c (test for excess errors)
WARNING: libffi.call/cls_multi_sshortchar.c compilation failed to produce executable
FAIL: libffi.call/cls_multi_uchar.c (test for excess errors)
WARNING: libffi.call/cls_multi_uchar.c compilation failed to produce executable
FAIL: libffi.call/cls_multi_ushort.c (test for excess errors)
WARNING: libffi.call/cls_multi_ushort.c compilation failed to produce executable
FAIL: libffi.call/cls_multi_ushortchar.c (test for excess errors)
WARNING: libffi.call/cls_multi_ushortchar.c compilation failed to produce executable
FAIL: libffi.call/cls_schar.c (test for excess errors)
WARNING: libffi.call/cls_schar.c compilation failed to produce executable
FAIL: libffi.call/cls_sint.c (test for excess errors)
WARNING: libffi.call/cls_sint.c compilation failed to produce executable
FAIL: libffi.call/cls_sshort.c (test for excess errors)
WARNING: libffi.call/cls_sshort.c compilation failed to produce executable
FAIL: libffi.call/cls_uchar.c (test for excess errors)
WARNING: libffi.call/cls_uchar.c compilation failed to produce executable
FAIL: libffi.call/cls_uint.c (test for excess errors)
WARNING: libffi.call/cls_uint.c compilation failed to produce executable
FAIL: libffi.call/cls_ulonglong.c (test for excess errors)
WARNING: libffi.call/cls_ulonglong.c compilation failed to produce executable
FAIL: libffi.call/cls_ushort.c (test for excess errors)
WARNING: libffi.call/cls_ushort.c compilation failed to produce executable
FAIL: libffi.call/nested_struct.c (test for excess errors)
WARNING: libffi.call/nested_struct.c compilation failed to produce executable
FAIL: libffi.call/nested_struct1.c (test for excess errors)
WARNING: libffi.call/nested_struct1.c compilation failed to produce executable
FAIL: libffi.call/nested_struct2.c (test for excess errors)
WARNING: libffi.call/nested_struct2.c compilation failed to produce executable
FAIL: libffi.call/nested_struct3.c (test for excess errors)
WARNING: libffi.call/nested_struct3.c compilation failed to produce executable
FAIL: libffi.call/problem1.c (test for excess errors)
WARNING: libffi.call/problem1.c compilation failed to produce executable
FAIL: libffi.call/return_ll.c execution test
FAIL: libffi.special/unwindtest.cc -lstdc++ (test for excess errors)
WARNING: libffi.special/unwindtest.cc -lstdc++ compilation failed to produce executable
=== libffi Summary ===
# of expected passes 37
# of unexpected failures 59
# of unsupported tests 2
=== libjava tests ===
Running target unix
FAIL: linking simple
FAIL: calls output
FAIL: pr11951 run
FAIL: InvokeReturn output - source compiled test
FAIL: InvokeReturn output - bytecode->native test
FAIL: InvokeReturn -O3 output - source compiled test
FAIL: InvokeReturn -O3 output - bytecode->native test
FAIL: TestProxy execution - source compiled test
FAIL: TestProxy execution - bytecode->native test
FAIL: TestProxy -O3 execution - source compiled test
FAIL: TestProxy -O3 execution - bytecode->native test
FAIL: invokethrow execution - source compiled test
FAIL: invokethrow execution - bytecode->native test
FAIL: invokethrow -O3 execution - source compiled test
FAIL: invokethrow -O3 execution - bytecode->native test
FAIL: /home/doko/gcc-snapshot-20040404/build/mipsel-linux/libjava/testsuite/TestEarlyGC.exe output - /home/doko/gcc-snapshot-20040404/build/mipsel-linux/libjava/testsuite/TestEarlyGC.exe
FAIL: /home/doko/gcc-snapshot-20040404/build/mipsel-linux/libjava/testsuite/TestLeak.exe execution - /home/doko/gcc-snapshot-20040404/build/mipsel-linux/libjava/testsuite/TestLeak.exe
FAIL: /home/doko/gcc-snapshot-20040404/build/mipsel-linux/libjava/testsuite/TestMultiple.exe output - /home/doko/gcc-snapshot-20040404/build/mipsel-linux/libjava/testsuite/TestMultiple.exe
FAIL: /home/doko/gcc-snapshot-20040404/build/mipsel-linux/libjava/testsuite/TestParent.exe output - /home/doko/gcc-snapshot-20040404/build/mipsel-linux/libjava/testsuite/TestParent.exe
=== libjava Summary ===
# of expected passes 2647
# of unexpected failures 19
# of expected failures 11
# of untested testcases 20
=== libstdc++ tests ===
Running target unix
XPASS: 26_numerics/c99_classification_macros_c.cc (test for excess errors)
=== libstdc++ Summary ===
# of expected passes 2645
# of unexpected successes 1
# of expected failures 5
Compiler version: 3.4.0 20040404 (prerelease)
Platform: mipsel-unknown-linux-gnu
configure flags: -v --enable-languages=c,c++,java,f77,objc,ada,treelang --prefix=/usr/lib/gcc-snapshot --enable-shared --with-system-zlib --enable-nls --enable-threads=posix --without-included-gettext --enable-__cxa_atexit --enable-clocale=gnu --enable-libstdcxx-debug --enable-java-gc=boehm --enable-java-awt=gtk --with-cpp-install-dir=bin --disable-werror mipsel-linux
BOOT_CFLAGS=-O2
Build Dependencies:
Desired=Unknown/Install/Remove/Purge/Hold
| Status=Not/Installed/Config-files/Unpacked/Failed-config/Half-installed
|/ Err?=(none)/Hold/Reinst-required/X=both-problems (Status,Err: uppercase=bad)
||/ Name Version Description
+++-==============-==============-============================================
ii binutils 2.14.90.0.7-6 The GNU assembler, linker and binary utiliti
ii libc6-dev 2.3.2.ds1-11 GNU C Library: Development Libraries and Hea
Patches that Debian applied in this version:
test-summary:
add libstdc++-v3's abi baseline to the test summary
amd64-specs:
Use 64bits mode assembly except with -m32
libjava-mips:
libjava-mips patch from Thiemo Seufer <ica2_ts@csv.ica.uni-stuttgart.de>