This is the mail archive of the
gcc-testresults@gcc.gnu.org
mailing list for the GCC project.
Results for 3.5.0 20040327 (experimental) testsuite on sh-unknown-elf
- From: Joern Rennecke <joern dot rennecke at superh dot com>
- To: gcc-testresults at gcc dot gnu dot org
- Date: Sun, 28 Mar 2004 16:47:41 +0100
- Subject: Results for 3.5.0 20040327 (experimental) testsuite on sh-unknown-elf
LAST_UPDATED:
Target is sh-unknown-elf
Host is i686-pc-linux-gnu
=== g++ tests ===
Running target sh-hms-sim
FAIL: g++.dg/bprob/g++-bprob-1.C compilation, -g -fprofile-arcs
UNRESOLVED: g++.dg/bprob/g++-bprob-1.C execution, -g -fprofile-arcs
UNRESOLVED: g++.dg/bprob/g++-bprob-1.C compilation, -g -fbranch-probabilities
UNRESOLVED: g++.dg/bprob/g++-bprob-1.C execution, -g -fbranch-probabilities
FAIL: g++.dg/bprob/g++-bprob-1.C compilation, -O3 -g -fprofile-arcs
UNRESOLVED: g++.dg/bprob/g++-bprob-1.C execution, -O3 -g -fprofile-arcs
UNRESOLVED: g++.dg/bprob/g++-bprob-1.C compilation, -O3 -g -fbranch-probabilities
UNRESOLVED: g++.dg/bprob/g++-bprob-1.C execution, -O3 -g -fbranch-probabilities
FAIL: g++.dg/parse/varmod1.C (test for errors, line 5)
FAIL: g++.old-deja/g++.bugs/900322_01.C (test for errors, line 46)
FAIL: g++.old-deja/g++.bugs/900322_01.C (test for errors, line 51)
FAIL: g++.old-deja/g++.bugs/900322_01.C (test for errors, line 52)
FAIL: g++.old-deja/g++.bugs/900322_01.C (test for excess errors)
XPASS: g++.old-deja/g++.jason/rfg16.C (test for bogus messages, line 5)
FAIL: g++.old-deja/g++.jason/rfg16.C (test for excess errors)
XPASS: g++.old-deja/g++.jason/thunk3.C execution test
WARNING: g++.old-deja/g++.mike/p10769a.C compilation failed to produce executable
WARNING: g++.old-deja/g++.other/enum5.C compilation failed to produce executable
WARNING: g++.old-deja/g++.pt/friend44.C compilation failed to produce executable
=== g++ Summary for sh-hms-sim ===
# of expected passes 9605
# of unexpected failures 8
# of unexpected successes 2
# of expected failures 79
# of unresolved testcases 6
# of unsupported tests 91
Running target sh-hms-sim/-m2
FAIL: g++.dg/bprob/g++-bprob-1.C compilation, -g -fprofile-arcs
UNRESOLVED: g++.dg/bprob/g++-bprob-1.C execution, -g -fprofile-arcs
UNRESOLVED: g++.dg/bprob/g++-bprob-1.C compilation, -g -fbranch-probabilities
UNRESOLVED: g++.dg/bprob/g++-bprob-1.C execution, -g -fbranch-probabilities
FAIL: g++.dg/bprob/g++-bprob-1.C compilation, -O3 -g -fprofile-arcs
UNRESOLVED: g++.dg/bprob/g++-bprob-1.C execution, -O3 -g -fprofile-arcs
UNRESOLVED: g++.dg/bprob/g++-bprob-1.C compilation, -O3 -g -fbranch-probabilities
UNRESOLVED: g++.dg/bprob/g++-bprob-1.C execution, -O3 -g -fbranch-probabilities
FAIL: g++.dg/parse/varmod1.C (test for errors, line 5)
FAIL: g++.dg/parse/varmod1.C (test for excess errors)
FAIL: g++.old-deja/g++.bugs/900322_01.C (test for errors, line 46)
FAIL: g++.old-deja/g++.bugs/900322_01.C (test for errors, line 51)
FAIL: g++.old-deja/g++.bugs/900322_01.C (test for errors, line 52)
FAIL: g++.old-deja/g++.bugs/900322_01.C (test for excess errors)
XPASS: g++.old-deja/g++.jason/rfg16.C (test for bogus messages, line 5)
FAIL: g++.old-deja/g++.jason/rfg16.C (test for excess errors)
XPASS: g++.old-deja/g++.jason/thunk3.C execution test
WARNING: g++.old-deja/g++.mike/p10769a.C compilation failed to produce executable
WARNING: g++.old-deja/g++.other/enum5.C compilation failed to produce executable
WARNING: g++.old-deja/g++.pt/friend44.C compilation failed to produce executable
=== g++ Summary for sh-hms-sim/-m2 ===
# of expected passes 9604
# of unexpected failures 9
# of unexpected successes 2
# of expected failures 79
# of unresolved testcases 6
# of unsupported tests 91
Running target sh-hms-sim/-m2/-ml
FAIL: g++.dg/bprob/g++-bprob-1.C compilation, -g -fprofile-arcs
UNRESOLVED: g++.dg/bprob/g++-bprob-1.C execution, -g -fprofile-arcs
UNRESOLVED: g++.dg/bprob/g++-bprob-1.C compilation, -g -fbranch-probabilities
UNRESOLVED: g++.dg/bprob/g++-bprob-1.C execution, -g -fbranch-probabilities
FAIL: g++.dg/bprob/g++-bprob-1.C compilation, -O3 -g -fprofile-arcs
UNRESOLVED: g++.dg/bprob/g++-bprob-1.C execution, -O3 -g -fprofile-arcs
UNRESOLVED: g++.dg/bprob/g++-bprob-1.C compilation, -O3 -g -fbranch-probabilities
UNRESOLVED: g++.dg/bprob/g++-bprob-1.C execution, -O3 -g -fbranch-probabilities
FAIL: g++.dg/parse/varmod1.C (test for errors, line 5)
FAIL: g++.dg/parse/varmod1.C (test for excess errors)
FAIL: g++.old-deja/g++.bugs/900322_01.C (test for errors, line 46)
FAIL: g++.old-deja/g++.bugs/900322_01.C (test for errors, line 51)
FAIL: g++.old-deja/g++.bugs/900322_01.C (test for errors, line 52)
FAIL: g++.old-deja/g++.bugs/900322_01.C (test for excess errors)
XPASS: g++.old-deja/g++.jason/rfg16.C (test for bogus messages, line 5)
FAIL: g++.old-deja/g++.jason/rfg16.C (test for excess errors)
XPASS: g++.old-deja/g++.jason/thunk3.C execution test
WARNING: g++.old-deja/g++.mike/p10769a.C compilation failed to produce executable
WARNING: g++.old-deja/g++.other/enum5.C compilation failed to produce executable
WARNING: g++.old-deja/g++.pt/friend44.C compilation failed to produce executable
=== g++ Summary for sh-hms-sim/-m2/-ml ===
# of expected passes 9604
# of unexpected failures 9
# of unexpected successes 2
# of expected failures 79
# of unresolved testcases 6
# of unsupported tests 91
Running target sh-hms-sim/-m2e
FAIL: g++.dg/bprob/g++-bprob-1.C compilation, -g -fprofile-arcs
UNRESOLVED: g++.dg/bprob/g++-bprob-1.C execution, -g -fprofile-arcs
UNRESOLVED: g++.dg/bprob/g++-bprob-1.C compilation, -g -fbranch-probabilities
UNRESOLVED: g++.dg/bprob/g++-bprob-1.C execution, -g -fbranch-probabilities
FAIL: g++.dg/bprob/g++-bprob-1.C compilation, -O3 -g -fprofile-arcs
UNRESOLVED: g++.dg/bprob/g++-bprob-1.C execution, -O3 -g -fprofile-arcs
UNRESOLVED: g++.dg/bprob/g++-bprob-1.C compilation, -O3 -g -fbranch-probabilities
UNRESOLVED: g++.dg/bprob/g++-bprob-1.C execution, -O3 -g -fbranch-probabilities
FAIL: g++.dg/parse/varmod1.C (test for errors, line 5)
FAIL: g++.dg/parse/varmod1.C (test for excess errors)
FAIL: g++.old-deja/g++.bugs/900322_01.C (test for errors, line 46)
FAIL: g++.old-deja/g++.bugs/900322_01.C (test for errors, line 51)
FAIL: g++.old-deja/g++.bugs/900322_01.C (test for errors, line 52)
FAIL: g++.old-deja/g++.bugs/900322_01.C (test for excess errors)
XPASS: g++.old-deja/g++.jason/rfg16.C (test for bogus messages, line 5)
FAIL: g++.old-deja/g++.jason/rfg16.C (test for excess errors)
XPASS: g++.old-deja/g++.jason/thunk3.C execution test
WARNING: g++.old-deja/g++.mike/p10769a.C compilation failed to produce executable
WARNING: g++.old-deja/g++.other/enum5.C compilation failed to produce executable
WARNING: g++.old-deja/g++.pt/friend44.C compilation failed to produce executable
=== g++ Summary for sh-hms-sim/-m2e ===
# of expected passes 9604
# of unexpected failures 9
# of unexpected successes 2
# of expected failures 79
# of unresolved testcases 6
# of unsupported tests 91
Running target sh-hms-sim/-m2e/-ml
FAIL: g++.dg/bprob/g++-bprob-1.C compilation, -g -fprofile-arcs
UNRESOLVED: g++.dg/bprob/g++-bprob-1.C execution, -g -fprofile-arcs
UNRESOLVED: g++.dg/bprob/g++-bprob-1.C compilation, -g -fbranch-probabilities
UNRESOLVED: g++.dg/bprob/g++-bprob-1.C execution, -g -fbranch-probabilities
FAIL: g++.dg/bprob/g++-bprob-1.C compilation, -O3 -g -fprofile-arcs
UNRESOLVED: g++.dg/bprob/g++-bprob-1.C execution, -O3 -g -fprofile-arcs
UNRESOLVED: g++.dg/bprob/g++-bprob-1.C compilation, -O3 -g -fbranch-probabilities
UNRESOLVED: g++.dg/bprob/g++-bprob-1.C execution, -O3 -g -fbranch-probabilities
FAIL: g++.dg/parse/varmod1.C (test for errors, line 5)
FAIL: g++.dg/parse/varmod1.C (test for excess errors)
FAIL: g++.old-deja/g++.bugs/900322_01.C (test for errors, line 46)
FAIL: g++.old-deja/g++.bugs/900322_01.C (test for errors, line 51)
FAIL: g++.old-deja/g++.bugs/900322_01.C (test for errors, line 52)
FAIL: g++.old-deja/g++.bugs/900322_01.C (test for excess errors)
XPASS: g++.old-deja/g++.jason/rfg16.C (test for bogus messages, line 5)
FAIL: g++.old-deja/g++.jason/rfg16.C (test for excess errors)
XPASS: g++.old-deja/g++.jason/thunk3.C execution test
WARNING: g++.old-deja/g++.mike/p10769a.C compilation failed to produce executable
WARNING: g++.old-deja/g++.other/enum5.C compilation failed to produce executable
WARNING: g++.old-deja/g++.pt/friend44.C compilation failed to produce executable
=== g++ Summary for sh-hms-sim/-m2e/-ml ===
# of expected passes 9604
# of unexpected failures 9
# of unexpected successes 2
# of expected failures 79
# of unresolved testcases 6
# of unsupported tests 91
Running target sh-hms-sim/-m4
FAIL: g++.dg/bprob/g++-bprob-1.C compilation, -g -fprofile-arcs
UNRESOLVED: g++.dg/bprob/g++-bprob-1.C execution, -g -fprofile-arcs
UNRESOLVED: g++.dg/bprob/g++-bprob-1.C compilation, -g -fbranch-probabilities
UNRESOLVED: g++.dg/bprob/g++-bprob-1.C execution, -g -fbranch-probabilities
FAIL: g++.dg/bprob/g++-bprob-1.C compilation, -O3 -g -fprofile-arcs
UNRESOLVED: g++.dg/bprob/g++-bprob-1.C execution, -O3 -g -fprofile-arcs
UNRESOLVED: g++.dg/bprob/g++-bprob-1.C compilation, -O3 -g -fbranch-probabilities
UNRESOLVED: g++.dg/bprob/g++-bprob-1.C execution, -O3 -g -fbranch-probabilities
FAIL: g++.dg/opt/cfg3.C (test for excess errors)
FAIL: g++.dg/parse/varmod1.C (test for errors, line 5)
FAIL: g++.dg/parse/varmod1.C (test for excess errors)
FAIL: g++.old-deja/g++.bugs/900322_01.C (test for errors, line 46)
FAIL: g++.old-deja/g++.bugs/900322_01.C (test for errors, line 51)
FAIL: g++.old-deja/g++.bugs/900322_01.C (test for errors, line 52)
FAIL: g++.old-deja/g++.bugs/900322_01.C (test for excess errors)
XPASS: g++.old-deja/g++.jason/rfg16.C (test for bogus messages, line 5)
FAIL: g++.old-deja/g++.jason/rfg16.C (test for excess errors)
XPASS: g++.old-deja/g++.jason/thunk3.C execution test
WARNING: g++.old-deja/g++.mike/p10769a.C compilation failed to produce executable
WARNING: g++.old-deja/g++.other/enum5.C compilation failed to produce executable
WARNING: g++.old-deja/g++.pt/friend44.C compilation failed to produce executable
=== g++ Summary for sh-hms-sim/-m4 ===
# of expected passes 9603
# of unexpected failures 10
# of unexpected successes 2
# of expected failures 79
# of unresolved testcases 6
# of unsupported tests 91
Running target sh-hms-sim/-m4/-ml
FAIL: g++.dg/bprob/g++-bprob-1.C compilation, -g -fprofile-arcs
UNRESOLVED: g++.dg/bprob/g++-bprob-1.C execution, -g -fprofile-arcs
UNRESOLVED: g++.dg/bprob/g++-bprob-1.C compilation, -g -fbranch-probabilities
UNRESOLVED: g++.dg/bprob/g++-bprob-1.C execution, -g -fbranch-probabilities
FAIL: g++.dg/bprob/g++-bprob-1.C compilation, -O3 -g -fprofile-arcs
UNRESOLVED: g++.dg/bprob/g++-bprob-1.C execution, -O3 -g -fprofile-arcs
UNRESOLVED: g++.dg/bprob/g++-bprob-1.C compilation, -O3 -g -fbranch-probabilities
UNRESOLVED: g++.dg/bprob/g++-bprob-1.C execution, -O3 -g -fbranch-probabilities
FAIL: g++.dg/opt/cfg3.C (test for excess errors)
FAIL: g++.dg/parse/varmod1.C (test for errors, line 5)
FAIL: g++.dg/parse/varmod1.C (test for excess errors)
FAIL: g++.old-deja/g++.bugs/900322_01.C (test for errors, line 46)
FAIL: g++.old-deja/g++.bugs/900322_01.C (test for errors, line 51)
FAIL: g++.old-deja/g++.bugs/900322_01.C (test for errors, line 52)
FAIL: g++.old-deja/g++.bugs/900322_01.C (test for excess errors)
XPASS: g++.old-deja/g++.jason/rfg16.C (test for bogus messages, line 5)
FAIL: g++.old-deja/g++.jason/rfg16.C (test for excess errors)
XPASS: g++.old-deja/g++.jason/thunk3.C execution test
WARNING: g++.old-deja/g++.mike/p10769a.C compilation failed to produce executable
WARNING: g++.old-deja/g++.other/enum5.C compilation failed to produce executable
WARNING: g++.old-deja/g++.pt/friend44.C compilation failed to produce executable
=== g++ Summary for sh-hms-sim/-m4/-ml ===
# of expected passes 9603
# of unexpected failures 10
# of unexpected successes 2
# of expected failures 79
# of unresolved testcases 6
# of unsupported tests 91
Running target sh-hms-sim/-m4-single
FAIL: g++.dg/bprob/g++-bprob-1.C compilation, -g -fprofile-arcs
UNRESOLVED: g++.dg/bprob/g++-bprob-1.C execution, -g -fprofile-arcs
UNRESOLVED: g++.dg/bprob/g++-bprob-1.C compilation, -g -fbranch-probabilities
UNRESOLVED: g++.dg/bprob/g++-bprob-1.C execution, -g -fbranch-probabilities
FAIL: g++.dg/bprob/g++-bprob-1.C compilation, -O3 -g -fprofile-arcs
UNRESOLVED: g++.dg/bprob/g++-bprob-1.C execution, -O3 -g -fprofile-arcs
UNRESOLVED: g++.dg/bprob/g++-bprob-1.C compilation, -O3 -g -fbranch-probabilities
UNRESOLVED: g++.dg/bprob/g++-bprob-1.C execution, -O3 -g -fbranch-probabilities
FAIL: g++.dg/opt/reg-stack2.C (test for excess errors)
FAIL: g++.dg/parse/varmod1.C (test for errors, line 5)
FAIL: g++.dg/parse/varmod1.C (test for excess errors)
FAIL: g++.old-deja/g++.bugs/900322_01.C (test for errors, line 46)
FAIL: g++.old-deja/g++.bugs/900322_01.C (test for errors, line 51)
FAIL: g++.old-deja/g++.bugs/900322_01.C (test for errors, line 52)
FAIL: g++.old-deja/g++.bugs/900322_01.C (test for excess errors)
XPASS: g++.old-deja/g++.jason/rfg16.C (test for bogus messages, line 5)
FAIL: g++.old-deja/g++.jason/rfg16.C (test for excess errors)
XPASS: g++.old-deja/g++.jason/thunk3.C execution test
WARNING: g++.old-deja/g++.mike/p10769a.C compilation failed to produce executable
WARNING: g++.old-deja/g++.other/enum5.C compilation failed to produce executable
WARNING: g++.old-deja/g++.pt/friend44.C compilation failed to produce executable
=== g++ Summary for sh-hms-sim/-m4-single ===
# of expected passes 9603
# of unexpected failures 10
# of unexpected successes 2
# of expected failures 79
# of unresolved testcases 6
# of unsupported tests 91
Running target sh-hms-sim/-m4-single/-ml
FAIL: g++.dg/bprob/g++-bprob-1.C compilation, -g -fprofile-arcs
UNRESOLVED: g++.dg/bprob/g++-bprob-1.C execution, -g -fprofile-arcs
UNRESOLVED: g++.dg/bprob/g++-bprob-1.C compilation, -g -fbranch-probabilities
UNRESOLVED: g++.dg/bprob/g++-bprob-1.C execution, -g -fbranch-probabilities
FAIL: g++.dg/bprob/g++-bprob-1.C compilation, -O3 -g -fprofile-arcs
UNRESOLVED: g++.dg/bprob/g++-bprob-1.C execution, -O3 -g -fprofile-arcs
UNRESOLVED: g++.dg/bprob/g++-bprob-1.C compilation, -O3 -g -fbranch-probabilities
UNRESOLVED: g++.dg/bprob/g++-bprob-1.C execution, -O3 -g -fbranch-probabilities
FAIL: g++.dg/opt/reg-stack2.C (test for excess errors)
FAIL: g++.dg/parse/varmod1.C (test for errors, line 5)
FAIL: g++.dg/parse/varmod1.C (test for excess errors)
FAIL: g++.old-deja/g++.bugs/900322_01.C (test for errors, line 46)
FAIL: g++.old-deja/g++.bugs/900322_01.C (test for errors, line 51)
FAIL: g++.old-deja/g++.bugs/900322_01.C (test for errors, line 52)
FAIL: g++.old-deja/g++.bugs/900322_01.C (test for excess errors)
XPASS: g++.old-deja/g++.jason/rfg16.C (test for bogus messages, line 5)
FAIL: g++.old-deja/g++.jason/rfg16.C (test for excess errors)
XPASS: g++.old-deja/g++.jason/thunk3.C execution test
WARNING: g++.old-deja/g++.mike/p10769a.C compilation failed to produce executable
WARNING: g++.old-deja/g++.other/enum5.C compilation failed to produce executable
WARNING: g++.old-deja/g++.pt/friend44.C compilation failed to produce executable
=== g++ Summary for sh-hms-sim/-m4-single/-ml ===
# of expected passes 9603
# of unexpected failures 10
# of unexpected successes 2
# of expected failures 79
# of unresolved testcases 6
# of unsupported tests 91
Running target sh-hms-sim/-m4-single-only
FAIL: g++.dg/bprob/g++-bprob-1.C compilation, -g -fprofile-arcs
UNRESOLVED: g++.dg/bprob/g++-bprob-1.C execution, -g -fprofile-arcs
UNRESOLVED: g++.dg/bprob/g++-bprob-1.C compilation, -g -fbranch-probabilities
UNRESOLVED: g++.dg/bprob/g++-bprob-1.C execution, -g -fbranch-probabilities
FAIL: g++.dg/bprob/g++-bprob-1.C compilation, -O3 -g -fprofile-arcs
UNRESOLVED: g++.dg/bprob/g++-bprob-1.C execution, -O3 -g -fprofile-arcs
UNRESOLVED: g++.dg/bprob/g++-bprob-1.C compilation, -O3 -g -fbranch-probabilities
UNRESOLVED: g++.dg/bprob/g++-bprob-1.C execution, -O3 -g -fbranch-probabilities
FAIL: g++.dg/parse/varmod1.C (test for errors, line 5)
FAIL: g++.dg/parse/varmod1.C (test for excess errors)
FAIL: g++.old-deja/g++.bugs/900322_01.C (test for errors, line 46)
FAIL: g++.old-deja/g++.bugs/900322_01.C (test for errors, line 51)
FAIL: g++.old-deja/g++.bugs/900322_01.C (test for errors, line 52)
FAIL: g++.old-deja/g++.bugs/900322_01.C (test for excess errors)
XPASS: g++.old-deja/g++.jason/rfg16.C (test for bogus messages, line 5)
FAIL: g++.old-deja/g++.jason/rfg16.C (test for excess errors)
XPASS: g++.old-deja/g++.jason/thunk3.C execution test
WARNING: g++.old-deja/g++.mike/p10769a.C compilation failed to produce executable
WARNING: g++.old-deja/g++.other/enum5.C compilation failed to produce executable
WARNING: g++.old-deja/g++.pt/friend44.C compilation failed to produce executable
=== g++ Summary for sh-hms-sim/-m4-single-only ===
# of expected passes 9604
# of unexpected failures 9
# of unexpected successes 2
# of expected failures 79
# of unresolved testcases 6
# of unsupported tests 91
Running target sh-hms-sim/-m4-single-only/-ml
FAIL: g++.dg/bprob/g++-bprob-1.C compilation, -g -fprofile-arcs
UNRESOLVED: g++.dg/bprob/g++-bprob-1.C execution, -g -fprofile-arcs
UNRESOLVED: g++.dg/bprob/g++-bprob-1.C compilation, -g -fbranch-probabilities
UNRESOLVED: g++.dg/bprob/g++-bprob-1.C execution, -g -fbranch-probabilities
FAIL: g++.dg/bprob/g++-bprob-1.C compilation, -O3 -g -fprofile-arcs
UNRESOLVED: g++.dg/bprob/g++-bprob-1.C execution, -O3 -g -fprofile-arcs
UNRESOLVED: g++.dg/bprob/g++-bprob-1.C compilation, -O3 -g -fbranch-probabilities
UNRESOLVED: g++.dg/bprob/g++-bprob-1.C execution, -O3 -g -fbranch-probabilities
FAIL: g++.dg/parse/varmod1.C (test for errors, line 5)
FAIL: g++.dg/parse/varmod1.C (test for excess errors)
FAIL: g++.old-deja/g++.bugs/900322_01.C (test for errors, line 46)
FAIL: g++.old-deja/g++.bugs/900322_01.C (test for errors, line 51)
FAIL: g++.old-deja/g++.bugs/900322_01.C (test for errors, line 52)
FAIL: g++.old-deja/g++.bugs/900322_01.C (test for excess errors)
XPASS: g++.old-deja/g++.jason/rfg16.C (test for bogus messages, line 5)
FAIL: g++.old-deja/g++.jason/rfg16.C (test for excess errors)
XPASS: g++.old-deja/g++.jason/thunk3.C execution test
WARNING: g++.old-deja/g++.mike/p10769a.C compilation failed to produce executable
WARNING: g++.old-deja/g++.other/enum5.C compilation failed to produce executable
WARNING: g++.old-deja/g++.pt/friend44.C compilation failed to produce executable
=== g++ Summary for sh-hms-sim/-m4-single-only/-ml ===
# of expected passes 9604
# of unexpected failures 9
# of unexpected successes 2
# of expected failures 79
# of unresolved testcases 6
# of unsupported tests 91
=== g++ Summary ===
# of expected passes 105641
# of unexpected failures 102
# of unexpected successes 22
# of expected failures 869
# of unresolved testcases 66
# of unsupported tests 1001
/swbuild/nightly/2004-03-27/sh-elf/gcc/testsuite/../g++ version 3.5.0 20040327 (experimental)
Host is i686-pc-linux-gnu
=== gcc tests ===
Running target sh-hms-sim
UNRESOLVED: gcc.c-torture/execute/20020720-1.c execution, -O1
UNRESOLVED: gcc.c-torture/execute/20020720-1.c execution, -O2
UNRESOLVED: gcc.c-torture/execute/20020720-1.c execution, -O3 -fomit-frame-pointer
UNRESOLVED: gcc.c-torture/execute/20020720-1.c execution, -O3 -g
UNRESOLVED: gcc.c-torture/execute/20020720-1.c execution, -Os
FAIL: gcc.c-torture/execute/20021120-3.c compilation, -O3 -fomit-frame-pointer
UNRESOLVED: gcc.c-torture/execute/20021120-3.c execution, -O3 -fomit-frame-pointer
FAIL: gcc.c-torture/execute/20021120-3.c compilation, -O3 -g
UNRESOLVED: gcc.c-torture/execute/20021120-3.c execution, -O3 -g
FAIL: gcc.dg/builtin-apply2.c execution test
FAIL: gcc.dg/builtins-18.c (test for excess errors)
FAIL: gcc.dg/builtins-20.c (test for excess errors)
FAIL: gcc.dg/builtins-32.c execution test
FAIL: gcc.dg/c90-const-expr-3.c (test for excess errors)
FAIL: gcc.dg/c99-const-expr-3.c (test for excess errors)
FAIL: gcc.dg/torture/builtin-convert-1.c -O1 (test for excess errors)
FAIL: gcc.dg/torture/builtin-convert-1.c -O2 (test for excess errors)
FAIL: gcc.dg/torture/builtin-convert-1.c -O3 -fomit-frame-pointer (test for excess errors)
FAIL: gcc.dg/torture/builtin-convert-1.c -O3 -g (test for excess errors)
FAIL: gcc.dg/torture/builtin-convert-1.c -Os (test for excess errors)
FAIL: gcc.dg/torture/builtin-power-1.c -O0 (test for excess errors)
FAIL: gcc.dg/torture/builtin-power-1.c -O1 (test for excess errors)
FAIL: gcc.dg/torture/builtin-power-1.c -O2 (test for excess errors)
FAIL: gcc.dg/torture/builtin-power-1.c -O3 -fomit-frame-pointer (test for excess errors)
FAIL: gcc.dg/torture/builtin-power-1.c -O3 -g (test for excess errors)
FAIL: gcc.dg/torture/builtin-power-1.c -Os (test for excess errors)
=== gcc Summary for sh-hms-sim ===
# of expected passes 24575
# of unexpected failures 19
# of expected failures 66
# of unresolved testcases 7
# of untested testcases 7
# of unsupported tests 347
Running target sh-hms-sim/-m2
UNRESOLVED: gcc.c-torture/execute/20020720-1.c execution, -O1
UNRESOLVED: gcc.c-torture/execute/20020720-1.c execution, -O2
UNRESOLVED: gcc.c-torture/execute/20020720-1.c execution, -O3 -fomit-frame-pointer
UNRESOLVED: gcc.c-torture/execute/20020720-1.c execution, -O3 -g
UNRESOLVED: gcc.c-torture/execute/20020720-1.c execution, -Os
FAIL: gcc.c-torture/execute/20021120-3.c compilation, -O3 -fomit-frame-pointer
UNRESOLVED: gcc.c-torture/execute/20021120-3.c execution, -O3 -fomit-frame-pointer
FAIL: gcc.c-torture/execute/20021120-3.c compilation, -O3 -g
UNRESOLVED: gcc.c-torture/execute/20021120-3.c execution, -O3 -g
FAIL: gcc.dg/builtin-apply2.c execution test
FAIL: gcc.dg/builtins-18.c (test for excess errors)
FAIL: gcc.dg/builtins-20.c (test for excess errors)
FAIL: gcc.dg/builtins-32.c execution test
FAIL: gcc.dg/c90-const-expr-3.c (test for excess errors)
FAIL: gcc.dg/c99-const-expr-3.c (test for excess errors)
FAIL: gcc.dg/torture/builtin-convert-1.c -O1 (test for excess errors)
FAIL: gcc.dg/torture/builtin-convert-1.c -O2 (test for excess errors)
FAIL: gcc.dg/torture/builtin-convert-1.c -O3 -fomit-frame-pointer (test for excess errors)
FAIL: gcc.dg/torture/builtin-convert-1.c -O3 -g (test for excess errors)
FAIL: gcc.dg/torture/builtin-convert-1.c -Os (test for excess errors)
FAIL: gcc.dg/torture/builtin-power-1.c -O0 (test for excess errors)
FAIL: gcc.dg/torture/builtin-power-1.c -O1 (test for excess errors)
FAIL: gcc.dg/torture/builtin-power-1.c -O2 (test for excess errors)
FAIL: gcc.dg/torture/builtin-power-1.c -O3 -fomit-frame-pointer (test for excess errors)
FAIL: gcc.dg/torture/builtin-power-1.c -O3 -g (test for excess errors)
FAIL: gcc.dg/torture/builtin-power-1.c -Os (test for excess errors)
=== gcc Summary for sh-hms-sim/-m2 ===
# of expected passes 24575
# of unexpected failures 19
# of expected failures 66
# of unresolved testcases 7
# of untested testcases 7
# of unsupported tests 347
Running target sh-hms-sim/-m2/-ml
UNRESOLVED: gcc.c-torture/execute/20020720-1.c execution, -O1
UNRESOLVED: gcc.c-torture/execute/20020720-1.c execution, -O2
UNRESOLVED: gcc.c-torture/execute/20020720-1.c execution, -O3 -fomit-frame-pointer
UNRESOLVED: gcc.c-torture/execute/20020720-1.c execution, -O3 -g
UNRESOLVED: gcc.c-torture/execute/20020720-1.c execution, -Os
FAIL: gcc.c-torture/execute/20021120-3.c compilation, -O3 -fomit-frame-pointer
UNRESOLVED: gcc.c-torture/execute/20021120-3.c execution, -O3 -fomit-frame-pointer
FAIL: gcc.c-torture/execute/20021120-3.c compilation, -O3 -g
UNRESOLVED: gcc.c-torture/execute/20021120-3.c execution, -O3 -g
FAIL: gcc.dg/builtin-apply2.c execution test
FAIL: gcc.dg/builtins-18.c (test for excess errors)
FAIL: gcc.dg/builtins-20.c (test for excess errors)
FAIL: gcc.dg/c90-const-expr-3.c (test for excess errors)
FAIL: gcc.dg/c99-const-expr-3.c (test for excess errors)
FAIL: gcc.dg/torture/builtin-convert-1.c -O1 (test for excess errors)
FAIL: gcc.dg/torture/builtin-convert-1.c -O2 (test for excess errors)
FAIL: gcc.dg/torture/builtin-convert-1.c -O3 -fomit-frame-pointer (test for excess errors)
FAIL: gcc.dg/torture/builtin-convert-1.c -O3 -g (test for excess errors)
FAIL: gcc.dg/torture/builtin-convert-1.c -Os (test for excess errors)
FAIL: gcc.dg/torture/builtin-power-1.c -O0 (test for excess errors)
FAIL: gcc.dg/torture/builtin-power-1.c -O1 (test for excess errors)
FAIL: gcc.dg/torture/builtin-power-1.c -O2 (test for excess errors)
FAIL: gcc.dg/torture/builtin-power-1.c -O3 -fomit-frame-pointer (test for excess errors)
FAIL: gcc.dg/torture/builtin-power-1.c -O3 -g (test for excess errors)
FAIL: gcc.dg/torture/builtin-power-1.c -Os (test for excess errors)
=== gcc Summary for sh-hms-sim/-m2/-ml ===
# of expected passes 24576
# of unexpected failures 18
# of expected failures 66
# of unresolved testcases 7
# of untested testcases 7
# of unsupported tests 347
Running target sh-hms-sim/-m2e
XPASS: gcc.c-torture/execute/20020720-1.c compilation, -O1
XPASS: gcc.c-torture/execute/20020720-1.c compilation, -O2
XPASS: gcc.c-torture/execute/20020720-1.c compilation, -O3 -fomit-frame-pointer
XPASS: gcc.c-torture/execute/20020720-1.c compilation, -O3 -g
XPASS: gcc.c-torture/execute/20020720-1.c compilation, -Os
FAIL: gcc.c-torture/execute/20021120-3.c compilation, -O3 -fomit-frame-pointer
UNRESOLVED: gcc.c-torture/execute/20021120-3.c execution, -O3 -fomit-frame-pointer
FAIL: gcc.c-torture/execute/20021120-3.c compilation, -O3 -g
UNRESOLVED: gcc.c-torture/execute/20021120-3.c execution, -O3 -g
FAIL: gcc.c-torture/execute/ieee/20010226-1.c execution, -O0
FAIL: gcc.c-torture/execute/ieee/20010226-1.c execution, -O1
FAIL: gcc.c-torture/execute/ieee/20010226-1.c execution, -O2
FAIL: gcc.c-torture/execute/ieee/20010226-1.c execution, -O3 -fomit-frame-pointer
FAIL: gcc.c-torture/execute/ieee/20010226-1.c execution, -O3 -g
FAIL: gcc.c-torture/execute/ieee/20010226-1.c execution, -Os
FAIL: gcc.c-torture/execute/ieee/rbug.c execution, -O0
FAIL: gcc.c-torture/execute/ieee/rbug.c execution, -O1
FAIL: gcc.c-torture/execute/ieee/rbug.c execution, -O2
FAIL: gcc.c-torture/execute/ieee/rbug.c execution, -O3 -fomit-frame-pointer
FAIL: gcc.c-torture/execute/ieee/rbug.c execution, -O3 -g
FAIL: gcc.c-torture/execute/ieee/rbug.c execution, -Os
FAIL: gcc.dg/compat/struct-by-value-19 c_compat_x_tst.o-c_compat_y_tst.o execute
FAIL: gcc.dg/compat/struct-return-19 c_compat_x_tst.o-c_compat_y_tst.o execute
FAIL: gcc.dg/builtins-18.c (test for excess errors)
FAIL: gcc.dg/builtins-20.c (test for excess errors)
FAIL: gcc.dg/c90-const-expr-3.c (test for excess errors)
FAIL: gcc.dg/c99-const-expr-3.c (test for excess errors)
FAIL: gcc.dg/torture/builtin-convert-1.c -O1 (test for excess errors)
FAIL: gcc.dg/torture/builtin-convert-1.c -O2 (test for excess errors)
FAIL: gcc.dg/torture/builtin-convert-1.c -O3 -fomit-frame-pointer (test for excess errors)
FAIL: gcc.dg/torture/builtin-convert-1.c -O3 -g (test for excess errors)
FAIL: gcc.dg/torture/builtin-convert-1.c -Os (test for excess errors)
FAIL: gcc.dg/torture/builtin-power-1.c -O0 (test for excess errors)
FAIL: gcc.dg/torture/builtin-power-1.c -O1 (test for excess errors)
FAIL: gcc.dg/torture/builtin-power-1.c -O2 (test for excess errors)
FAIL: gcc.dg/torture/builtin-power-1.c -O3 -fomit-frame-pointer (test for excess errors)
FAIL: gcc.dg/torture/builtin-power-1.c -O3 -g (test for excess errors)
FAIL: gcc.dg/torture/builtin-power-1.c -Os (test for excess errors)
=== gcc Summary for sh-hms-sim/-m2e ===
# of expected passes 24568
# of unexpected failures 31
# of unexpected successes 5
# of expected failures 61
# of unresolved testcases 2
# of untested testcases 7
# of unsupported tests 347
Running target sh-hms-sim/-m2e/-ml
XPASS: gcc.c-torture/execute/20020720-1.c compilation, -O1
XPASS: gcc.c-torture/execute/20020720-1.c compilation, -O2
XPASS: gcc.c-torture/execute/20020720-1.c compilation, -O3 -fomit-frame-pointer
XPASS: gcc.c-torture/execute/20020720-1.c compilation, -O3 -g
XPASS: gcc.c-torture/execute/20020720-1.c compilation, -Os
FAIL: gcc.c-torture/execute/20021120-3.c compilation, -O3 -fomit-frame-pointer
UNRESOLVED: gcc.c-torture/execute/20021120-3.c execution, -O3 -fomit-frame-pointer
FAIL: gcc.c-torture/execute/20021120-3.c compilation, -O3 -g
UNRESOLVED: gcc.c-torture/execute/20021120-3.c execution, -O3 -g
FAIL: gcc.c-torture/execute/ieee/20010226-1.c execution, -O0
FAIL: gcc.c-torture/execute/ieee/20010226-1.c execution, -O1
FAIL: gcc.c-torture/execute/ieee/20010226-1.c execution, -O2
FAIL: gcc.c-torture/execute/ieee/20010226-1.c execution, -O3 -fomit-frame-pointer
FAIL: gcc.c-torture/execute/ieee/20010226-1.c execution, -O3 -g
FAIL: gcc.c-torture/execute/ieee/20010226-1.c execution, -Os
FAIL: gcc.c-torture/execute/ieee/rbug.c execution, -O0
FAIL: gcc.c-torture/execute/ieee/rbug.c execution, -O1
FAIL: gcc.c-torture/execute/ieee/rbug.c execution, -O2
FAIL: gcc.c-torture/execute/ieee/rbug.c execution, -O3 -fomit-frame-pointer
FAIL: gcc.c-torture/execute/ieee/rbug.c execution, -O3 -g
FAIL: gcc.c-torture/execute/ieee/rbug.c execution, -Os
FAIL: gcc.dg/compat/struct-by-value-19 c_compat_x_tst.o-c_compat_y_tst.o execute
FAIL: gcc.dg/compat/struct-return-19 c_compat_x_tst.o-c_compat_y_tst.o execute
FAIL: gcc.dg/builtins-18.c (test for excess errors)
FAIL: gcc.dg/builtins-20.c (test for excess errors)
FAIL: gcc.dg/c90-const-expr-3.c (test for excess errors)
FAIL: gcc.dg/c99-const-expr-3.c (test for excess errors)
FAIL: gcc.dg/torture/builtin-convert-1.c -O1 (test for excess errors)
FAIL: gcc.dg/torture/builtin-convert-1.c -O2 (test for excess errors)
FAIL: gcc.dg/torture/builtin-convert-1.c -O3 -fomit-frame-pointer (test for excess errors)
FAIL: gcc.dg/torture/builtin-convert-1.c -O3 -g (test for excess errors)
FAIL: gcc.dg/torture/builtin-convert-1.c -Os (test for excess errors)
FAIL: gcc.dg/torture/builtin-power-1.c -O0 (test for excess errors)
FAIL: gcc.dg/torture/builtin-power-1.c -O1 (test for excess errors)
FAIL: gcc.dg/torture/builtin-power-1.c -O2 (test for excess errors)
FAIL: gcc.dg/torture/builtin-power-1.c -O3 -fomit-frame-pointer (test for excess errors)
FAIL: gcc.dg/torture/builtin-power-1.c -O3 -g (test for excess errors)
FAIL: gcc.dg/torture/builtin-power-1.c -Os (test for excess errors)
=== gcc Summary for sh-hms-sim/-m2e/-ml ===
# of expected passes 24568
# of unexpected failures 31
# of unexpected successes 5
# of expected failures 61
# of unresolved testcases 2
# of untested testcases 7
# of unsupported tests 347
Running target sh-hms-sim/-m4
UNRESOLVED: gcc.c-torture/execute/20020720-1.c execution, -O1
UNRESOLVED: gcc.c-torture/execute/20020720-1.c execution, -O2
UNRESOLVED: gcc.c-torture/execute/20020720-1.c execution, -O3 -fomit-frame-pointer
UNRESOLVED: gcc.c-torture/execute/20020720-1.c execution, -O3 -g
UNRESOLVED: gcc.c-torture/execute/20020720-1.c execution, -Os
FAIL: gcc.c-torture/execute/20021120-3.c compilation, -O3 -fomit-frame-pointer
UNRESOLVED: gcc.c-torture/execute/20021120-3.c execution, -O3 -fomit-frame-pointer
FAIL: gcc.c-torture/execute/20021120-3.c compilation, -O3 -g
UNRESOLVED: gcc.c-torture/execute/20021120-3.c execution, -O3 -g
FAIL: gcc.c-torture/execute/930603-3.c compilation, -O2
UNRESOLVED: gcc.c-torture/execute/930603-3.c execution, -O2
FAIL: gcc.c-torture/execute/930603-3.c compilation, -O3 -fomit-frame-pointer
UNRESOLVED: gcc.c-torture/execute/930603-3.c execution, -O3 -fomit-frame-pointer
FAIL: gcc.c-torture/execute/930603-3.c compilation, -O3 -g
UNRESOLVED: gcc.c-torture/execute/930603-3.c execution, -O3 -g
FAIL: gcc.c-torture/execute/930603-3.c compilation, -Os
UNRESOLVED: gcc.c-torture/execute/930603-3.c execution, -Os
FAIL: gcc.c-torture/unsorted/SFset.c, -O2
FAIL: gcc.c-torture/unsorted/SFset.c, -O3 -fomit-frame-pointer
FAIL: gcc.c-torture/unsorted/SFset.c, -O3 -g
FAIL: gcc.c-torture/unsorted/SFset.c, -Os
FAIL: gcc.dg/compat/struct-by-value-19 c_compat_x_tst.o-c_compat_y_tst.o execute
FAIL: gcc.dg/compat/struct-return-19 c_compat_x_tst.o-c_compat_y_tst.o execute
FAIL: gcc.dg/builtins-20.c (test for excess errors)
FAIL: gcc.dg/builtins-32.c execution test
FAIL: gcc.dg/c90-const-expr-3.c (test for excess errors)
FAIL: gcc.dg/c99-const-expr-3.c (test for excess errors)
FAIL: gcc.dg/tls/pic-1.c (test for excess errors)
FAIL: gcc.dg/torture/builtin-convert-1.c -O1 (test for excess errors)
FAIL: gcc.dg/torture/builtin-convert-1.c -O2 (test for excess errors)
FAIL: gcc.dg/torture/builtin-convert-1.c -O3 -fomit-frame-pointer (test for excess errors)
FAIL: gcc.dg/torture/builtin-convert-1.c -O3 -g (test for excess errors)
FAIL: gcc.dg/torture/builtin-convert-1.c -Os (test for excess errors)
FAIL: gcc.dg/torture/builtin-power-1.c -O0 (test for excess errors)
FAIL: gcc.dg/torture/builtin-power-1.c -O1 (test for excess errors)
FAIL: gcc.dg/torture/builtin-power-1.c -O2 (test for excess errors)
FAIL: gcc.dg/torture/builtin-power-1.c -O3 -fomit-frame-pointer (test for excess errors)
FAIL: gcc.dg/torture/builtin-power-1.c -O3 -g (test for excess errors)
FAIL: gcc.dg/torture/builtin-power-1.c -Os (test for excess errors)
=== gcc Summary for sh-hms-sim/-m4 ===
# of expected passes 24562
# of unexpected failures 28
# of expected failures 66
# of unresolved testcases 11
# of untested testcases 7
# of unsupported tests 347
Running target sh-hms-sim/-m4/-ml
UNRESOLVED: gcc.c-torture/execute/20020720-1.c execution, -O1
UNRESOLVED: gcc.c-torture/execute/20020720-1.c execution, -O2
UNRESOLVED: gcc.c-torture/execute/20020720-1.c execution, -O3 -fomit-frame-pointer
UNRESOLVED: gcc.c-torture/execute/20020720-1.c execution, -O3 -g
UNRESOLVED: gcc.c-torture/execute/20020720-1.c execution, -Os
FAIL: gcc.c-torture/execute/20021120-3.c compilation, -O3 -fomit-frame-pointer
UNRESOLVED: gcc.c-torture/execute/20021120-3.c execution, -O3 -fomit-frame-pointer
FAIL: gcc.c-torture/execute/20021120-3.c compilation, -O3 -g
UNRESOLVED: gcc.c-torture/execute/20021120-3.c execution, -O3 -g
FAIL: gcc.c-torture/execute/930603-3.c compilation, -O2
UNRESOLVED: gcc.c-torture/execute/930603-3.c execution, -O2
FAIL: gcc.c-torture/execute/930603-3.c compilation, -O3 -fomit-frame-pointer
UNRESOLVED: gcc.c-torture/execute/930603-3.c execution, -O3 -fomit-frame-pointer
FAIL: gcc.c-torture/execute/930603-3.c compilation, -O3 -g
UNRESOLVED: gcc.c-torture/execute/930603-3.c execution, -O3 -g
FAIL: gcc.c-torture/execute/930603-3.c compilation, -Os
UNRESOLVED: gcc.c-torture/execute/930603-3.c execution, -Os
FAIL: gcc.c-torture/unsorted/SFset.c, -O2
FAIL: gcc.c-torture/unsorted/SFset.c, -O3 -fomit-frame-pointer
FAIL: gcc.c-torture/unsorted/SFset.c, -O3 -g
FAIL: gcc.c-torture/unsorted/SFset.c, -Os
FAIL: gcc.dg/compat/struct-by-value-19 c_compat_x_tst.o-c_compat_y_tst.o execute
FAIL: gcc.dg/compat/struct-return-19 c_compat_x_tst.o-c_compat_y_tst.o execute
FAIL: gcc.dg/builtins-20.c (test for excess errors)
FAIL: gcc.dg/c90-const-expr-3.c (test for excess errors)
FAIL: gcc.dg/c99-const-expr-3.c (test for excess errors)
FAIL: gcc.dg/tls/pic-1.c (test for excess errors)
FAIL: gcc.dg/torture/builtin-convert-1.c -O1 (test for excess errors)
FAIL: gcc.dg/torture/builtin-convert-1.c -O2 (test for excess errors)
FAIL: gcc.dg/torture/builtin-convert-1.c -O3 -fomit-frame-pointer (test for excess errors)
FAIL: gcc.dg/torture/builtin-convert-1.c -O3 -g (test for excess errors)
FAIL: gcc.dg/torture/builtin-convert-1.c -Os (test for excess errors)
FAIL: gcc.dg/torture/builtin-power-1.c -O0 (test for excess errors)
FAIL: gcc.dg/torture/builtin-power-1.c -O1 (test for excess errors)
FAIL: gcc.dg/torture/builtin-power-1.c -O2 (test for excess errors)
FAIL: gcc.dg/torture/builtin-power-1.c -O3 -fomit-frame-pointer (test for excess errors)
FAIL: gcc.dg/torture/builtin-power-1.c -O3 -g (test for excess errors)
FAIL: gcc.dg/torture/builtin-power-1.c -Os (test for excess errors)
=== gcc Summary for sh-hms-sim/-m4/-ml ===
# of expected passes 24563
# of unexpected failures 27
# of expected failures 66
# of unresolved testcases 11
# of untested testcases 7
# of unsupported tests 347
Running target sh-hms-sim/-m4-single
FAIL: gcc.c-torture/compile/920428-2.c -O2 (test for excess errors)
FAIL: gcc.c-torture/compile/920428-2.c -O3 -fomit-frame-pointer (test for excess errors)
FAIL: gcc.c-torture/compile/920428-2.c -O3 -fomit-frame-pointer -funroll-loops (test for excess errors)
FAIL: gcc.c-torture/compile/920428-2.c -O3 -fomit-frame-pointer -funroll-all-loops -finline-functions (test for excess errors)
FAIL: gcc.c-torture/compile/920428-2.c -O3 -g (test for excess errors)
FAIL: gcc.c-torture/compile/920428-2.c -Os (test for excess errors)
UNRESOLVED: gcc.c-torture/execute/20020720-1.c execution, -O1
UNRESOLVED: gcc.c-torture/execute/20020720-1.c execution, -O2
UNRESOLVED: gcc.c-torture/execute/20020720-1.c execution, -O3 -fomit-frame-pointer
UNRESOLVED: gcc.c-torture/execute/20020720-1.c execution, -O3 -g
UNRESOLVED: gcc.c-torture/execute/20020720-1.c execution, -Os
FAIL: gcc.c-torture/execute/20021120-3.c compilation, -O3 -fomit-frame-pointer
UNRESOLVED: gcc.c-torture/execute/20021120-3.c execution, -O3 -fomit-frame-pointer
FAIL: gcc.c-torture/execute/20021120-3.c compilation, -O3 -g
UNRESOLVED: gcc.c-torture/execute/20021120-3.c execution, -O3 -g
FAIL: gcc.c-torture/execute/930603-3.c compilation, -O2
UNRESOLVED: gcc.c-torture/execute/930603-3.c execution, -O2
FAIL: gcc.c-torture/execute/930603-3.c compilation, -O3 -fomit-frame-pointer
UNRESOLVED: gcc.c-torture/execute/930603-3.c execution, -O3 -fomit-frame-pointer
FAIL: gcc.c-torture/execute/930603-3.c compilation, -O3 -g
UNRESOLVED: gcc.c-torture/execute/930603-3.c execution, -O3 -g
FAIL: gcc.c-torture/execute/930603-3.c compilation, -Os
UNRESOLVED: gcc.c-torture/execute/930603-3.c execution, -Os
FAIL: gcc.c-torture/execute/simd-1.c execution, -O2
FAIL: gcc.c-torture/execute/simd-1.c execution, -O3 -g
FAIL: gcc.c-torture/execute/simd-1.c execution, -Os
FAIL: gcc.c-torture/unsorted/SFset.c, -O2
FAIL: gcc.c-torture/unsorted/SFset.c, -O3 -fomit-frame-pointer
FAIL: gcc.c-torture/unsorted/SFset.c, -O3 -g
FAIL: gcc.c-torture/unsorted/SFset.c, -Os
FAIL: gcc.dg/compat/struct-by-value-19 c_compat_x_tst.o-c_compat_y_tst.o execute
FAIL: gcc.dg/compat/struct-return-19 c_compat_x_tst.o-c_compat_y_tst.o execute
FAIL: gcc.dg/builtins-20.c (test for excess errors)
FAIL: gcc.dg/builtins-32.c execution test
FAIL: gcc.dg/c90-const-expr-3.c (test for excess errors)
FAIL: gcc.dg/c99-const-expr-3.c (test for excess errors)
FAIL: gcc.dg/tls/pic-1.c (test for excess errors)
FAIL: gcc.dg/torture/builtin-convert-1.c -O1 (test for excess errors)
FAIL: gcc.dg/torture/builtin-convert-1.c -O2 (test for excess errors)
FAIL: gcc.dg/torture/builtin-convert-1.c -O3 -fomit-frame-pointer (test for excess errors)
FAIL: gcc.dg/torture/builtin-convert-1.c -O3 -g (test for excess errors)
FAIL: gcc.dg/torture/builtin-convert-1.c -Os (test for excess errors)
FAIL: gcc.dg/torture/builtin-power-1.c -O0 (test for excess errors)
FAIL: gcc.dg/torture/builtin-power-1.c -O1 (test for excess errors)
FAIL: gcc.dg/torture/builtin-power-1.c -O2 (test for excess errors)
FAIL: gcc.dg/torture/builtin-power-1.c -O3 -fomit-frame-pointer (test for excess errors)
FAIL: gcc.dg/torture/builtin-power-1.c -O3 -g (test for excess errors)
FAIL: gcc.dg/torture/builtin-power-1.c -Os (test for excess errors)
=== gcc Summary for sh-hms-sim/-m4-single ===
# of expected passes 24553
# of unexpected failures 37
# of expected failures 66
# of unresolved testcases 11
# of untested testcases 7
# of unsupported tests 347
Running target sh-hms-sim/-m4-single/-ml
FAIL: gcc.c-torture/compile/920428-2.c -O2 (test for excess errors)
FAIL: gcc.c-torture/compile/920428-2.c -O3 -fomit-frame-pointer (test for excess errors)
FAIL: gcc.c-torture/compile/920428-2.c -O3 -fomit-frame-pointer -funroll-loops (test for excess errors)
FAIL: gcc.c-torture/compile/920428-2.c -O3 -fomit-frame-pointer -funroll-all-loops -finline-functions (test for excess errors)
FAIL: gcc.c-torture/compile/920428-2.c -O3 -g (test for excess errors)
FAIL: gcc.c-torture/compile/920428-2.c -Os (test for excess errors)
UNRESOLVED: gcc.c-torture/execute/20020720-1.c execution, -O1
UNRESOLVED: gcc.c-torture/execute/20020720-1.c execution, -O2
UNRESOLVED: gcc.c-torture/execute/20020720-1.c execution, -O3 -fomit-frame-pointer
UNRESOLVED: gcc.c-torture/execute/20020720-1.c execution, -O3 -g
UNRESOLVED: gcc.c-torture/execute/20020720-1.c execution, -Os
FAIL: gcc.c-torture/execute/20021120-3.c compilation, -O3 -fomit-frame-pointer
UNRESOLVED: gcc.c-torture/execute/20021120-3.c execution, -O3 -fomit-frame-pointer
FAIL: gcc.c-torture/execute/20021120-3.c compilation, -O3 -g
UNRESOLVED: gcc.c-torture/execute/20021120-3.c execution, -O3 -g
FAIL: gcc.c-torture/execute/930603-3.c compilation, -O2
UNRESOLVED: gcc.c-torture/execute/930603-3.c execution, -O2
FAIL: gcc.c-torture/execute/930603-3.c compilation, -O3 -fomit-frame-pointer
UNRESOLVED: gcc.c-torture/execute/930603-3.c execution, -O3 -fomit-frame-pointer
FAIL: gcc.c-torture/execute/930603-3.c compilation, -O3 -g
UNRESOLVED: gcc.c-torture/execute/930603-3.c execution, -O3 -g
FAIL: gcc.c-torture/execute/930603-3.c compilation, -Os
UNRESOLVED: gcc.c-torture/execute/930603-3.c execution, -Os
FAIL: gcc.c-torture/execute/simd-1.c execution, -O2
FAIL: gcc.c-torture/execute/simd-1.c execution, -O3 -g
FAIL: gcc.c-torture/execute/simd-1.c execution, -Os
FAIL: gcc.c-torture/unsorted/SFset.c, -O2
FAIL: gcc.c-torture/unsorted/SFset.c, -O3 -fomit-frame-pointer
FAIL: gcc.c-torture/unsorted/SFset.c, -O3 -g
FAIL: gcc.c-torture/unsorted/SFset.c, -Os
FAIL: gcc.dg/compat/struct-by-value-19 c_compat_x_tst.o-c_compat_y_tst.o execute
FAIL: gcc.dg/compat/struct-return-19 c_compat_x_tst.o-c_compat_y_tst.o execute
FAIL: gcc.dg/builtins-20.c (test for excess errors)
FAIL: gcc.dg/c90-const-expr-3.c (test for excess errors)
FAIL: gcc.dg/c99-const-expr-3.c (test for excess errors)
FAIL: gcc.dg/tls/pic-1.c (test for excess errors)
FAIL: gcc.dg/torture/builtin-convert-1.c -O1 (test for excess errors)
FAIL: gcc.dg/torture/builtin-convert-1.c -O2 (test for excess errors)
FAIL: gcc.dg/torture/builtin-convert-1.c -O3 -fomit-frame-pointer (test for excess errors)
FAIL: gcc.dg/torture/builtin-convert-1.c -O3 -g (test for excess errors)
FAIL: gcc.dg/torture/builtin-convert-1.c -Os (test for excess errors)
FAIL: gcc.dg/torture/builtin-power-1.c -O0 (test for excess errors)
FAIL: gcc.dg/torture/builtin-power-1.c -O1 (test for excess errors)
FAIL: gcc.dg/torture/builtin-power-1.c -O2 (test for excess errors)
FAIL: gcc.dg/torture/builtin-power-1.c -O3 -fomit-frame-pointer (test for excess errors)
FAIL: gcc.dg/torture/builtin-power-1.c -O3 -g (test for excess errors)
FAIL: gcc.dg/torture/builtin-power-1.c -Os (test for excess errors)
=== gcc Summary for sh-hms-sim/-m4-single/-ml ===
# of expected passes 24554
# of unexpected failures 36
# of expected failures 66
# of unresolved testcases 11
# of untested testcases 7
# of unsupported tests 347
Running target sh-hms-sim/-m4-single-only
XPASS: gcc.c-torture/execute/20020720-1.c compilation, -O1
XPASS: gcc.c-torture/execute/20020720-1.c compilation, -O2
XPASS: gcc.c-torture/execute/20020720-1.c compilation, -O3 -fomit-frame-pointer
XPASS: gcc.c-torture/execute/20020720-1.c compilation, -O3 -g
XPASS: gcc.c-torture/execute/20020720-1.c compilation, -Os
FAIL: gcc.c-torture/execute/20021120-3.c compilation, -O3 -fomit-frame-pointer
UNRESOLVED: gcc.c-torture/execute/20021120-3.c execution, -O3 -fomit-frame-pointer
FAIL: gcc.c-torture/execute/20021120-3.c compilation, -O3 -g
UNRESOLVED: gcc.c-torture/execute/20021120-3.c execution, -O3 -g
FAIL: gcc.c-torture/execute/simd-1.c execution, -O2
FAIL: gcc.c-torture/execute/simd-1.c execution, -O3 -g
FAIL: gcc.c-torture/execute/simd-1.c execution, -Os
FAIL: gcc.c-torture/execute/ieee/20010226-1.c execution, -O0
FAIL: gcc.c-torture/execute/ieee/20010226-1.c execution, -O1
FAIL: gcc.c-torture/execute/ieee/20010226-1.c execution, -O2
FAIL: gcc.c-torture/execute/ieee/20010226-1.c execution, -O3 -fomit-frame-pointer
FAIL: gcc.c-torture/execute/ieee/20010226-1.c execution, -O3 -g
FAIL: gcc.c-torture/execute/ieee/20010226-1.c execution, -Os
FAIL: gcc.c-torture/execute/ieee/rbug.c execution, -O0
FAIL: gcc.c-torture/execute/ieee/rbug.c execution, -O1
FAIL: gcc.c-torture/execute/ieee/rbug.c execution, -O2
FAIL: gcc.c-torture/execute/ieee/rbug.c execution, -O3 -fomit-frame-pointer
FAIL: gcc.c-torture/execute/ieee/rbug.c execution, -O3 -g
FAIL: gcc.c-torture/execute/ieee/rbug.c execution, -Os
FAIL: gcc.dg/compat/struct-by-value-19 c_compat_x_tst.o-c_compat_y_tst.o execute
FAIL: gcc.dg/compat/struct-return-19 c_compat_x_tst.o-c_compat_y_tst.o execute
FAIL: gcc.dg/builtins-18.c (test for excess errors)
FAIL: gcc.dg/builtins-20.c (test for excess errors)
FAIL: gcc.dg/c90-const-expr-3.c (test for excess errors)
FAIL: gcc.dg/c99-const-expr-3.c (test for excess errors)
FAIL: gcc.dg/tls/pic-1.c (test for excess errors)
FAIL: gcc.dg/torture/builtin-convert-1.c -O1 (test for excess errors)
FAIL: gcc.dg/torture/builtin-convert-1.c -O2 (test for excess errors)
FAIL: gcc.dg/torture/builtin-convert-1.c -O3 -fomit-frame-pointer (test for excess errors)
FAIL: gcc.dg/torture/builtin-convert-1.c -O3 -g (test for excess errors)
FAIL: gcc.dg/torture/builtin-convert-1.c -Os (test for excess errors)
FAIL: gcc.dg/torture/builtin-power-1.c -O0 (test for excess errors)
FAIL: gcc.dg/torture/builtin-power-1.c -O1 (test for excess errors)
FAIL: gcc.dg/torture/builtin-power-1.c -O2 (test for excess errors)
FAIL: gcc.dg/torture/builtin-power-1.c -O3 -fomit-frame-pointer (test for excess errors)
FAIL: gcc.dg/torture/builtin-power-1.c -O3 -g (test for excess errors)
FAIL: gcc.dg/torture/builtin-power-1.c -Os (test for excess errors)
=== gcc Summary for sh-hms-sim/-m4-single-only ===
# of expected passes 24564
# of unexpected failures 35
# of unexpected successes 5
# of expected failures 61
# of unresolved testcases 2
# of untested testcases 7
# of unsupported tests 347
Running target sh-hms-sim/-m4-single-only/-ml
XPASS: gcc.c-torture/execute/20020720-1.c compilation, -O1
XPASS: gcc.c-torture/execute/20020720-1.c compilation, -O2
XPASS: gcc.c-torture/execute/20020720-1.c compilation, -O3 -fomit-frame-pointer
XPASS: gcc.c-torture/execute/20020720-1.c compilation, -O3 -g
XPASS: gcc.c-torture/execute/20020720-1.c compilation, -Os
FAIL: gcc.c-torture/execute/20021120-3.c compilation, -O3 -fomit-frame-pointer
UNRESOLVED: gcc.c-torture/execute/20021120-3.c execution, -O3 -fomit-frame-pointer
FAIL: gcc.c-torture/execute/20021120-3.c compilation, -O3 -g
UNRESOLVED: gcc.c-torture/execute/20021120-3.c execution, -O3 -g
FAIL: gcc.c-torture/execute/simd-1.c execution, -O2
FAIL: gcc.c-torture/execute/simd-1.c execution, -O3 -g
FAIL: gcc.c-torture/execute/simd-1.c execution, -Os
FAIL: gcc.c-torture/execute/ieee/20010226-1.c execution, -O0
FAIL: gcc.c-torture/execute/ieee/20010226-1.c execution, -O1
FAIL: gcc.c-torture/execute/ieee/20010226-1.c execution, -O2
FAIL: gcc.c-torture/execute/ieee/20010226-1.c execution, -O3 -fomit-frame-pointer
FAIL: gcc.c-torture/execute/ieee/20010226-1.c execution, -O3 -g
FAIL: gcc.c-torture/execute/ieee/20010226-1.c execution, -Os
FAIL: gcc.c-torture/execute/ieee/rbug.c execution, -O0
FAIL: gcc.c-torture/execute/ieee/rbug.c execution, -O1
FAIL: gcc.c-torture/execute/ieee/rbug.c execution, -O2
FAIL: gcc.c-torture/execute/ieee/rbug.c execution, -O3 -fomit-frame-pointer
FAIL: gcc.c-torture/execute/ieee/rbug.c execution, -O3 -g
FAIL: gcc.c-torture/execute/ieee/rbug.c execution, -Os
FAIL: gcc.dg/compat/struct-by-value-19 c_compat_x_tst.o-c_compat_y_tst.o execute
FAIL: gcc.dg/compat/struct-return-19 c_compat_x_tst.o-c_compat_y_tst.o execute
FAIL: gcc.dg/builtins-18.c (test for excess errors)
FAIL: gcc.dg/builtins-20.c (test for excess errors)
FAIL: gcc.dg/c90-const-expr-3.c (test for excess errors)
FAIL: gcc.dg/c99-const-expr-3.c (test for excess errors)
FAIL: gcc.dg/tls/pic-1.c (test for excess errors)
FAIL: gcc.dg/torture/builtin-convert-1.c -O1 (test for excess errors)
FAIL: gcc.dg/torture/builtin-convert-1.c -O2 (test for excess errors)
FAIL: gcc.dg/torture/builtin-convert-1.c -O3 -fomit-frame-pointer (test for excess errors)
FAIL: gcc.dg/torture/builtin-convert-1.c -O3 -g (test for excess errors)
FAIL: gcc.dg/torture/builtin-convert-1.c -Os (test for excess errors)
FAIL: gcc.dg/torture/builtin-power-1.c -O0 (test for excess errors)
FAIL: gcc.dg/torture/builtin-power-1.c -O1 (test for excess errors)
FAIL: gcc.dg/torture/builtin-power-1.c -O2 (test for excess errors)
FAIL: gcc.dg/torture/builtin-power-1.c -O3 -fomit-frame-pointer (test for excess errors)
FAIL: gcc.dg/torture/builtin-power-1.c -O3 -g (test for excess errors)
FAIL: gcc.dg/torture/builtin-power-1.c -Os (test for excess errors)
=== gcc Summary for sh-hms-sim/-m4-single-only/-ml ===
# of expected passes 24564
# of unexpected failures 35
# of unexpected successes 5
# of expected failures 61
# of unresolved testcases 2
# of untested testcases 7
# of unsupported tests 347
=== gcc Summary ===
# of expected passes 270222
# of unexpected failures 316
# of unexpected successes 20
# of expected failures 706
# of unresolved testcases 73
# of untested testcases 77
# of unsupported tests 3817
/swbuild/nightly/2004-03-27/sh-elf/gcc/xgcc version 3.5.0 20040327 (experimental)
Host is i686-pc-linux-gnu
=== objc tests ===
Running target sh-hms-sim
=== objc Summary for sh-hms-sim ===
# of expected passes 1339
# of unsupported tests 8
Running target sh-hms-sim/-m2
=== objc Summary for sh-hms-sim/-m2 ===
# of expected passes 1339
# of unsupported tests 8
Running target sh-hms-sim/-m2/-ml
=== objc Summary for sh-hms-sim/-m2/-ml ===
# of expected passes 1339
# of unsupported tests 8
Running target sh-hms-sim/-m2e
FAIL: objc.dg/encode-2.m execution test
FAIL: objc.dg/encode-3.m execution test
=== objc Summary for sh-hms-sim/-m2e ===
# of expected passes 1337
# of unexpected failures 2
# of unsupported tests 8
Running target sh-hms-sim/-m2e/-ml
FAIL: objc.dg/encode-2.m execution test
FAIL: objc.dg/encode-3.m execution test
=== objc Summary for sh-hms-sim/-m2e/-ml ===
# of expected passes 1337
# of unexpected failures 2
# of unsupported tests 8
Running target sh-hms-sim/-m4
=== objc Summary for sh-hms-sim/-m4 ===
# of expected passes 1339
# of unsupported tests 8
Running target sh-hms-sim/-m4/-ml
=== objc Summary for sh-hms-sim/-m4/-ml ===
# of expected passes 1339
# of unsupported tests 8
Running target sh-hms-sim/-m4-single
=== objc Summary for sh-hms-sim/-m4-single ===
# of expected passes 1339
# of unsupported tests 8
Running target sh-hms-sim/-m4-single/-ml
=== objc Summary for sh-hms-sim/-m4-single/-ml ===
# of expected passes 1339
# of unsupported tests 8
Running target sh-hms-sim/-m4-single-only
FAIL: objc.dg/encode-2.m execution test
FAIL: objc.dg/encode-3.m execution test
=== objc Summary for sh-hms-sim/-m4-single-only ===
# of expected passes 1337
# of unexpected failures 2
# of unsupported tests 8
Running target sh-hms-sim/-m4-single-only/-ml
FAIL: objc.dg/encode-2.m execution test
FAIL: objc.dg/encode-3.m execution test
=== objc Summary for sh-hms-sim/-m4-single-only/-ml ===
# of expected passes 1337
# of unexpected failures 2
# of unsupported tests 8
=== objc Summary ===
# of expected passes 14721
# of unexpected failures 8
# of unsupported tests 88
/swbuild/nightly/2004-03-27/sh-elf/gcc/xgcc version 3.5.0 20040327 (experimental)
Compiler version: 3.5.0 20040327 (experimental)
Platform: sh-unknown-elf
configure flags: --target=sh-elf --with-headers --with-newlib,;t t