This is the mail archive of the
gcc-testresults@gcc.gnu.org
mailing list for the GCC project.
Results for 3.3.4 20040325 (prerelease) testsuite on x86_64-pc-linux-gnu
- From: hjl at gnu-20 dot sc dot intel dot com (H.J. Lu)
- To: gcc-testresults at gcc dot gnu dot org
- Date: Fri, 26 Mar 2004 09:14:53 -0800 (PST)
- Subject: Results for 3.3.4 20040325 (prerelease) testsuite on x86_64-pc-linux-gnu
LAST_UPDATED: Thu Mar 25 16:45:05 UTC 2004
Native configuration is x86_64-pc-linux-gnu
=== g++ tests ===
Running target unix/-m32
=== g++ Summary for unix/-m32 ===
# of expected passes 8196
# of expected failures 94
# of untested testcases 22
# of unsupported tests 29
Running target unix
FAIL: g++.robertl/eb132.C (test for excess errors)
=== g++ Summary for unix ===
# of expected passes 8195
# of unexpected failures 1
# of expected failures 94
# of untested testcases 22
# of unsupported tests 29
=== g++ Summary ===
# of expected passes 16391
# of unexpected failures 1
# of expected failures 188
# of untested testcases 44
# of unsupported tests 58
/export/build/gnu/gcc-3.3/build-x86_64-linux/gcc/testsuite/../g++ version 3.3.4 20040325 (prerelease)
=== g77 tests ===
Running target unix/-m32
=== g77 Summary for unix/-m32 ===
# of expected passes 1720
# of unsupported tests 8
Running target unix
=== g77 Summary for unix ===
# of expected passes 1720
# of unsupported tests 8
=== g77 Summary ===
# of expected passes 3440
# of unsupported tests 16
/export/build/gnu/gcc-3.3/build-x86_64-linux/gcc/testsuite/../g77 version 3.3.4 20040325 (prerelease)
=== gcc tests ===
Running target unix/-m32
XPASS: gcc.c-torture/execute/20020227-1.c execution, -O0
XPASS: gcc.c-torture/execute/20020227-1.c execution, -O1
XPASS: gcc.c-torture/execute/20020227-1.c execution, -O2
XPASS: gcc.c-torture/execute/20020227-1.c execution, -O3 -fomit-frame-pointer
XPASS: gcc.c-torture/execute/20020227-1.c execution, -O3 -g
XPASS: gcc.c-torture/execute/20020227-1.c execution, -Os
XPASS: gcc.c-torture/execute/20020720-1.c compilation, -O1
XPASS: gcc.c-torture/execute/20020720-1.c compilation, -O2
XPASS: gcc.c-torture/execute/20020720-1.c compilation, -O3 -fomit-frame-pointer
XPASS: gcc.c-torture/execute/20020720-1.c compilation, -O3 -g
XPASS: gcc.c-torture/execute/20020720-1.c compilation, -Os
FAIL: gcc.c-torture/execute/loop-2e.c execution, -Os
FAIL: gcc.c-torture/execute/ieee/20010114-2.c execution, -O1
FAIL: gcc.c-torture/execute/ieee/20010114-2.c execution, -O2
FAIL: gcc.c-torture/execute/ieee/20010114-2.c execution, -Os
FAIL: gcc.c-torture/execute/ieee/980619-1.c execution, -O1
FAIL: gcc.c-torture/execute/ieee/980619-1.c execution, -O2
FAIL: gcc.c-torture/execute/ieee/980619-1.c execution, -O3 -fomit-frame-pointer
FAIL: gcc.c-torture/execute/ieee/980619-1.c execution, -O3 -fomit-frame-pointer -funroll-loops
FAIL: gcc.c-torture/execute/ieee/980619-1.c execution, -O3 -fomit-frame-pointer -funroll-all-loops -finline-functions
FAIL: gcc.c-torture/execute/ieee/980619-1.c execution, -O3 -g
FAIL: gcc.c-torture/execute/ieee/980619-1.c execution, -Os
FAIL: gcc.dg/duff-2.c (test for excess errors)
FAIL: linkage.c
=== gcc Summary for unix/-m32 ===
# of expected passes 21167
# of unexpected failures 13
# of unexpected successes 11
# of expected failures 68
# of unsupported tests 179
Running target unix
FAIL: gcc.c-torture/compile/simd-5.c, -O2
FAIL: gcc.c-torture/compile/simd-5.c, -O3 -fomit-frame-pointer
FAIL: gcc.c-torture/compile/simd-5.c, -O3 -g
FAIL: gcc.c-torture/compile/simd-5.c, -Os
XPASS: gcc.c-torture/execute/20020227-1.c execution, -O0
XPASS: gcc.c-torture/execute/20020227-1.c execution, -O1
XPASS: gcc.c-torture/execute/20020227-1.c execution, -O2
XPASS: gcc.c-torture/execute/20020227-1.c execution, -O3 -fomit-frame-pointer
XPASS: gcc.c-torture/execute/20020227-1.c execution, -O3 -g
XPASS: gcc.c-torture/execute/20020227-1.c execution, -Os
UNRESOLVED: gcc.c-torture/execute/20020720-1.c execution, -O1
UNRESOLVED: gcc.c-torture/execute/20020720-1.c execution, -O2
UNRESOLVED: gcc.c-torture/execute/20020720-1.c execution, -O3 -fomit-frame-pointer
UNRESOLVED: gcc.c-torture/execute/20020720-1.c execution, -O3 -g
UNRESOLVED: gcc.c-torture/execute/20020720-1.c execution, -Os
FAIL: gcc.c-torture/execute/990208-1.c execution, -O3 -fomit-frame-pointer
FAIL: gcc.c-torture/execute/990208-1.c execution, -O3 -g
FAIL: gcc.dg/20020103-1.c scan-assembler-not LC
FAIL: gcc.dg/duff-2.c (test for excess errors)
=== gcc Summary for unix ===
# of expected passes 21167
# of unexpected failures 8
# of unexpected successes 6
# of expected failures 73
# of unresolved testcases 5
# of unsupported tests 179
=== gcc Summary ===
# of expected passes 42334
# of unexpected failures 21
# of unexpected successes 17
# of expected failures 141
# of unresolved testcases 5
# of unsupported tests 358
/export/build/gnu/gcc-3.3/build-x86_64-linux/gcc/xgcc version 3.3.4 20040325 (prerelease)
=== objc tests ===
Running target unix/-m32
=== objc Summary for unix/-m32 ===
# of expected passes 1166
Running target unix
=== objc Summary for unix ===
# of expected passes 1166
=== objc Summary ===
# of expected passes 2332
/export/build/gnu/gcc-3.3/build-x86_64-linux/gcc/xgcc version 3.3.4 20040325 (prerelease)
=== libjava tests ===
Running target unix/-m32
WARNING: program timed out.
FAIL: SyncTest execution - gij test
WARNING: program timed out.
FAIL: SyncTest execution - gij test
FAIL: Throw_2 execution - source compiled test
FAIL: Throw_2 execution - gij test
FAIL: Throw_2 execution - bytecode->native test
FAIL: Throw_2 -O execution - source compiled test
FAIL: Throw_2 execution - gij test
FAIL: Throw_2 -O execution - bytecode->native test
=== libjava Summary for unix/-m32 ===
# of expected passes 2975
# of unexpected failures 8
# of expected failures 16
# of untested testcases 20
Running target unix
=== libjava Summary for unix ===
# of expected passes 2991
# of expected failures 16
# of untested testcases 12
=== libjava Summary ===
# of expected passes 5966
# of unexpected failures 8
# of expected failures 32
# of untested testcases 32
=== libstdc++-v3 check-abi Summary ===
# of added symbols: 0
# of missing symbols: 0
# of incompatible symbols: 0
=== libstdc++-v3 tests ===
Running target unix/-m32
XPASS: 22_locale/collate_byname.cc execution test
XPASS: 22_locale/collate_members_char.cc execution test
XPASS: 22_locale/collate_members_wchar_t.cc execution test
XPASS: 22_locale/ctype_is_char.cc execution test
XPASS: 22_locale/ctype_is_wchar_t.cc execution test
XPASS: 22_locale/members.cc execution test
XPASS: 22_locale/money_get_members_char.cc execution test
XPASS: 22_locale/money_get_members_wchar_t.cc execution test
XPASS: 22_locale/money_put_members_char.cc execution test
XPASS: 22_locale/money_put_members_wchar_t.cc execution test
XPASS: 22_locale/moneypunct_byname.cc execution test
XPASS: 22_locale/moneypunct_members_char.cc execution test
XPASS: 22_locale/moneypunct_members_wchar_t.cc execution test
XPASS: 22_locale/num_get_members_char.cc execution test
XPASS: 22_locale/num_get_members_wchar_t.cc execution test
XPASS: 22_locale/num_put_members_char.cc execution test
XPASS: 22_locale/num_put_members_wchar_t.cc execution test
XPASS: 22_locale/numpunct_byname.cc execution test
XPASS: 22_locale/numpunct_members_char.cc execution test
XPASS: 22_locale/numpunct_members_wchar_t.cc execution test
XPASS: 22_locale/time_get_members_char.cc execution test
XPASS: 22_locale/time_get_members_wchar_t.cc execution test
=== libstdc++-v3 Summary for unix/-m32 ===
# of expected passes 453
# of unexpected successes 22
# of expected failures 6
Running target unix
XPASS: 22_locale/collate_byname.cc execution test
XPASS: 22_locale/collate_members_char.cc execution test
XPASS: 22_locale/collate_members_wchar_t.cc execution test
XPASS: 22_locale/ctype_is_char.cc execution test
XPASS: 22_locale/ctype_is_wchar_t.cc execution test
XPASS: 22_locale/members.cc execution test
XPASS: 22_locale/messages_byname.cc execution test
XPASS: 22_locale/messages_members_char.cc execution test
XPASS: 22_locale/money_get_members_char.cc execution test
XPASS: 22_locale/money_get_members_wchar_t.cc execution test
XPASS: 22_locale/money_put_members_char.cc execution test
XPASS: 22_locale/money_put_members_wchar_t.cc execution test
XPASS: 22_locale/moneypunct_byname.cc execution test
XPASS: 22_locale/moneypunct_members_char.cc execution test
XPASS: 22_locale/moneypunct_members_wchar_t.cc execution test
XPASS: 22_locale/num_get_members_char.cc execution test
XPASS: 22_locale/num_get_members_wchar_t.cc execution test
XPASS: 22_locale/num_put_members_char.cc execution test
XPASS: 22_locale/num_put_members_wchar_t.cc execution test
XPASS: 22_locale/numpunct_byname.cc execution test
XPASS: 22_locale/numpunct_members_char.cc execution test
XPASS: 22_locale/numpunct_members_wchar_t.cc execution test
XPASS: 22_locale/time_get_members_char.cc execution test
XPASS: 22_locale/time_get_members_wchar_t.cc execution test
=== libstdc++-v3 Summary for unix ===
# of expected passes 453
# of unexpected successes 24
# of expected failures 4
=== libstdc++-v3 Summary ===
# of expected passes 906
# of unexpected successes 46
# of expected failures 10
Compiler version: 3.3.4 20040325 (prerelease)
Platform: x86_64-pc-linux-gnu
configure flags: --host=x86_64-linux --enable-clocale=gnu --with-system-zlib --with-cpu=nocona --enable-shared --enable-threads=posix --enable-haifa --disable-checking --prefix=/usr/gcc-3.3 --with-local-prefix=/usr/local