This is the mail archive of the
gcc-testresults@gcc.gnu.org
mailing list for the GCC project.
Results for 3.5.0 20040325 (experimental) testsuite on sparc-sun-solaris2.7
- From: Eric Botcazou <eric at localhost dot localdomain>
- To: gcc-testresults at gcc dot gnu dot org
- Date: Thu, 25 Mar 2004 22:49:22 +0100
- Subject: Results for 3.5.0 20040325 (experimental) testsuite on sparc-sun-solaris2.7
LAST_UPDATED: Thu Mar 25 07:42:17 UTC 2004
Native configuration is sparc-sun-solaris2.7
=== g++ tests ===
Running target unix
WARNING: g++.old-deja/g++.mike/p10769a.C compilation failed to produce executable
WARNING: g++.old-deja/g++.other/enum5.C compilation failed to produce executable
WARNING: g++.old-deja/g++.pt/friend44.C compilation failed to produce executable
=== g++ Summary ===
# of expected passes 9612
# of expected failures 80
# of unsupported tests 80
/opt/build/eric/gcc/gcc/testsuite/../g++ version 3.5.0 20040325 (experimental)
=== g77 tests ===
Running target unix
=== g77 Summary ===
# of expected passes 1788
# of unsupported tests 6
/opt/build/eric/gcc/gcc/testsuite/../g77 version 3.5.0 20040325 (experimental)
=== gcc tests ===
Running target unix
FAIL: gcc.dg/c90-const-expr-3.c (test for excess errors)
FAIL: gcc.dg/c99-const-expr-3.c (test for excess errors)
UNRESOLVED: gcc.dg/visibility-1.c
UNRESOLVED: gcc.dg/visibility-2.c
UNRESOLVED: gcc.dg/visibility-3.c
UNRESOLVED: gcc.dg/visibility-4.c
UNRESOLVED: gcc.dg/visibility-5.c
UNRESOLVED: gcc.dg/visibility-6.c
UNRESOLVED: gcc.dg/visibility-7.c
UNRESOLVED: gcc.dg/visibility-8.c
=== gcc Summary ===
# of expected passes 24598
# of unexpected failures 2
# of expected failures 60
# of unresolved testcases 8
# of untested testcases 7
# of unsupported tests 326
/opt/build/eric/gcc/gcc/xgcc version 3.5.0 20040325 (experimental)
=== objc tests ===
Running target unix
=== objc Summary ===
# of expected passes 1339
# of unsupported tests 8
/opt/build/eric/gcc/gcc/xgcc version 3.5.0 20040325 (experimental)
=== libstdc++ tests ===
Running target unix
FAIL: 23_containers/multiset/insert/1.cc execution test
=== libstdc++ Summary ===
# of expected passes 2638
# of unexpected failures 1
# of expected failures 6
Compiler version: 3.5.0 20040325 (experimental)
Platform: sparc-sun-solaris2.7
configure flags: --prefix=/opt/build/eric/gcc34 --enable-checking=misc,tree,rtlflag --disable-multilib --enable-languages=c,c++,f77,java,objc
BOOT_CFLAGS=-g -O2