This is the mail archive of the
gcc-testresults@gcc.gnu.org
mailing list for the GCC project.
Results for 3.3.4 20040323 (prerelease) testsuite on sparc-sun-solaris2.5.1
- From: Eric Botcazou <eric at localhost dot localdomain>
- To: gcc-testresults at gcc dot gnu dot org
- Date: Tue, 23 Mar 2004 17:42:59 +0100
- Subject: Results for 3.3.4 20040323 (prerelease) testsuite on sparc-sun-solaris2.5.1
LAST_UPDATED: Tue Mar 23 06:16:47 UTC 2004
Native configuration is sparc-sun-solaris2.5.1
=== g++ tests ===
Running target unix
=== g++ Summary ===
# of expected passes 8057
# of expected failures 97
# of untested testcases 21
# of unsupported tests 28
/opt/build/eric/gcc-3_3-branch/gcc/testsuite/../g++ version 3.3.4 20040323 (prerelease)
=== g77 tests ===
Running target unix
=== g77 Summary ===
# of expected passes 1720
# of unsupported tests 8
/opt/build/eric/gcc-3_3-branch/gcc/testsuite/../g77 version 3.3.4 20040323 (prerelease)
=== gcc tests ===
Running target unix
WARNING: gcc.dg/20021014-1.c compilation failed to produce executable
FAIL: gcc.dg/duff-2.c (test for excess errors)
=== gcc Summary ===
# of expected passes 20935
# of unexpected failures 1
# of expected failures 67
# of unsupported tests 185
/opt/build/eric/gcc-3_3-branch/gcc/xgcc version 3.3.4 20040323 (prerelease)
=== objc tests ===
Running target unix
=== objc Summary ===
# of expected passes 1166
/opt/build/eric/gcc-3_3-branch/gcc/xgcc version 3.3.4 20040323 (prerelease)
=== libstdc++-v3 tests ===
Running target unix
FAIL: 23_containers/vector_resize.cc execution test
FAIL: 27_io/ios_base_storage.cc execution test
FAIL: 27_io/istream_unformatted.cc execution test
FAIL: thread/pthread1.cc (test for excess errors)
WARNING: thread/pthread1.cc compilation failed to produce executable
FAIL: thread/pthread2.cc (test for excess errors)
WARNING: thread/pthread2.cc compilation failed to produce executable
FAIL: thread/pthread3.cc (test for excess errors)
WARNING: thread/pthread3.cc compilation failed to produce executable
FAIL: thread/pthread4.cc (test for excess errors)
WARNING: thread/pthread4.cc compilation failed to produce executable
FAIL: thread/pthread5.cc (test for excess errors)
WARNING: thread/pthread5.cc compilation failed to produce executable
FAIL: thread/pthread6.cc (test for excess errors)
WARNING: thread/pthread6.cc compilation failed to produce executable
=== libstdc++-v3 Summary ===
# of expected passes 414
# of unexpected failures 9
# of expected failures 18
Compiler version: 3.3.4 20040323 (prerelease)
Platform: sparc-sun-solaris2.5.1
configure flags: --host=sparc-sun-solaris2.5.1 --prefix=/opt/build/eric/gcc334 --enable-languages=c,c++,objc,f77,java --disable-checking