This is the mail archive of the
gcc-testresults@gcc.gnu.org
mailing list for the GCC project.
Results for 3.4.0 20040319 (prerelease) testsuite on mips-sgi-irix6.5
- From: "Kaveh R. Ghazi" <ghazi at caip dot rutgers dot edu>
- To: gcc-testresults at gcc dot gnu dot org
- Date: Fri, 19 Mar 2004 19:32:21 -0500 (EST)
- Subject: Results for 3.4.0 20040319 (prerelease) testsuite on mips-sgi-irix6.5
LAST_UPDATED:
Native configuration is mips-sgi-irix6.5
=== g++ tests ===
Running target unix/-mabi=64
FAIL: g++.dg/expr/anew1.C execution test
FAIL: g++.dg/expr/anew2.C execution test
FAIL: g++.dg/expr/anew3.C execution test
FAIL: g++.dg/expr/anew4.C execution test
FAIL: g++.dg/expr/ptrmem2.C (test for excess errors)
FAIL: g++.dg/pch/system-1.C -g assembly comparison
FAIL: g++.dg/pch/system-2.C -g assembly comparison
XPASS: g++.old-deja/g++.jason/thunk3.C execution test
WARNING: g++.old-deja/g++.mike/p10769a.C compilation failed to produce executable
WARNING: g++.old-deja/g++.other/enum5.C compilation failed to produce executable
WARNING: g++.old-deja/g++.pt/friend44.C compilation failed to produce executable
=== g++ Summary for unix/-mabi=64 ===
# of expected passes 9136
# of unexpected failures 7
# of unexpected successes 1
# of expected failures 65
# of unsupported tests 74
Running target unix/-mips4
FAIL: g++.dg/expr/anew1.C execution test
FAIL: g++.dg/expr/anew2.C execution test
FAIL: g++.dg/expr/anew3.C execution test
FAIL: g++.dg/expr/anew4.C execution test
FAIL: g++.dg/expr/ptrmem2.C (test for excess errors)
FAIL: g++.dg/pch/system-1.C -g assembly comparison
FAIL: g++.dg/pch/system-2.C -g assembly comparison
XPASS: g++.old-deja/g++.jason/thunk3.C execution test
WARNING: g++.old-deja/g++.mike/p10769a.C compilation failed to produce executable
WARNING: g++.old-deja/g++.other/enum5.C compilation failed to produce executable
WARNING: g++.old-deja/g++.pt/friend44.C compilation failed to produce executable
=== g++ Summary for unix/-mips4 ===
# of expected passes 9136
# of unexpected failures 7
# of unexpected successes 1
# of expected failures 65
# of unsupported tests 74
Running target unix
FAIL: g++.dg/expr/anew1.C execution test
FAIL: g++.dg/expr/anew2.C execution test
FAIL: g++.dg/expr/anew3.C execution test
FAIL: g++.dg/expr/anew4.C execution test
FAIL: g++.dg/expr/ptrmem2.C (test for excess errors)
FAIL: g++.dg/pch/system-1.C -g assembly comparison
FAIL: g++.dg/pch/system-2.C -g assembly comparison
XPASS: g++.old-deja/g++.jason/thunk3.C execution test
WARNING: g++.old-deja/g++.mike/p10769a.C compilation failed to produce executable
WARNING: g++.old-deja/g++.other/enum5.C compilation failed to produce executable
WARNING: g++.old-deja/g++.pt/friend44.C compilation failed to produce executable
=== g++ Summary for unix ===
# of expected passes 9136
# of unexpected failures 7
# of unexpected successes 1
# of expected failures 65
# of unsupported tests 74
=== g++ Summary ===
# of expected passes 27408
# of unexpected failures 21
# of unexpected successes 3
# of expected failures 195
# of unsupported tests 222
/caip/u58/ghazi/gcc-testing/branch4/build/gcc/testsuite/../g++ version 3.4.0 20040319 (prerelease)
=== g77 tests ===
Running target unix/-mabi=64
=== g77 Summary for unix/-mabi=64 ===
# of expected passes 1800
# of unsupported tests 6
Running target unix/-mips4
=== g77 Summary for unix/-mips4 ===
# of expected passes 1800
# of unsupported tests 6
Running target unix
=== g77 Summary for unix ===
# of expected passes 1800
# of unsupported tests 6
=== g77 Summary ===
# of expected passes 5400
# of unsupported tests 18
/caip/u58/ghazi/gcc-testing/branch4/build/gcc/testsuite/../g77 version 3.4.0 20040319 (prerelease)
=== gcc tests ===
Running target unix/-mabi=64
FAIL: gcc.c-torture/compile/20031023-1.c -O0 (test for excess errors)
FAIL: gcc.c-torture/compile/20031023-1.c -O1 (test for excess errors)
FAIL: gcc.c-torture/compile/20031023-1.c -O2 (test for excess errors)
FAIL: gcc.c-torture/compile/20031023-1.c -O3 -fomit-frame-pointer (test for excess errors)
FAIL: gcc.c-torture/compile/20031023-1.c -O3 -g (test for excess errors)
FAIL: gcc.c-torture/compile/20031023-1.c -Os (test for excess errors)
FAIL: gcc.c-torture/compile/20031023-2.c -O0 (test for excess errors)
FAIL: gcc.c-torture/compile/20031023-2.c -O1 (test for excess errors)
FAIL: gcc.c-torture/compile/20031023-2.c -O2 (test for excess errors)
FAIL: gcc.c-torture/compile/20031023-2.c -O3 -fomit-frame-pointer (test for excess errors)
FAIL: gcc.c-torture/compile/20031023-2.c -O3 -g (test for excess errors)
FAIL: gcc.c-torture/compile/20031023-2.c -Os (test for excess errors)
FAIL: gcc.c-torture/compile/20031023-3.c -O0 (test for excess errors)
FAIL: gcc.c-torture/compile/20031023-3.c -O1 (test for excess errors)
FAIL: gcc.c-torture/compile/20031023-3.c -O2 (test for excess errors)
FAIL: gcc.c-torture/compile/20031023-3.c -O3 -fomit-frame-pointer (test for excess errors)
FAIL: gcc.c-torture/compile/20031023-3.c -O3 -g (test for excess errors)
FAIL: gcc.c-torture/compile/20031023-3.c -Os (test for excess errors)
FAIL: gcc.dg/builtins-18.c (test for excess errors)
FAIL: gcc.dg/funcorder.c scan-assembler-not link_error
XPASS: gcc.dg/sibcall-3.c execution test
XPASS: gcc.dg/sibcall-4.c execution test
UNRESOLVED: gcc.dg/visibility-1.c
UNRESOLVED: gcc.dg/visibility-2.c
UNRESOLVED: gcc.dg/visibility-3.c
UNRESOLVED: gcc.dg/visibility-4.c
UNRESOLVED: gcc.dg/visibility-5.c
UNRESOLVED: gcc.dg/visibility-6.c
UNRESOLVED: gcc.dg/visibility-7.c
UNRESOLVED: gcc.dg/visibility-8.c
=== gcc Summary for unix/-mabi=64 ===
# of expected passes 23728
# of unexpected failures 20
# of unexpected successes 2
# of expected failures 74
# of unresolved testcases 8
# of untested testcases 7
# of unsupported tests 304
Running target unix/-mips4
FAIL: gcc.dg/builtins-18.c (test for excess errors)
XPASS: gcc.dg/sibcall-3.c execution test
XPASS: gcc.dg/sibcall-4.c execution test
UNRESOLVED: gcc.dg/visibility-1.c
UNRESOLVED: gcc.dg/visibility-2.c
UNRESOLVED: gcc.dg/visibility-3.c
UNRESOLVED: gcc.dg/visibility-4.c
UNRESOLVED: gcc.dg/visibility-5.c
UNRESOLVED: gcc.dg/visibility-6.c
UNRESOLVED: gcc.dg/visibility-7.c
UNRESOLVED: gcc.dg/visibility-8.c
=== gcc Summary for unix/-mips4 ===
# of expected passes 23747
# of unexpected failures 1
# of unexpected successes 2
# of expected failures 74
# of unresolved testcases 8
# of untested testcases 7
# of unsupported tests 304
Running target unix
FAIL: gcc.dg/builtins-18.c (test for excess errors)
XPASS: gcc.dg/sibcall-3.c execution test
XPASS: gcc.dg/sibcall-4.c execution test
UNRESOLVED: gcc.dg/visibility-1.c
UNRESOLVED: gcc.dg/visibility-2.c
UNRESOLVED: gcc.dg/visibility-3.c
UNRESOLVED: gcc.dg/visibility-4.c
UNRESOLVED: gcc.dg/visibility-5.c
UNRESOLVED: gcc.dg/visibility-6.c
UNRESOLVED: gcc.dg/visibility-7.c
UNRESOLVED: gcc.dg/visibility-8.c
=== gcc Summary for unix ===
# of expected passes 23747
# of unexpected failures 1
# of unexpected successes 2
# of expected failures 74
# of unresolved testcases 8
# of untested testcases 7
# of unsupported tests 304
=== gcc Summary ===
# of expected passes 71222
# of unexpected failures 22
# of unexpected successes 6
# of expected failures 222
# of unresolved testcases 24
# of untested testcases 21
# of unsupported tests 912
/caip/u58/ghazi/gcc-testing/branch4/build/gcc/xgcc version 3.4.0 20040319 (prerelease)
=== objc tests ===
Running target unix/-mabi=64
=== objc Summary for unix/-mabi=64 ===
# of expected passes 1341
# of unsupported tests 8
Running target unix/-mips4
=== objc Summary for unix/-mips4 ===
# of expected passes 1341
# of unsupported tests 8
Running target unix
=== objc Summary for unix ===
# of expected passes 1341
# of unsupported tests 8
=== objc Summary ===
# of expected passes 4023
# of unsupported tests 24
/caip/u58/ghazi/gcc-testing/branch4/build/gcc/xgcc version 3.4.0 20040319 (prerelease)
=== libstdc++ tests ===
Running target unix/-mabi=64
FAIL: 22_locale/ctype/cons/char/1.cc execution test
=== libstdc++ Summary for unix/-mabi=64 ===
# of expected passes 1952
# of unexpected failures 1
# of expected failures 4
# of unsupported tests 8
Running target unix/-mips4
FAIL: 22_locale/ctype/cons/char/1.cc execution test
=== libstdc++ Summary for unix/-mips4 ===
# of expected passes 1952
# of unexpected failures 1
# of expected failures 4
# of unsupported tests 8
Running target unix
FAIL: 22_locale/ctype/cons/char/1.cc execution test
=== libstdc++ Summary for unix ===
# of expected passes 1952
# of unexpected failures 1
# of expected failures 4
# of unsupported tests 8
=== libstdc++ Summary ===
# of expected passes 5856
# of unexpected failures 3
# of expected failures 12
# of unsupported tests 24
Compiler version: 3.4.0 20040319 (prerelease)
Platform: mips-sgi-irix6.5
configure flags: --verbose --enable-languages=c,objc,c++,f77,java --with-included-gettext