This is the mail archive of the
gcc-testresults@gcc.gnu.org
mailing list for the GCC project.
Results for 3.3.4 20040313 (prerelease) testsuite on sparc64-sun-solaris2.9
- From: Eric Botcazou <eric at localhost dot localdomain>
- To: gcc-testresults at gcc dot gnu dot org
- Date: Sun, 14 Mar 2004 01:17:04 +0100
- Subject: Results for 3.3.4 20040313 (prerelease) testsuite on sparc64-sun-solaris2.9
LAST_UPDATED: Sat Mar 13 09:17:56 UTC 2004
Native configuration is sparc64-sun-solaris2.9
=== g++ tests ===
Running target unix
FAIL: g++.dg/parse/stack1.C (test for excess errors)
FAIL: g++.other/decl5.C caused compiler crash
=== g++ Summary ===
# of expected passes 8159
# of unexpected failures 2
# of expected failures 92
# of untested testcases 23
# of unsupported tests 28
/opt/build/eric/gcc-3_3-branch/gcc/testsuite/../g++ version 3.3.4 20040313 (prerelease)
=== g77 tests ===
Running target unix
=== g77 Summary ===
# of expected passes 1720
# of unsupported tests 8
/opt/build/eric/gcc-3_3-branch/gcc/testsuite/../g77 version 3.3.4 20040313 (prerelease)
=== gcc tests ===
Running target unix
WARNING: gcc.dg/20021014-1.c compilation failed to produce executable
FAIL: gcc.dg/duff-2.c (test for excess errors)
=== gcc Summary ===
# of expected passes 21073
# of unexpected failures 1
# of expected failures 77
# of unsupported tests 186
/opt/build/eric/gcc-3_3-branch/gcc/xgcc version 3.3.4 20040313 (prerelease)
=== objc tests ===
Running target unix
=== objc Summary ===
# of expected passes 1166
/opt/build/eric/gcc-3_3-branch/gcc/xgcc version 3.3.4 20040313 (prerelease)
=== libstdc++-v3 tests ===
Running target unix
=== libstdc++-v3 Summary ===
# of expected passes 429
# of expected failures 18
Compiler version: 3.3.4 20040313 (prerelease)
Platform: sparc64-sun-solaris2.9
configure flags: --host=sparc64-sun-solaris2.9 --prefix=/opt/build/eric/gcc334 --enable-languages=c,c++,objc,f77,java --enable-checking=misc,tree,rtlflag --disable-libgcj