This is the mail archive of the
gcc-testresults@gcc.gnu.org
mailing list for the GCC project.
Results for 3.5-tree-ssa 20040309 (merged 20040307) testsuite on i386-unknown-freebsd4.9
- From: Loren James Rittle <rittle at latour dot rsch dot comm dot mot dot com>
- To: gcc-testresults at gcc dot gnu dot org
- Date: Wed, 10 Mar 2004 15:05:08 -0600 (CST)
- Subject: Results for 3.5-tree-ssa 20040309 (merged 20040307) testsuite on i386-unknown-freebsd4.9
- Reply-to: rittle at labs dot mot dot com
LAST_UPDATED: Tue Mar 9 12:42:08 GMT 2004
Native configuration is i386-unknown-freebsd4.9
=== g++ tests ===
Running target unix/-pthread
WARNING: program timed out.
FAIL: g++.dg/eh/cleanup1.C (test for excess errors)
XPASS: g++.dg/eh/elide1.C execution test
XPASS: g++.dg/parse/stack1.C (test for excess errors)
FAIL: 258: expected branch percentages not found: 25
FAIL: g++.dg/gcov/gcov-1.C gcov: 0 failures in line counts, 1 in branch percentages, 0 in return percentages
FAIL: 23:is 2:should be 1
FAIL: g++.dg/gcov/gcov-2.C gcov: 1 failures in line counts, 0 in branch percentages, 0 in return percentages
FAIL: g++.old-deja/g++.brendan/crash13.C (test for errors, line 34)
FAIL: g++.old-deja/g++.law/friend5.C (test for errors, line 19)
FAIL: g++.old-deja/g++.law/friend5.C (test for errors, line 24)
WARNING: g++.old-deja/g++.mike/p10769a.C compilation failed to produce executable
WARNING: g++.old-deja/g++.other/enum5.C compilation failed to produce executable
WARNING: g++.old-deja/g++.pt/friend44.C compilation failed to produce executable
=== g++ Summary ===
# of expected passes 9653
# of unexpected failures 8
# of unexpected successes 2
# of expected failures 88
# of unsupported tests 46
/usr/users/rittle/tmp/gcc-build-latour-ssa-0309/gcc/testsuite/../g++ version 3.5-tree-ssa 20040309 (merged 20040307)
=== gcc tests ===
Running target unix/-pthread
FAIL: gcc.c-torture/compile/20010605-1.c -O0 (test for excess errors)
FAIL: gcc.c-torture/compile/20010605-1.c -O1 (test for excess errors)
FAIL: gcc.c-torture/execute/conversion.c execution, -O0
FAIL: gcc.c-torture/execute/conversion.c execution, -O1
FAIL: gcc.c-torture/execute/conversion.c execution, -O2
FAIL: gcc.c-torture/execute/conversion.c execution, -Os
FAIL: gcc.c-torture/execute/string-opt-5.c execution, -O2
FAIL: gcc.c-torture/execute/string-opt-5.c execution, -O3 -fomit-frame-pointer
FAIL: gcc.c-torture/execute/string-opt-5.c execution, -O3 -g
FAIL: gcc.dg/builtins-10.c (test for excess errors)
FAIL: gcc.dg/builtins-20.c (test for excess errors)
FAIL: gcc.dg/builtins-26.c (test for excess errors)
FAIL: gcc.dg/builtins-7.c (test for excess errors)
WARNING: program timed out.
FAIL: gcc.dg/c99-intconst-1.c (test for excess errors)
XPASS: gcc.dg/i386-ssetype-1.c scan-assembler-not movdqa
XPASS: gcc.dg/i386-ssetype-3.c scan-assembler-not movdqa
XPASS: gcc.dg/uninit-1.c uninitialized variable warning (test for bogus messages, line 16)
XPASS: gcc.dg/uninit-3.c uninitialized variable warning (test for bogus messages, line 11)
XPASS: gcc.dg/uninit-8.c uninitialized variable warning (test for bogus messages, line 14)
XPASS: gcc.dg/uninit-9.c uninitialized variable warning (test for bogus messages, line 26)
FAIL: gcc.dg/torture/builtin-explog-1.c -O0 (test for excess errors)
FAIL: gcc.dg/torture/builtin-explog-1.c -O1 (test for excess errors)
FAIL: gcc.dg/torture/builtin-explog-1.c -O2 (test for excess errors)
FAIL: gcc.dg/torture/builtin-explog-1.c -O3 -fomit-frame-pointer (test for excess errors)
FAIL: gcc.dg/torture/builtin-explog-1.c -O3 -g (test for excess errors)
FAIL: gcc.dg/torture/builtin-explog-1.c -Os (test for excess errors)
FAIL: gcc.dg/tree-ssa/20031015-1.c scan-tree-dump-times VUSE 1
XPASS: gcc.dg/tree-ssa/20040204-1.c scan-tree-dump-times link_error 0
FAIL: 209: expected branch percentages not found: 25
FAIL: gcc.misc-tests/gcov-4b.c gcov: 0 failures in line counts, 1 in branch percentages, 0 in return percentages
=== gcc Summary ===
# of expected passes 25999
# of unexpected failures 23
# of unexpected successes 7
# of expected failures 69
# of untested testcases 7
# of unsupported tests 194
/usr/users/rittle/tmp/gcc-build-latour-ssa-0309/gcc/xgcc version 3.5-tree-ssa 20040309 (merged 20040307)
=== gfortran tests ===
Running target unix/-pthread
FAIL: gfortran.fortran-torture/compile/actual.f90, -O2
FAIL: gfortran.fortran-torture/compile/actual.f90, -O2 -fomit-frame-pointer -finline-functions
FAIL: gfortran.fortran-torture/compile/actual.f90, -O2 -fomit-frame-pointer -finline-functions -funroll-loops
FAIL: gfortran.fortran-torture/compile/actual.f90, -O2 -fomit-frame-pointer -finline-functions -funroll-all-loops
FAIL: gfortran.fortran-torture/compile/actual.f90, -O2 -fno-repack-arrays
FAIL: gfortran.fortran-torture/compile/actual.f90, -O2 -fg77-calls
FAIL: gfortran.fortran-torture/compile/actual.f90, -O3 -g
FAIL: gfortran.fortran-torture/compile/actual.f90, -Os
FAIL: gfortran.fortran-torture/execute/forall_3.f90 execution, -O0
FAIL: gfortran.fortran-torture/execute/forall_3.f90 execution, -O1
FAIL: gfortran.fortran-torture/execute/forall_3.f90 execution, -O2
FAIL: gfortran.fortran-torture/execute/forall_3.f90 execution, -O2 -fomit-frame-pointer -finline-functions
FAIL: gfortran.fortran-torture/execute/forall_3.f90 execution, -O2 -fomit-frame-pointer -finline-functions -funroll-loops
FAIL: gfortran.fortran-torture/execute/forall_3.f90 execution, -O2 -fomit-frame-pointer -finline-functions -funroll-all-loops
FAIL: gfortran.fortran-torture/execute/forall_3.f90 execution, -O2 -fno-repack-arrays
FAIL: gfortran.fortran-torture/execute/forall_3.f90 execution, -O2 -fg77-calls
FAIL: gfortran.fortran-torture/execute/forall_3.f90 execution, -O3 -g
FAIL: gfortran.fortran-torture/execute/forall_3.f90 execution, -Os
FAIL: gfortran.fortran-torture/execute/function_module_1.f90 execution, -O2
FAIL: gfortran.fortran-torture/execute/function_module_1.f90 execution, -O2 -fomit-frame-pointer -finline-functions
FAIL: gfortran.fortran-torture/execute/function_module_1.f90 execution, -O2 -fomit-frame-pointer -finline-functions -funroll-loops
FAIL: gfortran.fortran-torture/execute/function_module_1.f90 execution, -O2 -fomit-frame-pointer -finline-functions -funroll-all-loops
FAIL: gfortran.fortran-torture/execute/function_module_1.f90 execution, -O2 -fno-repack-arrays
FAIL: gfortran.fortran-torture/execute/function_module_1.f90 execution, -O2 -fg77-calls
FAIL: gfortran.fortran-torture/execute/function_module_1.f90 execution, -O3 -g
FAIL: gfortran.fortran-torture/execute/function_module_1.f90 execution, -Os
FAIL: gfortran.fortran-torture/execute/intrinsic_aint_anint.f90 execution, -O0
FAIL: gfortran.fortran-torture/execute/intrinsic_aint_anint.f90 execution, -O1
FAIL: gfortran.fortran-torture/execute/intrinsic_aint_anint.f90 execution, -O2
FAIL: gfortran.fortran-torture/execute/intrinsic_aint_anint.f90 execution, -O2 -fomit-frame-pointer -finline-functions
FAIL: gfortran.fortran-torture/execute/intrinsic_aint_anint.f90 execution, -O2 -fomit-frame-pointer -finline-functions -funroll-loops
FAIL: gfortran.fortran-torture/execute/intrinsic_aint_anint.f90 execution, -O2 -fomit-frame-pointer -finline-functions -funroll-all-loops
FAIL: gfortran.fortran-torture/execute/intrinsic_aint_anint.f90 execution, -O2 -fno-repack-arrays
FAIL: gfortran.fortran-torture/execute/intrinsic_aint_anint.f90 execution, -O2 -fg77-calls
FAIL: gfortran.fortran-torture/execute/intrinsic_aint_anint.f90 execution, -O3 -g
FAIL: gfortran.fortran-torture/execute/intrinsic_aint_anint.f90 execution, -Os
FAIL: gfortran.fortran-torture/execute/intrinsic_fraction_exponent.f90 execution, -O0
FAIL: gfortran.fortran-torture/execute/intrinsic_fraction_exponent.f90 execution, -O1
FAIL: gfortran.fortran-torture/execute/intrinsic_fraction_exponent.f90 execution, -O2
FAIL: gfortran.fortran-torture/execute/intrinsic_fraction_exponent.f90 execution, -O2 -fomit-frame-pointer -finline-functions
FAIL: gfortran.fortran-torture/execute/intrinsic_fraction_exponent.f90 execution, -O2 -fomit-frame-pointer -finline-functions -funroll-loops
FAIL: gfortran.fortran-torture/execute/intrinsic_fraction_exponent.f90 execution, -O2 -fomit-frame-pointer -finline-functions -funroll-all-loops
FAIL: gfortran.fortran-torture/execute/intrinsic_fraction_exponent.f90 execution, -O2 -fno-repack-arrays
FAIL: gfortran.fortran-torture/execute/intrinsic_fraction_exponent.f90 execution, -O2 -fg77-calls
FAIL: gfortran.fortran-torture/execute/intrinsic_fraction_exponent.f90 execution, -O3 -g
FAIL: gfortran.fortran-torture/execute/intrinsic_fraction_exponent.f90 execution, -Os
FAIL: gfortran.fortran-torture/execute/intrinsic_set_exponent.f90 execution, -O0
FAIL: gfortran.fortran-torture/execute/intrinsic_set_exponent.f90 execution, -O1
FAIL: gfortran.fortran-torture/execute/intrinsic_set_exponent.f90 execution, -O2
FAIL: gfortran.fortran-torture/execute/intrinsic_set_exponent.f90 execution, -O2 -fomit-frame-pointer -finline-functions
FAIL: gfortran.fortran-torture/execute/intrinsic_set_exponent.f90 execution, -O2 -fomit-frame-pointer -finline-functions -funroll-loops
FAIL: gfortran.fortran-torture/execute/intrinsic_set_exponent.f90 execution, -O2 -fomit-frame-pointer -finline-functions -funroll-all-loops
FAIL: gfortran.fortran-torture/execute/intrinsic_set_exponent.f90 execution, -O2 -fno-repack-arrays
FAIL: gfortran.fortran-torture/execute/intrinsic_set_exponent.f90 execution, -O2 -fg77-calls
FAIL: gfortran.fortran-torture/execute/intrinsic_set_exponent.f90 execution, -O3 -g
FAIL: gfortran.fortran-torture/execute/intrinsic_set_exponent.f90 execution, -Os
FAIL: gfortran.fortran-torture/execute/specifics.f90 execution, -O2
FAIL: gfortran.fortran-torture/execute/specifics.f90 execution, -O2 -fomit-frame-pointer -finline-functions
FAIL: gfortran.fortran-torture/execute/specifics.f90 execution, -O2 -fomit-frame-pointer -finline-functions -funroll-loops
FAIL: gfortran.fortran-torture/execute/specifics.f90 execution, -O2 -fomit-frame-pointer -finline-functions -funroll-all-loops
FAIL: gfortran.fortran-torture/execute/specifics.f90 execution, -O2 -fno-repack-arrays
FAIL: gfortran.fortran-torture/execute/specifics.f90 execution, -O2 -fg77-calls
FAIL: gfortran.fortran-torture/execute/specifics.f90 execution, -O3 -g
FAIL: gfortran.fortran-torture/execute/specifics.f90 execution, -Os
=== gfortran Summary ===
# of expected passes 2496
# of unexpected failures 64
/usr/users/rittle/tmp/gcc-build-latour-ssa-0309/gcc/testsuite/../gfortran version 3.5-tree-ssa 20040309 (merged 20040307)
=== objc tests ===
Running target unix/-pthread
=== objc Summary ===
# of expected passes 1341
# of unsupported tests 8
/usr/users/rittle/tmp/gcc-build-latour-ssa-0309/gcc/xgcc version 3.5-tree-ssa 20040309 (merged 20040307)
=== libffi tests ===
Running target unix/-pthread
FAIL: libffi.call/cls_1_1byte.c output pattern test, is 85 12: 97
FAIL: libffi.call/cls_2byte.c execution test
FAIL: libffi.call/cls_3byte1.c execution test
FAIL: libffi.call/cls_3byte2.c execution test
FAIL: libffi.call/cls_4_1byte.c execution test
FAIL: libffi.call/cls_4byte.c execution test
FAIL: libffi.call/cls_7byte.c execution test
FAIL: libffi.call/cls_8byte.c execution test
FAIL: libffi.call/struct3.c execution test
FAIL: libffi.call/struct5.c execution test
FAIL: libffi.call/struct9.c execution test
=== libffi Summary ===
# of expected passes 194
# of unexpected failures 11
# of unsupported tests 2
=== libjava tests ===
Running target unix/-pthread
FAIL: PR4766 -O3 compilation from source
FAIL: linking simple
WARNING: program timed out.
FAIL: final_method run
WARNING: program timed out.
FAIL: noclass run
FAIL: Thread_Sleep output - bytecode->native test
FAIL: Throw_2 execution - source compiled test
FAIL: Throw_2 execution - gij test
FAIL: Throw_2 execution - bytecode->native test
FAIL: Throw_2 -O3 execution - source compiled test
FAIL: Throw_2 execution - gij test
FAIL: Throw_2 -O3 execution - bytecode->native test
FAIL: err3 output - source compiled test
FAIL: err3 -O3 output - source compiled test
WARNING: program timed out.
FAIL: search_outer execution - gij test
=== libjava Summary ===
# of expected passes 3286
# of unexpected failures 14
# of expected failures 15
# of untested testcases 25
=== libmudflap tests ===
Running target unix
FAIL: libmudflap.cth/pass37-frag.c (test for excess errors)
WARNING: libmudflap.cth/pass37-frag.c compilation failed to produce executable
FAIL: libmudflap.cth/pass39-frag.c (test for excess errors)
WARNING: libmudflap.cth/pass39-frag.c compilation failed to produce executable
FAIL: libmudflap.cth/pass40-frag.c (test for excess errors)
WARNING: libmudflap.cth/pass40-frag.c compilation failed to produce executable
FAIL: libmudflap.cth/pass37-frag.c (-static -DSTATIC) (test for excess errors)
WARNING: libmudflap.cth/pass37-frag.c (-static -DSTATIC) compilation failed to produce executable
FAIL: libmudflap.cth/pass39-frag.c (-static -DSTATIC) (test for excess errors)
WARNING: libmudflap.cth/pass39-frag.c (-static -DSTATIC) compilation failed to produce executable
FAIL: libmudflap.cth/pass40-frag.c (-static -DSTATIC) (test for excess errors)
WARNING: libmudflap.cth/pass40-frag.c (-static -DSTATIC) compilation failed to produce executable
FAIL: libmudflap.cth/pass37-frag.c (-O2) (test for excess errors)
WARNING: libmudflap.cth/pass37-frag.c (-O2) compilation failed to produce executable
FAIL: libmudflap.cth/pass39-frag.c (-O2) (test for excess errors)
WARNING: libmudflap.cth/pass39-frag.c (-O2) compilation failed to produce executable
FAIL: libmudflap.cth/pass40-frag.c (-O2) (test for excess errors)
WARNING: libmudflap.cth/pass40-frag.c (-O2) compilation failed to produce executable
FAIL: libmudflap.cth/pass37-frag.c (-O3) (test for excess errors)
WARNING: libmudflap.cth/pass37-frag.c (-O3) compilation failed to produce executable
FAIL: libmudflap.cth/pass39-frag.c (-O3) (test for excess errors)
WARNING: libmudflap.cth/pass39-frag.c (-O3) compilation failed to produce executable
FAIL: libmudflap.cth/pass40-frag.c (-O3) (test for excess errors)
WARNING: libmudflap.cth/pass40-frag.c (-O3) compilation failed to produce executable
=== libmudflap Summary ===
# of expected passes 752
# of unexpected failures 12
=== libstdc++-v3 check-abi Summary ===
# of added symbols: 196
# of missing symbols: 203
# of incompatible symbols: 222
=== libstdc++ tests ===
Running target unix/-pthread
FAIL: 17_intro/header_cstdio.cc (test for excess errors)
WARNING: 17_intro/header_cstdio.cc compilation failed to produce executable
FAIL: 22_locale/locale/cons/12352.cc execution test
FAIL: 27_io/basic_filebuf/close/12790-1.cc execution test
FAIL: 27_io/basic_filebuf/close/char/1.cc execution test
FAIL: 27_io/basic_filebuf/imbue/char/2.cc execution test
FAIL: 27_io/basic_filebuf/is_open/char/1.cc execution test
FAIL: 27_io/basic_filebuf/open/char/1.cc execution test
FAIL: 27_io/basic_filebuf/sbumpc/char/9825.cc execution test
FAIL: 27_io/basic_filebuf/seekoff/12790-1.cc execution test
FAIL: 27_io/basic_filebuf/seekoff/12790-2.cc execution test
FAIL: 27_io/basic_filebuf/seekoff/12790-3.cc execution test
FAIL: 27_io/basic_filebuf/seekoff/12790-4.cc execution test
FAIL: 27_io/basic_filebuf/seekoff/char/1-in.cc execution test
FAIL: 27_io/basic_filebuf/seekoff/char/1-io.cc execution test
FAIL: 27_io/basic_filebuf/seekoff/char/1-out.cc execution test
FAIL: 27_io/basic_filebuf/seekoff/char/11543.cc execution test
FAIL: 27_io/basic_filebuf/seekoff/char/2-in.cc execution test
FAIL: 27_io/basic_filebuf/seekoff/char/2-io.cc execution test
FAIL: 27_io/basic_filebuf/seekoff/char/2-out.cc execution test
FAIL: 27_io/basic_filebuf/seekoff/char/3-in.cc execution test
FAIL: 27_io/basic_filebuf/seekoff/char/3-io.cc execution test
FAIL: 27_io/basic_filebuf/seekoff/char/3-out.cc execution test
FAIL: 27_io/basic_filebuf/seekpos/12790-1.cc execution test
FAIL: 27_io/basic_filebuf/seekpos/12790-2.cc execution test
FAIL: 27_io/basic_filebuf/seekpos/12790-3.cc execution test
FAIL: 27_io/basic_filebuf/seekpos/char/1-in.cc execution test
FAIL: 27_io/basic_filebuf/seekpos/char/1-io.cc execution test
FAIL: 27_io/basic_filebuf/seekpos/char/1-out.cc execution test
FAIL: 27_io/basic_filebuf/seekpos/char/2-in.cc execution test
FAIL: 27_io/basic_filebuf/seekpos/char/2-io.cc execution test
FAIL: 27_io/basic_filebuf/seekpos/char/2-out.cc execution test
FAIL: 27_io/basic_filebuf/seekpos/char/3-in.cc execution test
FAIL: 27_io/basic_filebuf/seekpos/char/3-io.cc execution test
FAIL: 27_io/basic_filebuf/seekpos/char/3-out.cc execution test
FAIL: 27_io/basic_filebuf/sputbackc/char/1-in.cc execution test
FAIL: 27_io/basic_filebuf/sputbackc/char/1-io.cc execution test
FAIL: 27_io/basic_filebuf/sputbackc/char/2-in.cc execution test
FAIL: 27_io/basic_filebuf/sputbackc/char/2-io.cc execution test
FAIL: 27_io/basic_filebuf/sungetc/char/1-in.cc execution test
FAIL: 27_io/basic_filebuf/sungetc/char/1-io.cc execution test
FAIL: 27_io/basic_filebuf/sungetc/char/2-in.cc execution test
FAIL: 27_io/basic_filebuf/sungetc/char/2-io.cc execution test
FAIL: 27_io/basic_istream/seekg/char/2346-fstream.cc execution test
FAIL: 27_io/basic_istream/seekg/char/fstream.cc execution test
FAIL: 27_io/basic_istream/tellg/char/1.cc execution test
FAIL: 27_io/basic_istream/tellg/char/fstream.cc execution test
FAIL: 27_io/basic_ostream/tellp/char/1.cc execution test
FAIL: 27_io/basic_streambuf/in_avail/char/9701-3.cc execution test
FAIL: thread/pthread7-rope.cc execution test
=== libstdc++ Summary ===
# of expected passes 1859
# of unexpected failures 49
# of expected failures 4
Compiler version: 3.5-tree-ssa 20040309 (merged 20040307)
Platform: i386-unknown-freebsd4.9
configure flags: --prefix=/usr/local/beta-gcc --with-gnu-as --with-as=/usr/local/beta-gcc/bin/as --with-gnu-ld --with-ld=/usr/local/beta-gcc/bin/ld --with-libbanshee
BOOT_CFLAGS=-g -O2