This is the mail archive of the
gcc-testresults@gcc.gnu.org
mailing list for the GCC project.
Results for 3.5.0 20040308 (experimental) testsuite on i386-unknown-freebsd4.9
- From: Loren James Rittle <rittle at latour dot rsch dot comm dot mot dot com>
- To: gcc-testresults at gcc dot gnu dot org
- Date: Tue, 9 Mar 2004 07:08:11 -0600 (CST)
- Subject: Results for 3.5.0 20040308 (experimental) testsuite on i386-unknown-freebsd4.9
- Reply-to: rittle at labs dot mot dot com
LAST_UPDATED: Mon Mar 8 23:23:39 GMT 2004
Native configuration is i386-unknown-freebsd4.9
=== g++ tests ===
Running target unix/-pthread
ERROR: ./tmp.x does not exist in unix_load.
UNRESOLVED: g++.dg/charset/asm1.c
ERROR: ./tmp.x does not exist in unix_load.
UNRESOLVED: g++.dg/charset/asm2.c
ERROR: ./tmp.x does not exist in unix_load.
UNRESOLVED: g++.dg/charset/asm3.c
ERROR: ./tmp.x does not exist in unix_load.
UNRESOLVED: g++.dg/charset/asm4.c
ERROR: ./tmp.x does not exist in unix_load.
UNRESOLVED: g++.dg/charset/attribute1.c
ERROR: ./tmp.x does not exist in unix_load.
UNRESOLVED: g++.dg/charset/attribute2.c
ERROR: ./tmp.x does not exist in unix_load.
UNRESOLVED: g++.dg/charset/string.c
WARNING: g++.old-deja/g++.mike/p10769a.C compilation failed to produce executable
WARNING: g++.old-deja/g++.other/enum5.C compilation failed to produce executable
WARNING: g++.old-deja/g++.pt/friend44.C compilation failed to produce executable
=== g++ Summary ===
# of expected passes 9653
# of expected failures 79
# of unresolved testcases 7
# of unsupported tests 46
/usr/users/rittle/tmp/gcc-build-latour-mainline-0308/gcc/testsuite/../g++ version 3.5.0 20040308 (experimental)
=== g77 tests ===
Running target unix/-pthread
=== g77 Summary ===
# of expected passes 1788
# of unsupported tests 6
/usr/users/rittle/tmp/gcc-build-latour-mainline-0308/gcc/testsuite/../g77 version 3.5.0 20040308 (experimental)
=== gcc tests ===
Running target unix/-pthread
WARNING: program timed out.
FAIL: gcc.c-torture/compile/20001226-1.c -O3 -g (test for excess errors)
FAIL: gcc.c-torture/compile/930621-1.c -O3 -fomit-frame-pointer (test for excess errors)
FAIL: gcc.c-torture/compile/930621-1.c -O3 -fomit-frame-pointer -funroll-loops (test for excess errors)
FAIL: gcc.c-torture/compile/930621-1.c -O3 -fomit-frame-pointer -funroll-all-loops -finline-functions (test for excess errors)
FAIL: gcc.c-torture/compile/930621-1.c -O3 -g (test for excess errors)
FAIL: gcc.c-torture/execute/conversion.c execution, -O0
FAIL: gcc.c-torture/execute/conversion.c execution, -O1
FAIL: gcc.c-torture/execute/conversion.c execution, -O2
FAIL: gcc.c-torture/execute/conversion.c execution, -Os
ERROR: ./tmp.x does not exist in unix_load.
UNRESOLVED: gcc.dg/charset/asm1.c
ERROR: ./tmp.x does not exist in unix_load.
UNRESOLVED: gcc.dg/charset/asm2.c
ERROR: ./tmp.x does not exist in unix_load.
UNRESOLVED: gcc.dg/charset/asm3.c
ERROR: ./tmp.x does not exist in unix_load.
UNRESOLVED: gcc.dg/charset/asm4.c
ERROR: ./tmp.x does not exist in unix_load.
UNRESOLVED: gcc.dg/charset/asm5.c
ERROR: ./tmp.x does not exist in unix_load.
UNRESOLVED: gcc.dg/charset/attribute1.c
ERROR: ./tmp.x does not exist in unix_load.
UNRESOLVED: gcc.dg/charset/attribute2.c
ERROR: ./tmp.x does not exist in unix_load.
UNRESOLVED: gcc.dg/charset/string.c
FAIL: gcc.dg/20020523-1.c (test for excess errors)
WARNING: gcc.dg/20020523-1.c compilation failed to produce executable
FAIL: gcc.dg/20020523-2.c (test for excess errors)
WARNING: gcc.dg/20020523-2.c compilation failed to produce executable
FAIL: gcc.dg/builtins-20.c (test for excess errors)
FAIL: gcc.dg/const-elim-1.c scan-assembler-not L\\\\\$?C[^A-Z]
=== gcc Summary ===
# of expected passes 25515
# of unexpected failures 13
# of expected failures 64
# of unresolved testcases 8
# of untested testcases 7
# of unsupported tests 194
/usr/users/rittle/tmp/gcc-build-latour-mainline-0308/gcc/xgcc version 3.5.0 20040308 (experimental)
=== objc tests ===
Running target unix/-pthread
=== objc Summary ===
# of expected passes 1341
# of unsupported tests 8
/usr/users/rittle/tmp/gcc-build-latour-mainline-0308/gcc/xgcc version 3.5.0 20040308 (experimental)
=== libffi tests ===
Running target unix/-pthread
FAIL: libffi.call/cls_1_1byte.c output pattern test, is 133 12: 145
FAIL: libffi.call/cls_2byte.c execution test
FAIL: libffi.call/cls_3byte1.c execution test
FAIL: libffi.call/cls_3byte2.c execution test
FAIL: libffi.call/cls_4_1byte.c execution test
FAIL: libffi.call/cls_4byte.c execution test
FAIL: libffi.call/cls_7byte.c execution test
FAIL: libffi.call/cls_8byte.c execution test
FAIL: libffi.call/struct3.c execution test
FAIL: libffi.call/struct5.c execution test
FAIL: libffi.call/struct9.c execution test
=== libffi Summary ===
# of expected passes 194
# of unexpected failures 11
# of unsupported tests 2
=== libjava tests ===
Running target unix/-pthread
FAIL: linking simple
WARNING: program timed out.
FAIL: InterfaceDispatch execution - gij test
FAIL: Thread_Sleep output - bytecode->native test
FAIL: Thread_Sleep output - gij test
FAIL: Thread_Sleep -O3 output - bytecode->native test
FAIL: Throw_2 execution - source compiled test
FAIL: Throw_2 execution - gij test
FAIL: Throw_2 execution - bytecode->native test
FAIL: Throw_2 -O3 execution - source compiled test
FAIL: Throw_2 execution - gij test
FAIL: Throw_2 -O3 execution - bytecode->native test
=== libjava Summary ===
# of expected passes 3289
# of unexpected failures 11
# of expected failures 15
# of untested testcases 23
=== libstdc++-v3 check-abi Summary ===
# of added symbols: 192
# of missing symbols: 204
# of incompatible symbols: 223
=== libstdc++ tests ===
Running target unix/-pthread
FAIL: 22_locale/locale/cons/12352.cc execution test
FAIL: 22_locale/locale/cons/12658_thread.cc execution test
FAIL: thread/pthread7-rope.cc execution test
=== libstdc++ Summary ===
# of expected passes 1938
# of unexpected failures 3
# of expected failures 4
Compiler version: 3.5.0 20040308 (experimental)
Platform: i386-unknown-freebsd4.9
configure flags: --prefix=/usr/local/beta-gcc --with-gnu-as --with-as=/usr/local/beta-gcc/bin/as --with-gnu-ld --with-ld=/usr/local/beta-gcc/bin/ld
BOOT_CFLAGS=-g -O2