This is the mail archive of the
gcc-testresults@gcc.gnu.org
mailing list for the GCC project.
Results for 3.5.0 20040307 (experimental) testsuite on ia64-unknown-linux-gnu
- From: ahs3 at fcahs3 dot fc dot hp dot com (Al Stone)
- To: gcc-testresults at gcc dot gnu dot org
- Date: Sun, 7 Mar 2004 00:50:26 -0700 (MST)
- Subject: Results for 3.5.0 20040307 (experimental) testsuite on ia64-unknown-linux-gnu
Linux fcahs3 2.4.20-mckinley-smp #1 SMP Mon Jan 5 06:51:21 GMT 2004 ia64 GNU/Linux
binutils: 2.14.90.0.7-5
bison: 1:1.875a-1
dejagnu: 1.4.4-1
expect: 5.39.0-1
gcc: 4:3.3.3-1
glibc: 2.3.2.ds1-11
kernel-headers-2.4.20-ia64: 021210.em20.7
kernel-image-2.4.20-mckinley-smp: 021210.em20.7
tcl8.4: 8.4.5-1
tk8.4: 8.4.5-1
LAST_UPDATED: Sun Mar 7 04:01:21 UTC 2004
Native configuration is ia64-unknown-linux-gnu
=== gcc tests ===
Running target unix
FAIL: gcc.c-torture/execute/20030928-1.c compilation, -O1
FAIL: gcc.c-torture/execute/20030928-1.c compilation, -O2
FAIL: gcc.c-torture/execute/20030928-1.c compilation, -O3 -fomit-frame-pointer
FAIL: gcc.c-torture/execute/20030928-1.c compilation, -O3 -fomit-frame-pointer -funroll-loops
FAIL: gcc.c-torture/execute/20030928-1.c compilation, -O3 -fomit-frame-pointer -funroll-all-loops -finline-functions
FAIL: gcc.c-torture/execute/20030928-1.c compilation, -O3 -g
FAIL: gcc.c-torture/execute/20030928-1.c compilation, -Os
XPASS: gcc.c-torture/execute/990208-1.c execution, -O3 -fomit-frame-pointer
XPASS: gcc.c-torture/execute/990208-1.c execution, -O3 -g
FAIL: gcc.dg/compat/scalar-by-value-3 c_compat_x_tst.o compile
FAIL: gcc.dg/compat/scalar-return-3 c_compat_x_tst.o compile
FAIL: gcc.dg/compat/struct-by-value-18 c_compat_x_tst.o compile
FAIL: gcc.dg/compat/struct-by-value-7 c_compat_x_tst.o-c_compat_y_tst.o execute
FAIL: gcc.dg/fwritable-strings-1.c (test for errors, line )
FAIL: gcc.dg/fwritable-strings-1.c (test for excess errors)
WARNING: gcc.dg/fwritable-strings-1.c compilation failed to produce executable
=== gcc Summary ===
# of expected passes 24145
# of unexpected failures 13
# of unexpected successes 2
# of expected failures 75
# of unresolved testcases 13
# of untested testcases 7
# of unsupported tests 300
/home/ahs3/projects/otc/top-of-tree/obj/gcc/gcc/xgcc version 3.5.0 20040307 (experimental)
=== g++ tests ===
Running target unix
WARNING: program timed out.
FAIL: g++.dg/opt/longbranch1.C (test for excess errors)
FAIL: g++.dg/pch/wchar-1.C -g assembly comparison
FAIL: g++.old-deja/g++.jason/template37.C (test for warnings, line )
FAIL: g++.old-deja/g++.jason/template37.C (test for excess errors)
WARNING: g++.old-deja/g++.mike/p10769a.C compilation failed to produce executable
WARNING: g++.old-deja/g++.other/enum5.C compilation failed to produce executable
FAIL: g++.old-deja/g++.pt/explicit83.C (test for excess errors)
WARNING: g++.old-deja/g++.pt/friend44.C compilation failed to produce executable
=== g++ Summary ===
# of expected passes 9303
# of unexpected failures 5
# of expected failures 79
# of unsupported tests 73
/home/ahs3/projects/otc/top-of-tree/obj/gcc/gcc/testsuite/../g++ version 3.5.0 20040307 (experimental)
=== g77 tests ===
Running target unix
XPASS: g77.f-torture/execute/980520-1.f compilation, -O0
=== g77 Summary ===
# of expected passes 1787
# of unexpected successes 1
# of unsupported tests 6
/home/ahs3/projects/otc/top-of-tree/obj/gcc/gcc/testsuite/../g77 version 3.5.0 20040307 (experimental)
=== libstdc++ tests ===
Running target unix
FAIL: 20_util/auto_ptr_neg.cc (test for errors, line 217)
FAIL: 20_util/auto_ptr_neg.cc (test for errors, line 347)
FAIL: 20_util/auto_ptr_neg.cc (test for excess errors)
FAIL: 22_locale/num_put/put/wchar_t/4.cc execution test
FAIL: 23_containers/multiset/insert/1.cc execution test
FAIL: 23_containers/multiset/invalidation/2.cc execution test
FAIL: 23_containers/set/invalidation/2.cc execution test
FAIL: 25_algorithms/min_max.cc (test for excess errors)
XPASS: 26_numerics/c99_classification_macros_c.cc (test for excess errors)
XPASS: 27_io/fpos/14320-1.cc execution test
=== libstdc++ Summary ===
# of expected passes 2591
# of unexpected failures 8
# of unexpected successes 2
# of expected failures 4
=== g++ tests ===
Running target unix
WARNING: program timed out.
FAIL: g++.dg/opt/longbranch1.C (test for excess errors)
FAIL: g++.dg/pch/wchar-1.C -g assembly comparison
FAIL: g++.old-deja/g++.jason/template37.C (test for warnings, line )
FAIL: g++.old-deja/g++.jason/template37.C (test for excess errors)
WARNING: g++.old-deja/g++.mike/p10769a.C compilation failed to produce executable
WARNING: g++.old-deja/g++.other/enum5.C compilation failed to produce executable
FAIL: g++.old-deja/g++.pt/explicit83.C (test for excess errors)
WARNING: g++.old-deja/g++.pt/friend44.C compilation failed to produce executable
=== g++ Summary ===
# of expected passes 9303
# of unexpected failures 5
# of expected failures 79
# of unsupported tests 73
/home/ahs3/projects/otc/top-of-tree/obj/gcc/gcc/testsuite/../g++ version 3.5.0 20040307 (experimental)
=== g77 tests ===
Running target unix
XPASS: g77.f-torture/execute/980520-1.f compilation, -O0
=== g77 Summary ===
# of expected passes 1787
# of unexpected successes 1
# of unsupported tests 6
/home/ahs3/projects/otc/top-of-tree/obj/gcc/gcc/testsuite/../g77 version 3.5.0 20040307 (experimental)
=== gcc tests ===
Running target unix
FAIL: gcc.c-torture/execute/20030928-1.c compilation, -O1
UNRESOLVED: gcc.c-torture/execute/20030928-1.c execution, -O1
FAIL: gcc.c-torture/execute/20030928-1.c compilation, -O2
UNRESOLVED: gcc.c-torture/execute/20030928-1.c execution, -O2
FAIL: gcc.c-torture/execute/20030928-1.c compilation, -O3 -fomit-frame-pointer
UNRESOLVED: gcc.c-torture/execute/20030928-1.c execution, -O3 -fomit-frame-pointer
FAIL: gcc.c-torture/execute/20030928-1.c compilation, -O3 -fomit-frame-pointer -funroll-loops
UNRESOLVED: gcc.c-torture/execute/20030928-1.c execution, -O3 -fomit-frame-pointer -funroll-loops
FAIL: gcc.c-torture/execute/20030928-1.c compilation, -O3 -fomit-frame-pointer -funroll-all-loops -finline-functions
UNRESOLVED: gcc.c-torture/execute/20030928-1.c execution, -O3 -fomit-frame-pointer -funroll-all-loops -finline-functions
FAIL: gcc.c-torture/execute/20030928-1.c compilation, -O3 -g
UNRESOLVED: gcc.c-torture/execute/20030928-1.c execution, -O3 -g
FAIL: gcc.c-torture/execute/20030928-1.c compilation, -Os
UNRESOLVED: gcc.c-torture/execute/20030928-1.c execution, -Os
XPASS: gcc.c-torture/execute/990208-1.c execution, -O3 -fomit-frame-pointer
XPASS: gcc.c-torture/execute/990208-1.c execution, -O3 -g
FAIL: gcc.dg/compat/scalar-by-value-3 c_compat_x_tst.o compile
UNRESOLVED: gcc.dg/compat/scalar-by-value-3 c_compat_x_tst.o-c_compat_y_tst.o link
UNRESOLVED: gcc.dg/compat/scalar-by-value-3 c_compat_x_tst.o-c_compat_y_tst.o execute
FAIL: gcc.dg/compat/scalar-return-3 c_compat_x_tst.o compile
UNRESOLVED: gcc.dg/compat/scalar-return-3 c_compat_x_tst.o-c_compat_y_tst.o link
UNRESOLVED: gcc.dg/compat/scalar-return-3 c_compat_x_tst.o-c_compat_y_tst.o execute
FAIL: gcc.dg/compat/struct-by-value-18 c_compat_x_tst.o compile
UNRESOLVED: gcc.dg/compat/struct-by-value-18 c_compat_x_tst.o-c_compat_y_tst.o link
UNRESOLVED: gcc.dg/compat/struct-by-value-18 c_compat_x_tst.o-c_compat_y_tst.o execute
FAIL: gcc.dg/compat/struct-by-value-7 c_compat_x_tst.o-c_compat_y_tst.o execute
FAIL: gcc.dg/fwritable-strings-1.c (test for errors, line )
FAIL: gcc.dg/fwritable-strings-1.c (test for excess errors)
WARNING: gcc.dg/fwritable-strings-1.c compilation failed to produce executable
=== gcc Summary ===
# of expected passes 24145
# of unexpected failures 13
# of unexpected successes 2
# of expected failures 75
# of unresolved testcases 13
# of untested testcases 7
# of unsupported tests 300
/home/ahs3/projects/otc/top-of-tree/obj/gcc/gcc/xgcc version 3.5.0 20040307 (experimental)
=== libstdc++ tests ===
Running target unix
FAIL: 20_util/auto_ptr_neg.cc (test for errors, line 217)
FAIL: 20_util/auto_ptr_neg.cc (test for errors, line 347)
FAIL: 20_util/auto_ptr_neg.cc (test for excess errors)
FAIL: 22_locale/num_put/put/wchar_t/4.cc execution test
FAIL: 23_containers/multiset/insert/1.cc execution test
FAIL: 23_containers/multiset/invalidation/2.cc execution test
FAIL: 23_containers/set/invalidation/2.cc execution test
FAIL: 25_algorithms/min_max.cc (test for excess errors)
XPASS: 26_numerics/c99_classification_macros_c.cc (test for excess errors)
XPASS: 27_io/fpos/14320-1.cc execution test
=== libstdc++ Summary ===
# of expected passes 2591
# of unexpected failures 8
# of unexpected successes 2
# of expected failures 4
Compiler version: 3.5.0 20040307 (experimental)
Platform: ia64-unknown-linux-gnu
configure flags: --prefix=/toolchain/ia64 --host=ia64-linux --enable-shared --enable-languages=c,c++,f77 --program-suffix=-main --with-system-zlib --enable-nls --without-included-gettext
Counting all warnings,
there are 104 warnings in stage3 of this bootstrap.
Number of warnings per file:
88 genattrtab
11 gengtype-lex.c
3 insn-attrtab.c
2 gcc/gcc.c
Number of warning types:
56 unit \`???' excludes and requires presence of \`???'
32 unit \`???' is not used
3 string length \`???' is greater than the length \`???' ISO C89 compilers are required to support
2 old-style parameter declaration
1 no previous prototype for 'yyset_out'
1 no previous prototype for 'yyset_lineno'
1 no previous prototype for 'yyset_in'
1 no previous prototype for 'yyset_debug'
1 no previous prototype for 'yylex_destroy'
1 no previous prototype for 'yyget_text'
1 no previous prototype for 'yyget_out'
1 no previous prototype for 'yyget_lineno'
1 no previous prototype for 'yyget_leng'
1 no previous prototype for 'yyget_in'
1 no previous prototype for 'yyget_debug'