This is the mail archive of the
gcc-testresults@gcc.gnu.org
mailing list for the GCC project.
Results for 3.4.0 20040306 (prerelease) testsuite on i686-pc-cygwin
- From: Christian Joensson <christian at j-son dot org>
- To: gcc-testresults at gcc dot gnu dot org
- Date: Sat, 6 Mar 2004 21:31:37 +0100
- Subject: Results for 3.4.0 20040306 (prerelease) testsuite on i686-pc-cygwin
Windows XP/Pro SP1 cygwin P4 system with these packages:
binutils 20030901-1 2.14.90 20030901
bison 20030307-1 1.875b
cygwin 1.5.7-1
dejagnu 20021217-2 1.4.2.x
gawk 3.1.3-4
gcc 3.3.1-3
w32api 2.5-1
LAST_UPDATED: Sat Mar 6 05:55:47 UTC 2004
Native configuration is i686-pc-cygwin
=== g++ tests ===
Running target unix
FAIL: g++.dg/compat/eh/ctor1 cp_compat_x_tst.o compile
FAIL: g++.dg/compat/eh/nrv1 cp_compat_y_tst.o compile
FAIL: g++.dg/compat/eh/spec3 cp_compat_x_tst.o compile
FAIL: g++.dg/debug/anonunion1.C (test for excess errors)
FAIL: g++.dg/debug/debug4.C (test for excess errors)
FAIL: g++.dg/debug/debug7.C (test for excess errors)
FAIL: g++.dg/debug/trivial.C (test for excess errors)
FAIL: g++.dg/abi/bitfield3.C execution test
FAIL: g++.dg/abi/bitfield4.C (test for excess errors)
FAIL: g++.dg/abi/covariant3.C execution test
FAIL: g++.dg/abi/offsetof.C (test for excess errors)
FAIL: g++.dg/ext/dllexport1.C scan-assembler -export:_ZN3Bar10inline_barEi
FAIL: g++.dg/ext/instantiate3.C scan-assembler-not \\n_?_ZTV1AIcE(:|\\n|\\t)
FAIL: g++.dg/inherit/covariant1.C execution test
FAIL: g++.dg/inherit/covariant2.C execution test
FAIL: g++.dg/inherit/covariant3.C execution test
FAIL: g++.dg/inherit/covariant4.C execution test
FAIL: g++.dg/lookup/scoped6.C (test for excess errors)
FAIL: g++.dg/opt/vt1.C scan-assembler-not section[^\\n\\r]*_ZTV1S[^\\n\\r]*"[^w"\\n\\r]*"
FAIL: g++.dg/pch/empty.C (test for excess errors)
FAIL: g++.dg/pch/empty.C (test for excess errors)
FAIL: g++.dg/pch/empty.C (test for excess errors)
FAIL: g++.dg/pch/static-1.C (test for excess errors)
FAIL: g++.dg/pch/static-1.C (test for excess errors)
FAIL: g++.dg/pch/static-1.C (test for excess errors)
FAIL: g++.dg/pch/system-1.C (test for excess errors)
FAIL: g++.dg/pch/system-1.C (test for excess errors)
FAIL: g++.dg/pch/system-1.C (test for excess errors)
FAIL: g++.dg/pch/system-2.C (test for excess errors)
FAIL: g++.dg/pch/system-2.C (test for excess errors)
FAIL: g++.dg/pch/system-2.C (test for excess errors)
FAIL: g++.dg/pch/uninst.C (test for excess errors)
FAIL: g++.dg/pch/uninst.C (test for excess errors)
FAIL: g++.dg/pch/uninst.C (test for excess errors)
FAIL: g++.dg/special/initp1.C execution test
FAIL: g++.old-deja/g++.abi/vbase1.C execution test
FAIL: g++.old-deja/g++.abi/vtable3a.C execution test
FAIL: g++.old-deja/g++.abi/vtable3b.C execution test
FAIL: g++.old-deja/g++.abi/vtable3c.C execution test
FAIL: g++.old-deja/g++.abi/vtable3d.C execution test
FAIL: g++.old-deja/g++.abi/vtable3e.C execution test
FAIL: g++.old-deja/g++.abi/vtable3f.C execution test
FAIL: g++.old-deja/g++.abi/vtable3g.C execution test
FAIL: g++.old-deja/g++.abi/vtable3h.C execution test
FAIL: g++.old-deja/g++.abi/vtable3i.C execution test
FAIL: g++.old-deja/g++.abi/vtable3j.C execution test
FAIL: g++.old-deja/g++.benjamin/bool01.C (test for excess errors)
FAIL: g++.old-deja/g++.brendan/err-msg3.C (test for excess errors)
FAIL: g++.old-deja/g++.brendan/err-msg9.C (test for excess errors)
FAIL: g++.old-deja/g++.brendan/union2.C (test for excess errors)
FAIL: g++.old-deja/g++.brendan/warnings5.C (test for excess errors)
FAIL: g++.old-deja/g++.bugs/900519_12.C (test for excess errors)
FAIL: g++.old-deja/g++.eh/badalloc1.C execution test
FAIL: g++.old-deja/g++.eh/catch3p.C execution test
FAIL: g++.old-deja/g++.eh/catch4p.C execution test
FAIL: g++.old-deja/g++.eh/catch5p.C execution test
FAIL: g++.old-deja/g++.eh/catch6p.C execution test
FAIL: g++.old-deja/g++.eh/catch7p.C execution test
FAIL: g++.old-deja/g++.eh/catch8p.C execution test
FAIL: g++.old-deja/g++.eh/catch9p.C execution test
FAIL: g++.old-deja/g++.eh/vbase4.C execution test
FAIL: g++.old-deja/g++.ext/attrib2.C (test for excess errors)
FAIL: g++.old-deja/g++.ext/delvoid.C (test for excess errors)
FAIL: g++.old-deja/g++.gb/scope10.C (test for excess errors)
FAIL: g++.old-deja/g++.jason/access5.C (test for excess errors)
FAIL: g++.old-deja/g++.jason/aggregate.C (test for excess errors)
FAIL: g++.old-deja/g++.jason/mi.C execution test
FAIL: g++.old-deja/g++.jason/offset3.C (test for excess errors)
FAIL: g++.old-deja/g++.jason/overload13.C execution test
FAIL: g++.old-deja/g++.jason/overload31.C (test for excess errors)
FAIL: g++.old-deja/g++.jason/scoping12.C (test for excess errors)
FAIL: g++.old-deja/g++.jason/template15.C (test for excess errors)
FAIL: g++.old-deja/g++.law/bad-error1.C (test for excess errors)
FAIL: g++.old-deja/g++.law/virtual3.C execution test
FAIL: g++.old-deja/g++.martin/pmf1.C (test for excess errors)
FAIL: g++.old-deja/g++.mike/mi1.C execution test
FAIL: g++.old-deja/g++.mike/mi2.C execution test
FAIL: g++.old-deja/g++.mike/misc13.C execution test
FAIL: g++.old-deja/g++.mike/net38.C execution test
FAIL: g++.old-deja/g++.mike/offset1.C execution test
WARNING: g++.old-deja/g++.mike/p10769a.C compilation failed to produce executable
FAIL: g++.old-deja/g++.mike/p1567.C execution test
FAIL: g++.old-deja/g++.mike/p1862.C execution test
FAIL: g++.old-deja/g++.mike/p2846b.C execution test
FAIL: g++.old-deja/g++.mike/p3041.C execution test
FAIL: g++.old-deja/g++.mike/p3068.C execution test
FAIL: g++.old-deja/g++.mike/p3139.C execution test
FAIL: g++.old-deja/g++.mike/p3708.C execution test
FAIL: g++.old-deja/g++.mike/p3708a.C execution test
FAIL: g++.old-deja/g++.mike/p3708b.C execution test
FAIL: g++.old-deja/g++.mike/p4736a.C execution test
FAIL: g++.old-deja/g++.mike/p4736b.C execution test
FAIL: g++.old-deja/g++.mike/p4736c.C execution test
FAIL: g++.old-deja/g++.mike/rtti3.C execution test
FAIL: g++.old-deja/g++.mike/virt4.C execution test
FAIL: g++.old-deja/g++.ns/anon1.C (test for excess errors)
FAIL: g++.old-deja/g++.other/cleanup2.C (test for excess errors)
FAIL: g++.old-deja/g++.other/defarg2.C (test for excess errors)
FAIL: g++.old-deja/g++.other/dtor9.C execution test
FAIL: g++.old-deja/g++.other/dyncast1.C execution test
FAIL: g++.old-deja/g++.other/dyncast2.C execution test
FAIL: g++.old-deja/g++.other/dyncast3.C execution test
FAIL: g++.old-deja/g++.other/dyncast5.C execution test
WARNING: g++.old-deja/g++.other/enum5.C compilation failed to produce executable
FAIL: g++.old-deja/g++.other/optimize2.C execution test
FAIL: g++.old-deja/g++.other/static9.C (test for excess errors)
FAIL: g++.old-deja/g++.pt/enum10.C (test for excess errors)
WARNING: g++.old-deja/g++.pt/friend44.C compilation failed to produce executable
FAIL: g++.old-deja/g++.pt/memtemp45.C (test for excess errors)
FAIL: g++.old-deja/g++.pt/mi1.C execution test
FAIL: g++.old-deja/g++.pt/ttp63.C (test for excess errors)
FAIL: g++.old-deja/g++.robertl/eb17.C execution test
FAIL: g++.old-deja/g++.robertl/eb61.C (test for excess errors)
FAIL: g++.old-deja/g++.warn/iomanip.C (test for excess errors)
=== g++ Summary ===
# of expected passes 9399
# of unexpected failures 111
# of expected failures 64
# of untested testcases 15
# of unsupported tests 33
/usr/local/src/branch/objdir/gcc/testsuite/../g++ version 3.4.0 20040306 (prerelease)
=== g77 tests ===
Running target unix
FAIL: g77.f-torture/compile/20000629-1.f, -O3 -fomit-frame-pointer -funroll-loops
FAIL: g77.f-torture/compile/980310-3.f, -O3 -fomit-frame-pointer -funroll-all-loops -finline-functions
FAIL: g77.f-torture/compile/980310-6.f, -O1
FAIL: g77.f-torture/compile/980310-8.f, -Os
FAIL: g77.f-torture/compile/980419-2.f, -O3 -g
FAIL: g77.f-torture/compile/toon_1.f, -O2
FAIL: g77.f-torture/execute/labug1.f execution, -O2
FAIL: g77.f-torture/execute/labug1.f execution, -O3 -g
=== g77 Summary ===
# of expected passes 1804
# of unexpected failures 8
/usr/local/src/branch/objdir/gcc/testsuite/../g77 version 3.4.0 20040306 (prerelease)
=== gcc tests ===
Running target unix
FAIL: gcc.c-torture/compile/20000314-1.c (test for excess errors)
FAIL: gcc.c-torture/compile/20000502-1.c (test for excess errors)
FAIL: gcc.c-torture/compile/20000517-1.c (test for excess errors)
FAIL: gcc.c-torture/compile/20000728-1.c (test for excess errors)
FAIL: gcc.c-torture/compile/20010404-1.c (test for excess errors)
FAIL: gcc.c-torture/compile/20010510-1.c (test for excess errors)
FAIL: gcc.c-torture/compile/20010516-1.c (test for excess errors)
FAIL: gcc.c-torture/compile/20011217-1.c (test for excess errors)
FAIL: gcc.c-torture/compile/20020109-2.c (test for excess errors)
FAIL: gcc.c-torture/compile/20020715-1.c (test for excess errors)
FAIL: gcc.c-torture/compile/20021120-1.c (test for excess errors)
FAIL: gcc.c-torture/compile/20021123-4.c (test for excess errors)
FAIL: gcc.c-torture/compile/20030503-1.c (test for excess errors)
FAIL: gcc.c-torture/compile/20030804-1.c (test for excess errors)
FAIL: gcc.c-torture/compile/20030904-1.c (test for excess errors)
FAIL: gcc.c-torture/compile/20031011-2.c (test for excess errors)
FAIL: gcc.c-torture/compile/20031023-3.c (test for excess errors)
FAIL: gcc.c-torture/compile/20031031-1.c (test for excess errors)
FAIL: gcc.c-torture/compile/20031031-2.c (test for excess errors)
FAIL: gcc.c-torture/compile/20040214-1.c (test for excess errors)
FAIL: gcc.c-torture/compile/900116-1.c (test for excess errors)
FAIL: gcc.c-torture/compile/920501-10.c (test for excess errors)
FAIL: gcc.c-torture/compile/920701-1.c (test for excess errors)
FAIL: gcc.c-torture/compile/921103-1.c (test for excess errors)
FAIL: gcc.c-torture/compile/921203-1.c (test for excess errors)
FAIL: gcc.c-torture/compile/930111-1.c (test for excess errors)
FAIL: gcc.c-torture/compile/930126-1.c (test for excess errors)
FAIL: gcc.c-torture/compile/930510-1.c (test for excess errors)
FAIL: gcc.c-torture/compile/930602-1.c (test for excess errors)
FAIL: gcc.c-torture/compile/930603-1.c (test for excess errors)
FAIL: gcc.c-torture/compile/931031-1.c (test for excess errors)
FAIL: gcc.c-torture/compile/931102-1.c (test for excess errors)
FAIL: gcc.c-torture/compile/950607-1.c (test for excess errors)
FAIL: gcc.c-torture/compile/950610-1.c (test for excess errors)
FAIL: gcc.c-torture/compile/950613-1.c (test for excess errors)
FAIL: gcc.c-torture/compile/951106-1.c (test for excess errors)
FAIL: gcc.c-torture/compile/960218-1.c (test for excess errors)
FAIL: gcc.c-torture/compile/961010-1.c (test for excess errors)
FAIL: gcc.c-torture/compile/961126-1.c (test for excess errors)
FAIL: gcc.c-torture/compile/990801-1.c (test for excess errors)
FAIL: gcc.c-torture/compile/991208-1.c (test for excess errors)
FAIL: gcc.c-torture/compile/991214-1.c (test for excess errors)
FAIL: gcc.c-torture/compile/991214-2.c (test for excess errors)
FAIL: gcc.c-torture/compile/991229-2.c (test for excess errors)
FAIL: gcc.c-torture/compile/991229-3.c (test for excess errors)
FAIL: gcc.c-torture/compile/goto-1.c (test for excess errors)
FAIL: gcc.c-torture/execute/builtins/string-6.c compilation, -O2
UNRESOLVED: gcc.c-torture/execute/builtins/string-6.c execution, -O2
FAIL: gcc.c-torture/execute/builtins/string-9.c compilation, -O3 -g
UNRESOLVED: gcc.c-torture/execute/builtins/string-9.c execution, -O3 -g
FAIL: gcc.c-torture/execute/20000113-1.c compilation, -O1
UNRESOLVED: gcc.c-torture/execute/20000113-1.c execution, -O1
FAIL: gcc.c-torture/execute/20000402-1.c compilation, -O2
UNRESOLVED: gcc.c-torture/execute/20000402-1.c execution, -O2
FAIL: gcc.c-torture/execute/20000706-1.c compilation, -Os
UNRESOLVED: gcc.c-torture/execute/20000706-1.c execution, -Os
FAIL: gcc.c-torture/execute/20000722-1.c compilation, -Os
UNRESOLVED: gcc.c-torture/execute/20000722-1.c execution, -Os
FAIL: gcc.c-torture/execute/20001009-1.c compilation, -O2
UNRESOLVED: gcc.c-torture/execute/20001009-1.c execution, -O2
FAIL: gcc.c-torture/execute/20001108-1.c compilation, -O0
UNRESOLVED: gcc.c-torture/execute/20001108-1.c execution, -O0
FAIL: gcc.c-torture/execute/20010106-1.c compilation, -O0
UNRESOLVED: gcc.c-torture/execute/20010106-1.c execution, -O0
FAIL: gcc.c-torture/execute/20010123-1.c compilation, -O3 -fomit-frame-pointer
UNRESOLVED: gcc.c-torture/execute/20010123-1.c execution, -O3 -fomit-frame-pointer
FAIL: gcc.c-torture/execute/20011109-2.c compilation, -O3 -fomit-frame-pointer
UNRESOLVED: gcc.c-torture/execute/20011109-2.c execution, -O3 -fomit-frame-pointer
FAIL: gcc.c-torture/execute/20020127-1.c compilation, -O0
UNRESOLVED: gcc.c-torture/execute/20020127-1.c execution, -O0
FAIL: gcc.c-torture/execute/20020215-1.c compilation, -O3 -g
UNRESOLVED: gcc.c-torture/execute/20020215-1.c execution, -O3 -g
FAIL: gcc.c-torture/execute/20020320-1.c compilation, -O0
UNRESOLVED: gcc.c-torture/execute/20020320-1.c execution, -O0
FAIL: gcc.c-torture/execute/20020413-1.c compilation, -O3 -fomit-frame-pointer -funroll-all-loops -finline-functions
UNRESOLVED: gcc.c-torture/execute/20020413-1.c execution, -O3 -fomit-frame-pointer -funroll-all-loops -finline-functions
FAIL: gcc.c-torture/execute/20020423-1.c compilation, -Os
UNRESOLVED: gcc.c-torture/execute/20020423-1.c execution, -Os
FAIL: gcc.c-torture/execute/20020503-1.c compilation, -O1
UNRESOLVED: gcc.c-torture/execute/20020503-1.c execution, -O1
FAIL: gcc.c-torture/execute/20020506-1.c compilation, -O0
UNRESOLVED: gcc.c-torture/execute/20020506-1.c execution, -O0
FAIL: gcc.c-torture/execute/20020506-1.c compilation, -O3 -fomit-frame-pointer
UNRESOLVED: gcc.c-torture/execute/20020506-1.c execution, -O3 -fomit-frame-pointer
FAIL: gcc.c-torture/execute/20020614-1.c compilation, -O3 -g
UNRESOLVED: gcc.c-torture/execute/20020614-1.c execution, -O3 -g
FAIL: gcc.c-torture/execute/20020619-1.c compilation, -Os
UNRESOLVED: gcc.c-torture/execute/20020619-1.c execution, -Os
FAIL: gcc.c-torture/execute/20020720-1.c compilation, -Os
UNRESOLVED: gcc.c-torture/execute/20020720-1.c execution, -Os
FAIL: gcc.c-torture/execute/20020911-1.c compilation, -O0
UNRESOLVED: gcc.c-torture/execute/20020911-1.c execution, -O0
FAIL: gcc.c-torture/execute/20021015-1.c compilation, -O2
UNRESOLVED: gcc.c-torture/execute/20021015-1.c execution, -O2
FAIL: gcc.c-torture/execute/20030218-1.c compilation, -O3 -fomit-frame-pointer
UNRESOLVED: gcc.c-torture/execute/20030218-1.c execution, -O3 -fomit-frame-pointer
FAIL: gcc.c-torture/execute/20030222-1.c compilation, -O3 -g
UNRESOLVED: gcc.c-torture/execute/20030222-1.c execution, -O3 -g
FAIL: gcc.c-torture/execute/20030307-1.c compilation, -O1
UNRESOLVED: gcc.c-torture/execute/20030307-1.c execution, -O1
FAIL: gcc.c-torture/execute/20030323-1.c compilation, -O3 -fomit-frame-pointer
UNRESOLVED: gcc.c-torture/execute/20030323-1.c execution, -O3 -fomit-frame-pointer
FAIL: gcc.c-torture/execute/20030920-1.c compilation, -O3 -fomit-frame-pointer
UNRESOLVED: gcc.c-torture/execute/20030920-1.c execution, -O3 -fomit-frame-pointer
FAIL: gcc.c-torture/execute/20031214-1.c compilation, -O2
UNRESOLVED: gcc.c-torture/execute/20031214-1.c execution, -O2
FAIL: gcc.c-torture/execute/920625-1.c compilation, -O1
UNRESOLVED: gcc.c-torture/execute/920625-1.c execution, -O1
FAIL: gcc.c-torture/execute/920625-1.c compilation, -O3 -fomit-frame-pointer
UNRESOLVED: gcc.c-torture/execute/920625-1.c execution, -O3 -fomit-frame-pointer
FAIL: gcc.c-torture/execute/920711-1.c compilation, -O3 -g
UNRESOLVED: gcc.c-torture/execute/920711-1.c execution, -O3 -g
FAIL: gcc.c-torture/execute/920721-2.c compilation, -O2
UNRESOLVED: gcc.c-torture/execute/920721-2.c execution, -O2
FAIL: gcc.c-torture/execute/920829-1.c compilation, -O3 -g
UNRESOLVED: gcc.c-torture/execute/920829-1.c execution, -O3 -g
FAIL: gcc.c-torture/execute/920909-1.c compilation, -O1
UNRESOLVED: gcc.c-torture/execute/920909-1.c execution, -O1
FAIL: gcc.c-torture/execute/920909-1.c compilation, -O3 -fomit-frame-pointer
UNRESOLVED: gcc.c-torture/execute/920909-1.c execution, -O3 -fomit-frame-pointer
FAIL: gcc.c-torture/execute/921110-1.c compilation, -Os
UNRESOLVED: gcc.c-torture/execute/921110-1.c execution, -Os
FAIL: gcc.c-torture/execute/930713-1.c compilation, -O0
UNRESOLVED: gcc.c-torture/execute/930713-1.c execution, -O0
FAIL: gcc.c-torture/execute/931004-5.c compilation, -O0
UNRESOLVED: gcc.c-torture/execute/931004-5.c execution, -O0
FAIL: gcc.c-torture/execute/931017-1.c compilation, -O3 -fomit-frame-pointer -funroll-loops
UNRESOLVED: gcc.c-torture/execute/931017-1.c execution, -O3 -fomit-frame-pointer -funroll-loops
FAIL: gcc.c-torture/execute/931110-2.c compilation, -Os
UNRESOLVED: gcc.c-torture/execute/931110-2.c execution, -Os
FAIL: gcc.c-torture/execute/950511-1.c compilation, -O0
UNRESOLVED: gcc.c-torture/execute/950511-1.c execution, -O0
FAIL: gcc.c-torture/execute/950706-1.c compilation, -O3 -fomit-frame-pointer
UNRESOLVED: gcc.c-torture/execute/950706-1.c execution, -O3 -fomit-frame-pointer
FAIL: gcc.c-torture/execute/950906-1.c compilation, -O3 -fomit-frame-pointer -funroll-all-loops -finline-functions
UNRESOLVED: gcc.c-torture/execute/950906-1.c execution, -O3 -fomit-frame-pointer -funroll-all-loops -finline-functions
FAIL: gcc.c-torture/execute/960312-1.c compilation, -O2
UNRESOLVED: gcc.c-torture/execute/960312-1.c execution, -O2
FAIL: gcc.c-torture/execute/960327-1.c compilation, -O0
UNRESOLVED: gcc.c-torture/execute/960327-1.c execution, -O0
FAIL: gcc.c-torture/execute/960801-1.c compilation, -O1
UNRESOLVED: gcc.c-torture/execute/960801-1.c execution, -O1
FAIL: gcc.c-torture/execute/960830-1.c compilation, -O0
UNRESOLVED: gcc.c-torture/execute/960830-1.c execution, -O0
FAIL: gcc.c-torture/execute/970217-1.c compilation, -O1
UNRESOLVED: gcc.c-torture/execute/970217-1.c execution, -O1
FAIL: gcc.c-torture/execute/980506-2.c compilation, -O3 -fomit-frame-pointer
UNRESOLVED: gcc.c-torture/execute/980506-2.c execution, -O3 -fomit-frame-pointer
FAIL: gcc.c-torture/execute/980929-1.c compilation, -O3 -fomit-frame-pointer
UNRESOLVED: gcc.c-torture/execute/980929-1.c execution, -O3 -fomit-frame-pointer
FAIL: gcc.c-torture/execute/981130-1.c compilation, -O2
UNRESOLVED: gcc.c-torture/execute/981130-1.c execution, -O2
FAIL: gcc.c-torture/execute/981206-1.c compilation, -O2
UNRESOLVED: gcc.c-torture/execute/981206-1.c execution, -O2
FAIL: gcc.c-torture/execute/990628-1.c compilation, -O2
UNRESOLVED: gcc.c-torture/execute/990628-1.c execution, -O2
FAIL: gcc.c-torture/execute/991019-1.c compilation, -O3 -fomit-frame-pointer -funroll-loops
UNRESOLVED: gcc.c-torture/execute/991019-1.c execution, -O3 -fomit-frame-pointer -funroll-loops
FAIL: gcc.c-torture/execute/ashldi-1.c compilation, -O0
UNRESOLVED: gcc.c-torture/execute/ashldi-1.c execution, -O0
FAIL: gcc.c-torture/execute/builtin-prefetch-2.c compilation, -O3 -g
UNRESOLVED: gcc.c-torture/execute/builtin-prefetch-2.c execution, -O3 -g
FAIL: gcc.c-torture/execute/compare-1.c compilation, -O3 -g
UNRESOLVED: gcc.c-torture/execute/compare-1.c execution, -O3 -g
FAIL: gcc.c-torture/execute/divconst-3.c compilation, -O3 -fomit-frame-pointer
UNRESOLVED: gcc.c-torture/execute/divconst-3.c execution, -O3 -fomit-frame-pointer
FAIL: gcc.c-torture/execute/loop-11.c compilation, -O3 -fomit-frame-pointer
UNRESOLVED: gcc.c-torture/execute/loop-11.c execution, -O3 -fomit-frame-pointer
FAIL: gcc.c-torture/execute/loop-4b.c compilation, -O0
UNRESOLVED: gcc.c-torture/execute/loop-4b.c execution, -O0
FAIL: gcc.c-torture/execute/loop-5.c compilation, -O2
UNRESOLVED: gcc.c-torture/execute/loop-5.c execution, -O2
FAIL: gcc.c-torture/execute/loop-6.c compilation, -O3 -fomit-frame-pointer
UNRESOLVED: gcc.c-torture/execute/loop-6.c execution, -O3 -fomit-frame-pointer
FAIL: gcc.c-torture/execute/mayalias-1.c compilation, -Os
UNRESOLVED: gcc.c-torture/execute/mayalias-1.c execution, -Os
FAIL: gcc.c-torture/execute/stdio-opt-1.c compilation, -O3 -g
UNRESOLVED: gcc.c-torture/execute/stdio-opt-1.c execution, -O3 -g
FAIL: gcc.c-torture/execute/strct-pack-1.c compilation, -O3 -fomit-frame-pointer
UNRESOLVED: gcc.c-torture/execute/strct-pack-1.c execution, -O3 -fomit-frame-pointer
FAIL: gcc.c-torture/execute/strct-pack-3.c compilation, -Os
UNRESOLVED: gcc.c-torture/execute/strct-pack-3.c execution, -Os
FAIL: gcc.c-torture/execute/string-opt-2.c compilation, -O2
UNRESOLVED: gcc.c-torture/execute/string-opt-2.c execution, -O2
FAIL: gcc.c-torture/execute/struct-ini-1.c compilation, -O3 -fomit-frame-pointer
UNRESOLVED: gcc.c-torture/execute/struct-ini-1.c execution, -O3 -fomit-frame-pointer
FAIL: gcc.c-torture/execute/va-arg-1.c compilation, -Os
UNRESOLVED: gcc.c-torture/execute/va-arg-1.c execution, -Os
FAIL: gcc.c-torture/execute/zerolen-1.c compilation, -O0
UNRESOLVED: gcc.c-torture/execute/zerolen-1.c execution, -O0
FAIL: gcc.c-torture/execute/ieee/20010226-1.c compilation, -O3 -fomit-frame-pointer
UNRESOLVED: gcc.c-torture/execute/ieee/20010226-1.c execution, -O3 -fomit-frame-pointer
FAIL: gcc.c-torture/execute/ieee/fp-cmp-7.c compilation, -O3 -fomit-frame-pointer
UNRESOLVED: gcc.c-torture/execute/ieee/fp-cmp-7.c execution, -O3 -fomit-frame-pointer
FAIL: gcc.c-torture/execute/ieee/hugeval.c compilation, -Os
UNRESOLVED: gcc.c-torture/execute/ieee/hugeval.c execution, -Os
FAIL: gcc.c-torture/execute/ieee/fp-cmp-3.c compilation, -O3 -fomit-frame-pointer
UNRESOLVED: gcc.c-torture/execute/ieee/fp-cmp-3.c execution, -O3 -fomit-frame-pointer
FAIL: gcc.c-torture/execute/ieee/fp-cmp-8.c compilation, -O1
UNRESOLVED: gcc.c-torture/execute/ieee/fp-cmp-8.c execution, -O1
FAIL: gcc.c-torture/unsorted/as.c, -Os
FAIL: gcc.c-torture/unsorted/b.c, -O3 -g
FAIL: gcc.c-torture/unsorted/bt.c, -O2
FAIL: gcc.c-torture/unsorted/bug.c, -O3 -g
FAIL: gcc.c-torture/unsorted/cmphi.c, -O3 -g
FAIL: gcc.c-torture/unsorted/comb.c, -O2
FAIL: gcc.c-torture/unsorted/DFcmp.c, -O2
FAIL: gcc.c-torture/unsorted/gen_tst.c, -O2
FAIL: gcc.c-torture/unsorted/gronk.c, -Os
FAIL: gcc.c-torture/unsorted/hi.c, -Os
FAIL: gcc.c-torture/unsorted/log2.c, -O0
FAIL: gcc.c-torture/unsorted/lop.c, -O3 -fomit-frame-pointer -funroll-all-loops -finline-functions
FAIL: gcc.c-torture/unsorted/n1.c, -O3 -g
FAIL: gcc.c-torture/unsorted/o.c, -O3 -fomit-frame-pointer
FAIL: gcc.c-torture/unsorted/pp.c, -Os
FAIL: gcc.c-torture/unsorted/seq.c, -O3 -fomit-frame-pointer
FAIL: gcc.c-torture/unsorted/storecc.c, -Os
FAIL: gcc.c-torture/unsorted/structret.c, -O1
FAIL: gcc.c-torture/unsorted/test-loop.c, -O3 -fomit-frame-pointer
FAIL: gcc.c-torture/unsorted/time.c, -O3 -fomit-frame-pointer -funroll-all-loops -finline-functions
FAIL: gcc.c-torture/unsorted/xmtst.c, -O1
FAIL: gcc.dg/compat/scalar-by-value-3 c_compat_main_tst.o compile
FAIL: gcc.dg/compat/scalar-return-1 c_compat_y_tst.o compile
FAIL: gcc.dg/compat/scalar-return-3 c_compat_y_tst.o compile
FAIL: gcc.dg/compat/struct-by-value-18 c_compat_main_tst.o compile
FAIL: gcc.dg/cpp/20000301-1.c (test for excess errors)
FAIL: gcc.dg/cpp/assert4.c (test for excess errors)
FAIL: gcc.dg/cpp/maccom6.c (test for excess errors)
FAIL: gcc.dg/cpp/tr-paste.c (test for excess errors)
FAIL: gcc.dg/cpp/vararg4.c (test for excess errors)
FAIL: gcc.dg/cpp/trad/__STDC__.c (test for excess errors)
FAIL: gcc.dg/cpp/trad/funlike-4.c (test for excess errors)
FAIL: gcc.dg/debug/20020220-1.c (test for excess errors)
FAIL: gcc.dg/debug/debug-7.c (test for excess errors)
FAIL: gcc.dg/20021014-1.c (test for excess errors)
WARNING: gcc.dg/20021014-1.c compilation failed to produce executable
FAIL: gcc.dg/20030309-1.c (test for excess errors)
FAIL: gcc.dg/990524-1.c (test for excess errors)
FAIL: gcc.dg/bf-ms-layout.c execution test
FAIL: gcc.dg/builtins-20.c (test for excess errors)
FAIL: gcc.dg/c99-longlong-1.c (test for excess errors)
FAIL: gcc.dg/fwrapv-2.c (test for excess errors)
FAIL: gcc.dg/i386-bitfield1.c execution test
FAIL: gcc.dg/i386-bitfield2.c execution test
FAIL: gcc.dg/i386-pic-1.c (test for errors, line 9)
FAIL: gcc.dg/struct-ret-libc.c (test for excess errors)
FAIL: gcc.dg/format/ext-2.c (test for excess errors)
FAIL: gcc.dg/format/gcc_diag-1.c (test for excess errors)
FAIL: gcc.dg/noncompile/20010524-1.c (test for excess errors)
FAIL: gcc.dg/noncompile/940112-1.c (test for excess errors)
FAIL: gcc.dg/pch/common-1.c (test for excess errors)
FAIL: gcc.dg/pch/common-1.c (test for excess errors)
FAIL: gcc.dg/pch/common-1.c (test for excess errors)
FAIL: gcc.dg/pch/common-1.c (test for excess errors)
FAIL: gcc.dg/pch/common-1.c (test for excess errors)
FAIL: gcc.dg/pch/common-1.c (test for excess errors)
FAIL: gcc.dg/pch/common-1.c (test for excess errors)
FAIL: gcc.dg/pch/cpp-1.c (test for excess errors)
FAIL: gcc.dg/pch/cpp-1.c (test for excess errors)
FAIL: gcc.dg/pch/cpp-1.c (test for excess errors)
FAIL: gcc.dg/pch/cpp-1.c (test for excess errors)
FAIL: gcc.dg/pch/cpp-1.c (test for excess errors)
FAIL: gcc.dg/pch/cpp-1.c (test for excess errors)
FAIL: gcc.dg/pch/cpp-1.c (test for excess errors)
FAIL: gcc.dg/pch/cpp-2.c (test for excess errors)
FAIL: gcc.dg/pch/cpp-2.c (test for excess errors)
FAIL: gcc.dg/pch/cpp-2.c (test for excess errors)
FAIL: gcc.dg/pch/cpp-2.c (test for excess errors)
FAIL: gcc.dg/pch/cpp-2.c (test for excess errors)
FAIL: gcc.dg/pch/cpp-2.c (test for excess errors)
FAIL: gcc.dg/pch/cpp-2.c (test for excess errors)
FAIL: gcc.dg/pch/decl-1.c (test for excess errors)
FAIL: gcc.dg/pch/decl-1.c (test for excess errors)
FAIL: gcc.dg/pch/decl-1.c (test for excess errors)
FAIL: gcc.dg/pch/decl-1.c (test for excess errors)
FAIL: gcc.dg/pch/decl-1.c (test for excess errors)
FAIL: gcc.dg/pch/decl-1.c (test for excess errors)
FAIL: gcc.dg/pch/decl-1.c (test for excess errors)
FAIL: gcc.dg/pch/decl-2.c (test for excess errors)
FAIL: gcc.dg/pch/decl-2.c (test for excess errors)
FAIL: gcc.dg/pch/decl-2.c (test for excess errors)
FAIL: gcc.dg/pch/decl-2.c (test for excess errors)
FAIL: gcc.dg/pch/decl-2.c (test for excess errors)
FAIL: gcc.dg/pch/decl-2.c (test for excess errors)
FAIL: gcc.dg/pch/decl-2.c (test for excess errors)
FAIL: gcc.dg/pch/decl-3.c (test for excess errors)
FAIL: gcc.dg/pch/decl-3.c (test for excess errors)
FAIL: gcc.dg/pch/decl-3.c (test for excess errors)
FAIL: gcc.dg/pch/decl-3.c (test for excess errors)
FAIL: gcc.dg/pch/decl-3.c (test for excess errors)
FAIL: gcc.dg/pch/decl-3.c (test for excess errors)
FAIL: gcc.dg/pch/decl-3.c (test for excess errors)
FAIL: gcc.dg/pch/decl-4.c (test for excess errors)
FAIL: gcc.dg/pch/decl-4.c (test for excess errors)
FAIL: gcc.dg/pch/decl-4.c (test for excess errors)
FAIL: gcc.dg/pch/decl-4.c (test for excess errors)
FAIL: gcc.dg/pch/decl-4.c (test for excess errors)
FAIL: gcc.dg/pch/decl-4.c (test for excess errors)
FAIL: gcc.dg/pch/decl-4.c (test for excess errors)
FAIL: gcc.dg/pch/decl-5.c (test for excess errors)
FAIL: gcc.dg/pch/decl-5.c (test for excess errors)
FAIL: gcc.dg/pch/decl-5.c (test for excess errors)
FAIL: gcc.dg/pch/decl-5.c (test for excess errors)
FAIL: gcc.dg/pch/decl-5.c (test for excess errors)
FAIL: gcc.dg/pch/decl-5.c (test for excess errors)
FAIL: gcc.dg/pch/decl-5.c (test for excess errors)
FAIL: gcc.dg/pch/empty.c (test for excess errors)
FAIL: gcc.dg/pch/empty.c (test for excess errors)
FAIL: gcc.dg/pch/empty.c (test for excess errors)
FAIL: gcc.dg/pch/empty.c (test for excess errors)
FAIL: gcc.dg/pch/empty.c (test for excess errors)
FAIL: gcc.dg/pch/empty.c (test for excess errors)
FAIL: gcc.dg/pch/empty.c (test for excess errors)
FAIL: gcc.dg/pch/except-1.c (test for excess errors)
FAIL: gcc.dg/pch/except-1.c (test for excess errors)
FAIL: gcc.dg/pch/except-1.c (test for excess errors)
FAIL: gcc.dg/pch/except-1.c (test for excess errors)
FAIL: gcc.dg/pch/except-1.c (test for excess errors)
FAIL: gcc.dg/pch/except-1.c (test for excess errors)
FAIL: gcc.dg/pch/except-1.c (test for excess errors)
FAIL: gcc.dg/pch/global-1.c (test for excess errors)
FAIL: gcc.dg/pch/global-1.c (test for excess errors)
FAIL: gcc.dg/pch/global-1.c (test for excess errors)
FAIL: gcc.dg/pch/global-1.c (test for excess errors)
FAIL: gcc.dg/pch/global-1.c (test for excess errors)
FAIL: gcc.dg/pch/global-1.c (test for excess errors)
FAIL: gcc.dg/pch/global-1.c (test for excess errors)
FAIL: gcc.dg/pch/inline-1.c (test for excess errors)
FAIL: gcc.dg/pch/inline-1.c (test for excess errors)
FAIL: gcc.dg/pch/inline-1.c (test for excess errors)
FAIL: gcc.dg/pch/inline-1.c (test for excess errors)
FAIL: gcc.dg/pch/inline-1.c (test for excess errors)
FAIL: gcc.dg/pch/inline-1.c (test for excess errors)
FAIL: gcc.dg/pch/inline-1.c (test for excess errors)
FAIL: gcc.dg/pch/inline-2.c (test for excess errors)
FAIL: gcc.dg/pch/inline-2.c (test for excess errors)
FAIL: gcc.dg/pch/inline-2.c (test for excess errors)
FAIL: gcc.dg/pch/inline-2.c (test for excess errors)
FAIL: gcc.dg/pch/inline-2.c (test for excess errors)
FAIL: gcc.dg/pch/inline-2.c (test for excess errors)
FAIL: gcc.dg/pch/inline-2.c (test for excess errors)
FAIL: gcc.dg/pch/inline-3.c (test for excess errors)
FAIL: gcc.dg/pch/inline-3.c (test for excess errors)
FAIL: gcc.dg/pch/inline-3.c (test for excess errors)
FAIL: gcc.dg/pch/inline-3.c (test for excess errors)
FAIL: gcc.dg/pch/inline-3.c (test for excess errors)
FAIL: gcc.dg/pch/inline-3.c (test for excess errors)
FAIL: gcc.dg/pch/inline-3.c (test for excess errors)
FAIL: gcc.dg/pch/inline-4.c (test for excess errors)
FAIL: gcc.dg/pch/inline-4.c (test for excess errors)
FAIL: gcc.dg/pch/inline-4.c (test for excess errors)
FAIL: gcc.dg/pch/inline-4.c (test for excess errors)
FAIL: gcc.dg/pch/inline-4.c (test for excess errors)
FAIL: gcc.dg/pch/inline-4.c (test for excess errors)
FAIL: gcc.dg/pch/inline-4.c (test for excess errors)
FAIL: gcc.dg/pch/macro-1.c (test for excess errors)
FAIL: gcc.dg/pch/macro-1.c (test for excess errors)
FAIL: gcc.dg/pch/macro-1.c (test for excess errors)
FAIL: gcc.dg/pch/macro-1.c (test for excess errors)
FAIL: gcc.dg/pch/macro-1.c (test for excess errors)
FAIL: gcc.dg/pch/macro-1.c (test for excess errors)
FAIL: gcc.dg/pch/macro-1.c (test for excess errors)
FAIL: gcc.dg/pch/macro-2.c (test for excess errors)
FAIL: gcc.dg/pch/macro-2.c (test for excess errors)
FAIL: gcc.dg/pch/macro-2.c (test for excess errors)
FAIL: gcc.dg/pch/macro-2.c (test for excess errors)
FAIL: gcc.dg/pch/macro-2.c (test for excess errors)
FAIL: gcc.dg/pch/macro-2.c (test for excess errors)
FAIL: gcc.dg/pch/macro-2.c (test for excess errors)
FAIL: gcc.dg/pch/macro-3.c (test for excess errors)
FAIL: gcc.dg/pch/macro-3.c (test for excess errors)
FAIL: gcc.dg/pch/macro-3.c (test for excess errors)
FAIL: gcc.dg/pch/macro-3.c (test for excess errors)
FAIL: gcc.dg/pch/macro-3.c (test for excess errors)
FAIL: gcc.dg/pch/macro-3.c (test for excess errors)
FAIL: gcc.dg/pch/macro-3.c (test for excess errors)
FAIL: gcc.dg/pch/static-1.c (test for excess errors)
FAIL: gcc.dg/pch/static-1.c (test for excess errors)
FAIL: gcc.dg/pch/static-1.c (test for excess errors)
FAIL: gcc.dg/pch/static-1.c (test for excess errors)
FAIL: gcc.dg/pch/static-1.c (test for excess errors)
FAIL: gcc.dg/pch/static-1.c (test for excess errors)
FAIL: gcc.dg/pch/static-1.c (test for excess errors)
FAIL: gcc.dg/pch/static-2.c (test for excess errors)
FAIL: gcc.dg/pch/static-2.c (test for excess errors)
FAIL: gcc.dg/pch/static-2.c (test for excess errors)
FAIL: gcc.dg/pch/static-2.c (test for excess errors)
FAIL: gcc.dg/pch/static-2.c (test for excess errors)
FAIL: gcc.dg/pch/static-2.c (test for excess errors)
FAIL: gcc.dg/pch/static-2.c (test for excess errors)
FAIL: gcc.dg/pch/static-3.c (test for excess errors)
FAIL: gcc.dg/pch/static-3.c (test for excess errors)
FAIL: gcc.dg/pch/static-3.c (test for excess errors)
FAIL: gcc.dg/pch/static-3.c (test for excess errors)
FAIL: gcc.dg/pch/static-3.c (test for excess errors)
FAIL: gcc.dg/pch/static-3.c (test for excess errors)
FAIL: gcc.dg/pch/static-3.c (test for excess errors)
FAIL: gcc.dg/pch/system-1.c (test for excess errors)
FAIL: gcc.dg/pch/system-1.c (test for excess errors)
FAIL: gcc.dg/pch/system-1.c (test for excess errors)
FAIL: gcc.dg/pch/system-1.c (test for excess errors)
FAIL: gcc.dg/pch/system-1.c (test for excess errors)
FAIL: gcc.dg/pch/system-1.c (test for excess errors)
FAIL: gcc.dg/pch/system-1.c (test for excess errors)
FAIL: gcc.dg/torture/builtin-noret-1.c (test for excess errors)
FAIL: gcc.dg/torture/builtin-noret-1.c (test for excess errors)
FAIL: gcc.dg/torture/builtin-noret-1.c (test for excess errors)
FAIL: gcc.dg/torture/builtin-noret-1.c (test for excess errors)
FAIL: gcc.dg/torture/builtin-noret-1.c (test for excess errors)
FAIL: gcc.dg/torture/builtin-noret-1.c (test for excess errors)
FAIL: gcc.dg/torture/builtin-noret-2.c (test for excess errors)
FAIL: gcc.dg/torture/builtin-noret-2.c (test for excess errors)
FAIL: gcc.dg/torture/builtin-noret-2.c (test for excess errors)
FAIL: gcc.dg/torture/builtin-noret-2.c (test for excess errors)
FAIL: gcc.dg/torture/builtin-noret-2.c (test for excess errors)
FAIL: gcc.dg/torture/builtin-noret-2.c (test for excess errors)
=== gcc Summary ===
# of expected passes 24225
# of unexpected failures 338
# of expected failures 69
# of unresolved testcases 77
# of untested testcases 161
# of unsupported tests 199
/usr/local/src/branch/objdir/gcc/xgcc version 3.4.0 20040306 (prerelease)
=== objc tests ===
Running target unix
FAIL: objc/execute/bf-4.m compilation, -O1
UNRESOLVED: objc/execute/bf-4.m execution, -O1
FAIL: objc/execute/bf-6.m compilation, -O1
UNRESOLVED: objc/execute/bf-6.m execution, -O1
FAIL: objc/execute/class-7.m compilation, -O0
UNRESOLVED: objc/execute/class-7.m execution, -O0
FAIL: objc/execute/enumeration-1.m compilation, -O0
UNRESOLVED: objc/execute/enumeration-1.m execution, -O0
FAIL: objc/execute/protocol.m compilation, -O1
UNRESOLVED: objc/execute/protocol.m execution, -O1
FAIL: objc.dg/super-class-1.m (test for excess errors)
=== objc Summary ===
# of expected passes 1330
# of unexpected failures 6
# of unresolved testcases 5
# of unsupported tests 8
/usr/local/src/branch/objdir/gcc/xgcc version 3.4.0 20040306 (prerelease)
=== libffi tests ===
Running target unix
FAIL: libffi.call/cls_16byte.c output pattern test, is 7 8 1 0 1.78958e-307 4199408: 7 8 4199409
FAIL: libffi.call/cls_18byte.c output pattern test, is 1 127 126 0 7.09443e+269 130 77 1.78972e-307: 7.09443e+269 1 203 1.78972e-307
FAIL: libffi.call/cls_19byte.c output pattern test, is 1 127 126 3 0 3.8471e+269 0 0 1.79004e-307 0: 3.8471e+269 127 126 3 0
FAIL: libffi.call/cls_1_1byte.c output pattern test, is 165 12: 177
FAIL: libffi.call/cls_20byte.c output pattern test, is 1 2 3 5.31017e-315 1.53851e-313 2289112: 1 2 2289115
FAIL: libffi.call/cls_20byte1.c output pattern test, is 1 2 8.48798e-314 0 5.31147e-315 1.78958e-307: 1 2 1.78958e-307
FAIL: libffi.call/cls_2byte.c execution test
FAIL: libffi.call/cls_3byte1.c execution test
FAIL: libffi.call/cls_3byte2.c execution test
FAIL: libffi.call/cls_4_1byte.c execution test
FAIL: libffi.call/cls_4byte.c execution test
FAIL: libffi.call/cls_7byte.c execution test
FAIL: libffi.call/cls_8byte.c execution test
FAIL: libffi.call/cls_9byte1.c output pattern test, is 7 2.122e-314 2147344384 1.78925e-307: 2147344391 1.78926e-307
FAIL: libffi.call/cls_9byte2.c output pattern test, is 7 8 1.96279e-313 2289208: 7 2289216
FAIL: libffi.call/cls_align_double.c output pattern test, is 12 4951 1 0 1.78958e-307 240: 12 4951 241
FAIL: libffi.call/cls_align_sint64.c output pattern test, is 12 4951 1 104 18038763861241304 48: 116 18038763861246255 49
FAIL: libffi.call/cls_align_uint64.c output pattern test, is 12 4951 1 104 18038763861241304 48: 116 18038763861246255 49
FAIL: libffi.call/nested_struct.c execution test
FAIL: libffi.call/nested_struct1.c execution test
FAIL: libffi.call/nested_struct3.c execution test
FAIL: libffi.call/struct1.c execution test
FAIL: libffi.call/struct3.c execution test
FAIL: libffi.call/struct5.c execution test
FAIL: libffi.call/struct6.c execution test
FAIL: libffi.call/struct9.c execution test
=== libffi Summary ===
# of expected passes 180
# of unexpected failures 26
=== libjava tests ===
Running target unix
FAIL: linking longfield
FAIL: linking shortfield
FAIL: G19990210_2 -O3 compilation from source
FAIL: PR1343 compilation from bytecode
FAIL: PR5913 -O3 compilation from source
FAIL: PR6026 compilation from source
FAIL: T20020529 compilation from bytecode
FAIL: XercesBug -O3 compilation from bytecode
FAIL: iface compilation from source
FAIL: inner_data compilation from bytecode
FAIL: static_inner compilation from bytecode
FAIL: linking calls
FAIL: linking cxxtest
FAIL: linking field
FAIL: linking final_method
FAIL: linking findclass
FAIL: linking invoke
FAIL: linking jniutf
FAIL: linking martin
FAIL: linking noclass
FAIL: linking overload
FAIL: linking pr11951
FAIL: linking register
FAIL: linking simple_int
FAIL: linking throwit
FAIL: linking virtual
FAIL: ArrayStore execution - gij test
FAIL: ArrayStore -O3 compilation from source
FAIL: ArrayStore execution - gij test
FAIL: ArrayStore2 execution - gij test
FAIL: ArrayStore2 execution - gij test
FAIL: Array_1 compilation from bytecode
FAIL: Array_3 execution - gij test
FAIL: Array_3 execution - gij test
FAIL: Divide_1 output - source compiled test
FAIL: Divide_1 execution - gij test
FAIL: Divide_1 output - bytecode->native test
FAIL: Divide_1 -O3 output - source compiled test
FAIL: Divide_1 execution - gij test
FAIL: Divide_1 -O3 output - bytecode->native test
FAIL: Final execution - gij test
FAIL: Final execution - gij test
FAIL: G19990302_02 execution - gij test
FAIL: G19990302_02 -O3 compilation from source
FAIL: G19990302_02 execution - gij test
FAIL: G19990303_01 execution - gij test
FAIL: G19990303_01 execution - gij test
FAIL: G19990303_02 execution - gij test
FAIL: G19990303_02 compilation from bytecode
FAIL: G19990303_02 execution - gij test
FAIL: G19990304_01 execution - gij test
FAIL: G19990304_01 execution - gij test
FAIL: G19990310_01 compilation from source
FAIL: InterfaceDispatch execution - gij test
FAIL: InterfaceDispatch execution - gij test
FAIL: Invoke_1 execution - gij test
FAIL: Invoke_1 execution - gij test
FAIL: KeepInline compilation from source
FAIL: PR218 execution - gij test
FAIL: PR218 execution - gij test
FAIL: StringBuffer_1 execution - gij test
FAIL: StringBuffer_1 execution - gij test
FAIL: StringBuffer_overflow execution - gij test
FAIL: StringBuffer_overflow execution - gij test
FAIL: String_overflow execution - gij test
FAIL: String_overflow execution - gij test
FAIL: Thread_Alive execution - gij test
FAIL: Thread_Alive execution - gij test
FAIL: Thread_Interrupt execution - gij test
FAIL: Thread_Interrupt execution - gij test
FAIL: Thread_Interrupt -O3 compilation from bytecode
FAIL: Thread_Wait compilation from source
WARNING: program timed out.
FAIL: Thread_Wait_2 execution - gij test
WARNING: program timed out.
FAIL: Thread_Wait_2 execution - gij test
WARNING: program timed out.
FAIL: Thread_Wait_Interrupt execution - gij test
WARNING: program timed out.
FAIL: Thread_Wait_Interrupt execution - gij test
FAIL: Throw_2 execution - gij test
FAIL: Throw_2 execution - gij test
FAIL: anonarray2 -O3 compilation from bytecode
FAIL: assign -O3 compilation from source
FAIL: instinit2 execution - gij test
FAIL: instinit2 execution - gij test
FAIL: invokethrow execution - gij test
FAIL: invokethrow execution - gij test
FAIL: pr184 execution - gij test
FAIL: pr184 execution - gij test
FAIL: pr83 execution - gij test
FAIL: pr83 execution - gij test
=== libjava Summary ===
# of expected passes 3089
# of unexpected failures 88
# of expected failures 27
# of untested testcases 76
=== libstdc++ tests ===
Running target unix
FAIL: 20_util/comparisons.cc (test for excess errors)
FAIL: 21_strings/basic_string/replace/char/5.cc (test for excess errors)
FAIL: 22_locale/codecvt/always_noconv/char/wrapped_env.cc (test for excess errors)
FAIL: 22_locale/collate/compare/char/wrapped_locale.cc (test for excess errors)
FAIL: 22_locale/locale/cons/7.cc (test for excess errors)
FAIL: 22_locale/messages_byname/named_equivalence.cc (test for excess errors)
FAIL: 22_locale/moneypunct/members/char/1.cc (test for excess errors)
FAIL: 26_numerics/c99_classification_macros_c.cc (test for excess errors)
FAIL: 27_io/basic_filebuf/overflow/char/2-unbuf.cc (test for excess errors)
FAIL: 27_io/basic_filebuf/sputbackc/char/9425.cc execution test
FAIL: 27_io/basic_istream/extractors_arithmetic/char/12.cc execution test
FAIL: 27_io/basic_ostream/inserters_arithmetic/char/5.cc (test for excess errors)
FAIL: 27_io/ios_base/sync_with_stdio/9523.cc (test for excess errors)
FAIL: demangle/abi_examples/12.cc (test for excess errors)
FAIL: demangle/regression/cw-15.cc (test for excess errors)
FAIL: thread/pthread2.cc execution test
=== libstdc++ Summary ===
# of expected passes 1907
# of unexpected failures 16
# of expected failures 4
Compiler version: 3.4.0 20040306 (prerelease)
Platform: i686-pc-cygwin
configure flags: --prefix=/usr/local/gcc-binutils --enable-shared --enable-threads=posix --with-system-zlib --enable-libgcj
Counting all warnings,
there are 190 warnings in stage0 of this bootstrap.
Number of warnings per file:
41 libjava/java/lang/mprec.h
41 include/_ansi.h
27 include/pthread.h
10 libiberty/regex.c
8 libtool
6 libjava/gnu/gcj/convert/natIconv.cc
6 fastjar/jartool.c
5 libiberty/concat.c
4 libjava/java/lang/strtod.c
4 libjava/java/lang/dtoa.c
3 libf2c/libI77/rsne.c
3 libf2c/libI77/inquire.c
3 include/xregex2.h
2 libjava/prims.cc
2 libjava/java/lang/natClassLoader.cc
2 libjava/gnu/gcj/runtime/natSharedLibLoader.cc
2 libjava/gnu/gcj/runtime/natNameFinder.cc
2 libiberty/strsignal.c
2 libiberty/getopt.c
2 libf2c/libI77/open.c
2 include/fibheap.h
1 libstdc++-v3/src/locale.cc
1 libobjc/sendmsg.c
1 libobjc/encoding.c
1 libjava/verify.cc
1 libjava/jni.cc
1 libjava/java/lang/e_exp.c
1 libjava/interpret.cc
1 libjava/gnu/gcj/io/shs.cc
1 libjava/boehm.cc
1 java/net/natNetworkInterface.cc
1 gcc/coretypes.h
1 gcc/boehm-gc/mark_rts.c
1 ./runtime-info.h
Number of warning types:
42 this is the location of the previous definition
41 \`_EXFUN' redefined
8 signed and unsigned type in conditional expression
6 undefined symbols not allowed in i686-pc-cygwin shared libraries
5 traditional C rejects ISO C style function definitions
4 pointer targets in passing arg ??? of \`???' differ in signedness
4 comparison between signed and unsigned integer expressions
4 comparison between signed and unsigned
3 weak declaration of 'void* pthread_getspecific(__pthread_key_t*)' not supported
3 weak declaration of 'int pthread_setspecific(__pthread_key_t*, const void*)' not supported
3 weak declaration of 'int pthread_once(pthread_once_t*, void (*)())' not supported
3 weak declaration of 'int pthread_mutex_unlock(__pthread_mutex_t**)' not supported
3 weak declaration of 'int pthread_mutex_trylock(__pthread_mutex_t**)' not supported
3 weak declaration of 'int pthread_mutex_lock(__pthread_mutex_t**)' not supported
3 weak declaration of 'int pthread_key_delete(__pthread_key_t*)' not supported
3 weak declaration of 'int pthread_key_create(__pthread_key_t**, void (*)(void*))' not supported
3 weak declaration of 'int pthread_create(__pthread_t**, __pthread_attr_t* const*, void*(*)(void*), void*)' not supported
3 unused parameter \`???'
3 ISO C90 does not support \`static' or type qualifiers in parameter array declarators
2 unused parameter 'name'
2 unused parameter '_dummy'
2 string length \`???' is greater than the length \`???' ISO C89 compilers are required to support
2 bit-field \`???' type invalid in ISO C
1 unused variable \`???'
1 unused parameter 'preg'
1 unused parameter 'outpos'
1 unused parameter 'outbuffer'
1 unused parameter 'n'
1 unused parameter 'inpos'
1 unused parameter 'inlength'
1 unused parameter 'inbuffer'
1 unused parameter 'fmt'
1 unused parameter 'count'
1 unused parameter 'args_size'
1 unused parameter 'addrs'
1 to ensure that POSIX-compatible ar will work
1 object name conflicts; overriding AR_FLAGS to 'cq'
1 implicit declaration of function \`???'
1 function returns address of local variable
1 \`rtx' redefined
1 'x0' might be used uninitialized in this function
1 'x' might be used uninitialized in this function
1 'void byteReverse()' declared \`static' but never defined
1 'target_flags' defined but not used
1 'struct_forward_array' defined but not used
1 'spec_case' might be used uninitialized in this function
1 'pc' might be used uninitialized in this function
1 'mlo' might be used uninitialized in this function
1 'k' might be used uninitialized in this function
1 'ilim1' might be used uninitialized in this function
1 'ilim' might be used uninitialized in this function
1 'dn0' might be used uninitialized in this function
1 'dn' might be used uninitialized in this function
1 'delta' might be used uninitialized in this function
1 'bs' might be used uninitialized in this function
1 'bd' might be used uninitialized in this function
1 'bb' might be used uninitialized in this function
1 '__newf' might be used uninitialized in this function
Counting all warnings,
there are 13 warnings in stage3 of this bootstrap.
Number of warnings per file:
3 insn-conditions.c
3 gengtype-lex.c
3 gcc/gcc.c
2 gcc/objc/lang-specs.h
1 gcc/java/jvspec.c
1 gcc/config/i386/i386.md
Number of warning types:
9 string length \`???' is greater than the length \`???' ISO C89 compilers are required to support
3 old-style parameter declaration
1 operand 1 missing mode?