This is the mail archive of the
gcc-testresults@gcc.gnu.org
mailing list for the GCC project.
Results for 3.4.0 20040305 (prerelease) testsuite on powerpc64-unknown-linux-gnu
- From: Janis Johnson <janis187 at us dot ibm dot com>
- To: gcc-testresults at gcc dot gnu dot org
- Date: Fri, 5 Mar 2004 10:44:47 -0800
- Subject: Results for 3.4.0 20040305 (prerelease) testsuite on powerpc64-unknown-linux-gnu
LAST_UPDATED: Fri Mar 5 16:56:06 UTC 2004
Target is powerpc64-unknown-linux-gnu
Host is powerpc-unknown-linux-gnu
=== g77 tests ===
Running target unix
WARNING: Assuming target board is the local machine (which is probably wrong).
=== g77 Summary ===
# of expected passes 1797
# of unsupported tests 7
/home/janis/build/cross-3.4-0304/build-gcc/gcc/testsuite/../g77 version 3.4.0 20040305 (prerelease)
Host is powerpc-unknown-linux-gnu
=== gcc tests ===
Running target unix
WARNING: Assuming target board is the local machine (which is probably wrong).
FAIL: gcc.c-torture/execute/20030125-1.c execution, -O1
FAIL: gcc.c-torture/execute/20030125-1.c execution, -O2
FAIL: gcc.c-torture/execute/20030125-1.c execution, -O3 -fomit-frame-pointer
FAIL: gcc.c-torture/execute/20030125-1.c execution, -O3 -g
FAIL: gcc.c-torture/execute/20030125-1.c execution, -Os
FAIL: gcc.dg/compat/scalar-by-value-3 c_compat_x_tst.o-c_compat_y_tst.o execute
FAIL: gcc.dg/compat/scalar-return-3 c_compat_x_tst.o-c_compat_y_tst.o execute
FAIL: gcc.dg/compat/vector-1 c_compat_x_tst.o compile
FAIL: gcc.dg/compat/vector-1 c_compat_y_tst.o compile
UNRESOLVED: gcc.dg/compat/vector-1 c_compat_x_tst.o-c_compat_y_tst.o link
UNRESOLVED: gcc.dg/compat/vector-1 c_compat_x_tst.o-c_compat_y_tst.o execute
FAIL: gcc.dg/compat/vector-2 c_compat_x_tst.o compile
FAIL: gcc.dg/compat/vector-2 c_compat_y_tst.o compile
UNRESOLVED: gcc.dg/compat/vector-2 c_compat_x_tst.o-c_compat_y_tst.o link
UNRESOLVED: gcc.dg/compat/vector-2 c_compat_x_tst.o-c_compat_y_tst.o execute
FAIL: gcc.dg/builtins-18.c (test for excess errors)
FAIL: gcc.dg/builtins-20.c (test for excess errors)
FAIL: gcc.dg/complex-1.c execution test
FAIL: gcc.dg/const-elim-1.c scan-assembler-not L\\\\\$?C[^A-Z]
FAIL: gcc.dg/funcorder.c scan-assembler-not link_error
=== gcc Summary ===
# of expected passes 24080
# of unexpected failures 16
# of expected failures 69
# of unresolved testcases 4
# of untested testcases 7
# of unsupported tests 310
/home/janis/build/cross-3.4-0304/build-gcc/gcc/xgcc version 3.4.0 20040305 (prerelease)
Host is powerpc-unknown-linux-gnu
=== g++ tests ===
Running target unix
WARNING: Assuming target board is the local machine (which is probably wrong).
WARNING: g++.old-deja/g++.mike/p10769a.C compilation failed to produce executable
WARNING: g++.old-deja/g++.other/enum5.C compilation failed to produce executable
XPASS: g++.old-deja/g++.other/init5.C execution test
WARNING: g++.old-deja/g++.pt/friend44.C compilation failed to produce executable
=== g++ Summary ===
# of expected passes 9442
# of unexpected successes 1
# of expected failures 64
# of unsupported tests 78
/home/janis/build/cross-3.4-0304/build-gcc/gcc/testsuite/../g++ version 3.4.0 20040305 (prerelease)
Host is powerpc-unknown-linux-gnu
=== objc tests ===
Running target unix
WARNING: Assuming target board is the local machine (which is probably wrong).
=== objc Summary ===
# of expected passes 1341
# of unsupported tests 8
/home/janis/build/cross-3.4-0304/build-gcc/gcc/xgcc version 3.4.0 20040305 (prerelease)
Host is powerpc64-unknown-linux-gnu
=== libffi tests ===
Running target unix
WARNING: Assuming target board is the local machine (which is probably wrong).
FAIL: libffi.call/cls_align_pointer.c output pattern test, is 12 -13072 1 0 3 0: 12 -13069 1
=== libffi Summary ===
# of expected passes 211
# of unexpected failures 1
# of unsupported tests 2
Host is powerpc64-unknown-linux-gnu
=== libjava tests ===
Running target unix
WARNING: Assuming target board is the local machine (which is probably wrong).
FAIL: linking simple
FAIL: Array_3 execution - source compiled test
FAIL: Array_3 execution - bytecode->native test
FAIL: Array_3 -O3 execution - source compiled test
FAIL: Array_3 -O3 execution - bytecode->native test
FAIL: Invoke_1 execution - source compiled test
FAIL: Invoke_1 execution - bytecode->native test
FAIL: Invoke_1 -O3 execution - source compiled test
FAIL: Invoke_1 -O3 execution - bytecode->native test
FAIL: PR218 execution - source compiled test
FAIL: PR218 execution - bytecode->native test
FAIL: PR218 -O3 execution - source compiled test
FAIL: PR218 -O3 execution - bytecode->native test
FAIL: Throw_2 execution - source compiled test
FAIL: Throw_2 execution - bytecode->native test
FAIL: Throw_2 -O3 execution - source compiled test
FAIL: Throw_2 -O3 execution - bytecode->native test
=== libjava Summary ===
# of expected passes 2552
# of unexpected failures 17
# of expected failures 11
# of untested testcases 26
Host is powerpc64-unknown-linux-gnu
=== libstdc++ tests ===
Running target unix
WARNING: Assuming target board is the local machine (which is probably wrong).
XPASS: 26_numerics/c99_classification_macros_c.cc (test for excess errors)
XPASS: 27_io/fpos/14320-1.cc execution test
=== libstdc++ Summary ===
# of expected passes 2565
# of unexpected successes 2
# of expected failures 4
Compiler version: 3.4.0 20040305 (prerelease)
Platform: powerpc64-unknown-linux-gnu
configure flags: --target=powerpc64-linux --build=powerpc-linux --host=powerpc-linux --prefix=/home/janis/tools/cross-20040305 --with-gxx-include-dir=/home/janis/tools/cross-20040305/usr/include/g++ --with-as=/home/janis/tools/cross-20040305/powerpc64-linux/bin/as --with-ld=/home/janis/tools/cross-20040305/powerpc64-linux/bin/ld --with-sysroot=/home/janis/tools/cross-sysroot --disable-multilib --enable-threads=posix --enable-__cxa_atexit --enable-languages=c,c++,f77,java,objc --enable-shared