This is the mail archive of the
gcc-testresults@gcc.gnu.org
mailing list for the GCC project.
Results for 3.3.4 20040301 (prerelease) testsuite on i686-pc-cygwin
- From: Christian Joensson <christian at j-son dot org>
- To: gcc-testresults at gcc dot gnu dot org
- Date: Mon, 1 Mar 2004 17:20:35 +0100
- Subject: Results for 3.3.4 20040301 (prerelease) testsuite on i686-pc-cygwin
Windows XP/Pro SP1 cygwin P4 system with these packages:
binutils 20030901-1 2.14.90 20030901
bison 20030307-1 1.875b
cygwin 1.5.7-1
dejagnu 20021217-2 1.4.2.x
gawk 3.1.3-4
gcc 3.3.1-3
w32api 2.5-1
LAST_UPDATED: Mon Mar 1 09:48:45 UTC 2004
Native configuration is i686-pc-cygwin
=== g++ tests ===
Running target unix
FAIL: g++.dg/abi/bitfield3.C execution test
FAIL: g++.dg/ext/instantiate3.C scan-assembler-not
FAIL: g++.dg/opt/vt1.C scan-assembler-not section[^
FAIL: g++.dg/special/initp1.C execution test
FAIL: g++.eh/badalloc1.C Execution test
XPASS: g++.ext/attrib5.C Execution test
XPASS: g++.jason/template18.C Execution test
FAIL: g++.pt/instantiate6.C (test for excess errors)
FAIL: g++.pt/repo2.C (test for excess errors)
=== g++ Summary ===
# of expected passes 8231
# of unexpected failures 7
# of unexpected successes 2
# of expected failures 94
# of untested testcases 15
# of unsupported tests 4
/usr/local/src/branch/objdir/gcc/testsuite/../g++ version 3.3.4 20040301 (prerelease)
=== g77 tests ===
Running target unix
=== g77 Summary ===
# of expected passes 1736
/usr/local/src/branch/objdir/gcc/testsuite/../g77 version 3.3.4 20040301 (prerelease)
=== gcc tests ===
Running target unix
FAIL: gcc.c-torture/execute/20010904-1.c execution, -O0
FAIL: gcc.c-torture/execute/20010904-1.c execution, -O1
FAIL: gcc.c-torture/execute/20010904-1.c execution, -O2
FAIL: gcc.c-torture/execute/20010904-1.c execution, -O3 -fomit-frame-pointer
FAIL: gcc.c-torture/execute/20010904-1.c execution, -O3 -g
FAIL: gcc.c-torture/execute/20010904-1.c execution, -Os
FAIL: gcc.c-torture/execute/20010904-2.c execution, -O0
FAIL: gcc.c-torture/execute/20010904-2.c execution, -O1
FAIL: gcc.c-torture/execute/20010904-2.c execution, -O2
FAIL: gcc.c-torture/execute/20010904-2.c execution, -O3 -fomit-frame-pointer
FAIL: gcc.c-torture/execute/20010904-2.c execution, -O3 -g
FAIL: gcc.c-torture/execute/20010904-2.c execution, -Os
FAIL: gcc.dg/20021014-1.c (test for excess errors)
WARNING: gcc.dg/20021014-1.c compilation failed to produce executable
FAIL: gcc.dg/duff-2.c (test for excess errors)
FAIL: gcc.dg/i386-bitfield1.c execution test
=== gcc Summary ===
# of expected passes 21621
# of unexpected failures 15
# of expected failures 68
# of unsupported tests 107
/usr/local/src/branch/objdir/gcc/xgcc version 3.3.4 20040301 (prerelease)
=== objc tests ===
Running target unix
=== objc Summary ===
# of expected passes 1166
/usr/local/src/branch/objdir/gcc/xgcc version 3.3.4 20040301 (prerelease)
=== libstdc++-v3 tests ===
Running target unix
FAIL: 26_numerics/c99_classification_macros_c.cc (test for excess errors)
FAIL: 27_io/filebuf_members.cc execution test
FAIL: 27_io/filebuf_virtuals.cc execution test
FAIL: 27_io/istream_extractor_arith/12.cc execution test
=== libstdc++-v3 Summary ===
# of expected passes 426
# of unexpected failures 4
# of expected failures 17
Compiler version: 3.3.4 20040301 (prerelease)
Platform: i686-pc-cygwin
configure flags: --host=i686-pc-cygwin
Counting all warnings,
there are 107 warnings in stage0 of this bootstrap.
Number of warnings per file:
60 cc1plus
10 libiberty/regex.c
6 fastjar/jartool.c
4 libiberty/getopt.c
3 libf2c/libI77/rsne.c
3 libf2c/libI77/inquire.c
3 include/xregex2.h
2 libtool
2 libobjc/linking.m
2 libiberty/strsignal.c
2 libiberty/sigsetmask.c
2 libf2c/libI77/open.c
2 Makefile
1 runtime-info.h
1 libobjc/encoding.c
1 libobjc/Protocol.m
1 libobjc/Object.m
1 libmath/mathconf.h
1 gcc/gthr-single.h
Number of warning types:
60 -ffunction-sections may affect debugging on some targets
8 signed and unsigned type in conditional expression
7 unused parameter \`???'
4 pointer targets in passing arg ??? of \`???' differ in signedness
4 dereferencing type-punned pointer will break strict-aliasing rules
4 comparison between signed and unsigned
4 \`???' might be used uninitialized in this function
3 ISO C90 does not support \`static' or type qualifiers in parameter array declarators
2 undefined symbols not allowed in i686-pc-cygwin shared libraries
2 traditional C rejects ISO C style function definitions
2 string length \`???' is greater than the length \`???' ISO C89 compilers are required to support
2 \`???' defined but not used
1 unused variable \`???'
1 overriding commands for target \`???'
1 implicit declaration of function \`???'
1 ignoring old commands for target \`???'
1 conflicting types for built-in function \`???'
Counting all warnings,
there are 41 warnings in stage3 of this bootstrap.
Number of warnings per file:
9 gcc/gcc.c
5 op3884.c
5 c-p1244.c
4 gengtype-yacc.c
3 gcc/unwind-sjlj.c
2 insn-conditions.c
2 gcc/unwind-pe.h
2 gcc/f/sta.c
2 gcc/cp/lang-specs.h
1 gcc/varasm.c
1 gcc/sdbout.c
1 gcc/objc/lang-specs.h
1 gcc/java/jvspec.c
1 gcc/function.c
1 gcc/emit-rtl.c
1 gcc/cp/init.c
Number of warning types:
14 traditional C rejects ISO C style function definitions
9 string length \`???' is greater than the length \`???' ISO C89 compilers are required to support
4 traditional C rejects string concatenation
2 unused parameter \`???'
2 dereferencing type-punned pointer will break strict-aliasing rules
2 assignment of read-only location
2 \`???' defined but not used
1 unused variable \`???'
1 signed and unsigned type in conditional expression
1 return makes integer from pointer without a cast
1 implicit declaration of function \`???'
1 comparison between signed and unsigned
1 assignment discards qualifiers from pointer target type