This is the mail archive of the gcc-testresults@gcc.gnu.org mailing list for the GCC project.


Index Nav: [Date Index] [Subject Index] [Author Index] [Thread Index]
Message Nav: [Date Prev] [Date Next] [Thread Prev] [Thread Next]
Other format: [Raw text]

Results for 3.3.3 testsuite on i686-pc-linux-gnu


LAST_UPDATED: 
Native configuration is i686-pc-linux-gnu

		=== g77 tests ===


Running target unix

		=== g77 Summary ===

# of expected passes		1736
/data/home/rol/install/gcc-3.3.3-build/gcc/testsuite/../g77 version 3.3.3

		=== gcc tests ===


Running target unix
FAIL: gcc.dg/duff-2.c (test for excess errors)
FAIL: gcc.dg/format/c99-scanf-1.c %hhd sign (test for warnings, line 143)
FAIL: gcc.dg/format/c99-scanf-1.c %hhu sign (test for warnings, line 144)
FAIL: gcc.dg/format/c99-scanf-1.c (test for excess errors)
FAIL: gcc.dg/format/ext-1.c printf_unlocked (test for warnings, line 125)
FAIL: gcc.dg/format/ext-1.c (test for excess errors)

		=== gcc Summary ===

# of expected passes		21739
# of unexpected failures	6
# of expected failures		69
# of unsupported tests		100
/data/home/rol/install/gcc-3.3.3-build/gcc/xgcc version 3.3.3

		=== g++ tests ===


Running target unix

		=== g++ Summary ===

# of expected passes		8220
# of expected failures		94
# of untested testcases		9
# of unsupported tests		15
/data/home/rol/install/gcc-3.3.3-build/gcc/testsuite/../g++ version 3.3.3

		=== objc tests ===


Running target unix

		=== objc Summary ===

# of expected passes		1166
/data/home/rol/install/gcc-3.3.3-build/gcc/xgcc version 3.3.3

		=== libjava tests ===


Running target unix
WARNING: program timed out.
FAIL: SyncTest execution - gij test
WARNING: program timed out.
FAIL: SyncTest execution - gij test

		=== libjava Summary ===

# of expected passes		2987
# of unexpected failures	2
# of expected failures		16
# of untested testcases		14

		=== libstdc++-v3 check-abi Summary ===

# of added symbols:		 46
# of missing symbols:		 46
# of incompatible symbols:	 92
		=== libstdc++-v3 tests ===


Running target unix
FAIL: 22_locale/ctype_scan_wchar_t.cc execution test

		=== libstdc++-v3 Summary ===

# of expected passes		452
# of unexpected failures	1
# of expected failures		28

Compiler version: 3.3.3 
Platform: i686-pc-linux-gnu
configure flags: --host=i686-pc-linux-gnu --prefix=/usr --program-suffix=-3.3.3 --enable-threads


Index Nav: [Date Index] [Subject Index] [Author Index] [Thread Index]
Message Nav: [Date Prev] [Date Next] [Thread Prev] [Thread Next]