This is the mail archive of the gcc-testresults@gcc.gnu.org mailing list for the GCC project.


Index Nav: [Date Index] [Subject Index] [Author Index] [Thread Index]
Message Nav: [Date Prev] [Date Next] [Thread Prev] [Thread Next]
Other format: [Raw text]

Results for 3.5.0 20040226 (experimental) testsuite on i686-pc-linux-gnu


LAST_UPDATED: Thu Feb 26 05:01:51 UTC 2004

Native configuration is i686-pc-linux-gnu

		=== g++ tests ===


Running target unix
FAIL: g++.dg/ext/attrib10.C (test for excess errors)
WARNING: g++.old-deja/g++.mike/p10769a.C compilation failed to produce executable
WARNING: g++.old-deja/g++.other/enum5.C compilation failed to produce executable
XPASS: g++.old-deja/g++.other/init5.C execution test
WARNING: g++.old-deja/g++.pt/friend44.C compilation failed to produce executable

		=== g++ Summary ===

# of expected passes		9628
# of unexpected failures	1
# of unexpected successes	1
# of expected failures		78
# of unsupported tests		32
/home/gates/pinskia/src/gnu/gcc/src/objdir.linux/gcc/testsuite/../g++ version 3.5.0 20040226 (experimental)

		=== g77 tests ===


Running target unix

		=== g77 Summary ===

# of expected passes		1800
/home/gates/pinskia/src/gnu/gcc/src/objdir.linux/gcc/testsuite/../g77 version 3.5.0 20040226 (experimental)

		=== gcc tests ===


Running target unix
FAIL: gcc.c-torture/execute/va-arg-25.c execution,  -Os 
FAIL: gcc.c-torture/execute/ieee/20040208-2.c execution,  -Os 
FAIL: gcc.c-torture/execute/ieee/20040208-2.c execution,  -Os 
FAIL: gcc.dg/20000724-1.c (test for excess errors)
WARNING: gcc.dg/20000724-1.c compilation failed to produce executable
FAIL: gcc.dg/991214-1.c (test for excess errors)
FAIL: gcc.dg/i386-asm-1.c (test for excess errors)
WARNING: gcc.dg/i386-asm-1.c compilation failed to produce executable

		=== gcc Summary ===

# of expected passes		25473
# of unexpected failures	6
# of expected failures		63
# of untested testcases		7
# of unsupported tests		183
/home/gates/pinskia/src/gnu/gcc/src/objdir.linux/gcc/xgcc version 3.5.0 20040226 (experimental)

		=== objc tests ===


Running target unix

		=== objc Summary ===

# of expected passes		1341
# of unsupported tests		8
/home/gates/pinskia/src/gnu/gcc/src/objdir.linux/gcc/xgcc version 3.5.0 20040226 (experimental)

		=== libffi tests ===


Running target unix

		=== libffi Summary ===

# of expected passes		212
# of unsupported tests		2
		=== libjava tests ===


Running target unix
FAIL: linking simple

		=== libjava Summary ===

# of expected passes		3306
# of unexpected failures	1
# of expected failures		15
# of untested testcases		16

		=== libstdc++-v3 check-abi Summary ===

# of added symbols:		 323
# of missing symbols:		 315
# of incompatible symbols:	 350
		=== libstdc++ tests ===


Running target unix
XPASS: 26_numerics/c99_classification_macros_c.cc (test for excess errors)

		=== libstdc++ Summary ===

# of expected passes		2568
# of unexpected successes	1
# of expected failures		2

Compiler version: 3.5.0 20040226 (experimental) 
Platform: i686-pc-linux-gnu
configure flags: --target=i686-pc-linux-gnu --host=i686-pc-linux-gnu --enable-__cxa_atexit --enable-languages=java,objc,f77 --prefix=/home/gates/pinskia/linux --enable-threads=posix --enable-shared


Index Nav: [Date Index] [Subject Index] [Author Index] [Thread Index]
Message Nav: [Date Prev] [Date Next] [Thread Prev] [Thread Next]