This is the mail archive of the gcc-testresults@gcc.gnu.org mailing list for the GCC project.


Index Nav: [Date Index] [Subject Index] [Author Index] [Thread Index]
Message Nav: [Date Prev] [Date Next] [Thread Prev] [Thread Next]
Other format: [Raw text]

Results for 3.3.3 testsuite on i686-pc-linux-gnu


tail: ../gcc-3.3.3/LAST_UPDATED: No such file or directory
LAST_UPDATED:
Native configuration is i686-pc-linux-gnu

=== gcc tests ===


Running target unix FAIL: gcc.dg/duff-2.c (test for excess errors)

=== gcc Summary ===

# of expected passes            21301
# of unexpected failures        1
# of expected failures          69
# of unsupported tests          100
/home/dave/gcc/gcc-build/gcc/xgcc version 3.3.3

=== g++ tests ===


Running target unix XPASS: g++.other/init5.C Execution test

=== g++ Summary ===

# of expected passes            8220
# of unexpected successes       1
# of expected failures          93
# of untested testcases         9
# of unsupported tests          15
/home/dave/gcc/gcc-build/gcc/testsuite/../g++ version 3.3.3

=== g77 tests ===


Running target unix


=== g77 Summary ===

# of expected passes            1736
/home/dave/gcc/gcc-build/gcc/testsuite/../g77 version 3.3.3

=== objc tests ===


Running target unix


=== objc Summary ===

# of expected passes            1166
/home/dave/gcc/gcc-build/gcc/xgcc version 3.3.3

=== libjava tests ===


Running target unix WARNING: program timed out. FAIL: SyncTest execution - gij test WARNING: program timed out. FAIL: SyncTest execution - gij test

=== libjava Summary ===

# of expected passes            2987
# of unexpected failures        2
# of expected failures          16
# of untested testcases         14

=== libstdc++-v3 check-abi Summary ===

# of added symbols:              46
# of missing symbols:            46
# of incompatible symbols:       92
                === libstdc++-v3 tests ===


Running target unix FAIL: 22_locale/ctype_scan_wchar_t.cc execution test WARNING: program timed out. FAIL: 27_io/filebuf_members.cc execution test

=== libstdc++-v3 Summary ===

# of expected passes            451
# of unexpected failures        2
# of expected failures          28

Compiler version: 3.3.3
Platform: i686-pc-linux-gnu
configure flags: --host=i686-pc-linux-gnu --prefix=/home/dave/local/gcc-3.3.3 --enable-shared --enable-threads=posix --disable-checking --enable-long-long --enable-__cxa_atexit --enable-languages=c,c++,ada,f77,objc,java,pascal --with-system-zlib


--
David Kredba  <kredba at ibot.cas.cz>
GPG: ID 1024/BB7FB39D
Fingerprint: F0B3312596BEDCF91DFB 0699E06AACD75B6B02DE


Index Nav: [Date Index] [Subject Index] [Author Index] [Thread Index]
Message Nav: [Date Prev] [Date Next] [Thread Prev] [Thread Next]