This is the mail archive of the gcc-testresults@gcc.gnu.org mailing list for the GCC project.


Index Nav: [Date Index] [Subject Index] [Author Index] [Thread Index]
Message Nav: [Date Prev] [Date Next] [Thread Prev] [Thread Next]
Other format: [Raw text]

Results for 3.3.3 testsuite on sparc-sun-solaris2.9


PATH=/usr/xpg4/bin:/usr/bin:/bin:/usr/X11R6/bin:/usr/openwin/bin:/usr/sbin:/usr/ccs/bin:/usr/local/gcc/bin:/usr/local/bin

LDFLAGS="-L/usr/local/lib -R/usr/local/lib" \\
    ../gcc-3.3.3/configure --with--system-zlib

After running configure modify gcc-3.3.3-obj/gcc/Makefile line:
    LIBS = -L/usr/local/lib -R/usr/local/lib \$(INTLLIBS)  \$(LIBIBERTY)
Adding the /usr/local/lib paths.

gmake bootstrap

LD_LIBRARY_PATH=/usr/local/lib gmake -k check

../gcc-3.3.3/contrib/test_summary -p ../NOTES -m \\
    gcc-testresults@gcc.gnu.org | sh
LAST_UPDATED: 
Native configuration is sparc-sun-solaris2.9

		=== g++ tests ===


Running target unix
ERROR: g++.dg/abi/rtti1.C: error executing dg-final: couldn't execute "c++filt": no such file or directory
UNRESOLVED: g++.dg/abi/rtti1.C: error executing dg-final: couldn't execute "c++filt": no such file or directory

		=== g++ Summary ===

# of expected passes		8147
# of expected failures		97
# of unresolved testcases	1
# of untested testcases		21
# of unsupported tests		28
/space/gnu/dev/gcc/gcc-3.3.3-obj/gcc/testsuite/../g++ version 3.3.3

		=== g77 tests ===


Running target unix

		=== g77 Summary ===

# of expected passes		1720
# of unsupported tests		8
/space/gnu/dev/gcc/gcc-3.3.3-obj/gcc/testsuite/../g77 version 3.3.3

		=== gcc tests ===


Running target unix
WARNING: gcc.dg/20021014-1.c compilation failed to produce executable
FAIL: gcc.dg/duff-2.c (test for excess errors)

		=== gcc Summary ===

# of expected passes		21484
# of unexpected failures	1
# of expected failures		67
# of unsupported tests		183
/space/gnu/dev/gcc/gcc-3.3.3-obj/gcc/xgcc version 3.3.3

		=== objc tests ===


Running target unix

		=== objc Summary ===

# of expected passes		1166
/space/gnu/dev/gcc/gcc-3.3.3-obj/gcc/xgcc version 3.3.3

		=== libjava tests ===


Running target unix
FAIL: PR1343 compilation from bytecode
FAIL: PR1343 -O compilation from bytecode
FAIL: PR238 compilation from bytecode
FAIL: PR238 -O compilation from bytecode
FAIL: PR295 compilation from bytecode
FAIL: PR295 -O compilation from bytecode
FAIL: SuperConstr compilation from bytecode
FAIL: SuperConstr -O compilation from bytecode
FAIL: XercesBug compilation from bytecode
FAIL: XercesBug -O compilation from bytecode
FAIL: inner_1 compilation from bytecode
FAIL: inner_1 -O compilation from bytecode
FAIL: inner_data compilation from bytecode
FAIL: inner_data -O compilation from bytecode
FAIL: inner_inherit compilation from bytecode
FAIL: inner_inherit -O compilation from bytecode
FAIL: inner_priv compilation from bytecode
FAIL: inner_priv -O compilation from bytecode
FAIL: inner_pub compilation from bytecode
FAIL: inner_pub -O compilation from bytecode
FAIL: not_a_redef compilation from bytecode
FAIL: not_a_redef -O compilation from bytecode
FAIL: pr172 compilation from bytecode
FAIL: pr172 -O compilation from bytecode
FAIL: pr174 compilation from bytecode
FAIL: pr174 -O compilation from bytecode
FAIL: pr176 compilation from bytecode
FAIL: pr176 -O compilation from bytecode
FAIL: static_2 compilation from bytecode
FAIL: static_2 -O compilation from bytecode
FAIL: static_3 compilation from bytecode
FAIL: static_3 -O compilation from bytecode
FAIL: static_inner compilation from bytecode
FAIL: static_inner -O compilation from bytecode
FAIL: Array_3 execution - gij test
FAIL: Array_3 execution - gij test
FAIL: FileHandleGcTest execution - source compiled test
FAIL: FileHandleGcTest execution - bytecode->native test
FAIL: FileHandleGcTest -O execution - source compiled test
FAIL: FileHandleGcTest -O execution - bytecode->native test
WARNING: program timed out.
FAIL: SyncTest execution - gij test
WARNING: program timed out.
FAIL: SyncTest execution - bytecode->native test
WARNING: program timed out.
FAIL: SyncTest execution - gij test
WARNING: program timed out.
FAIL: SyncTest -O execution - bytecode->native test
FAIL: Thread_Join execution - gij test
FAIL: Thread_Join execution - gij test
FAIL: Throw_2 execution - source compiled test
FAIL: Throw_2 execution - gij test
FAIL: Throw_2 execution - bytecode->native test
FAIL: Throw_2 -O execution - source compiled test
FAIL: Throw_2 execution - gij test
FAIL: Throw_2 -O execution - bytecode->native test

		=== libjava Summary ===

# of expected passes		2921
# of unexpected failures	52
# of expected failures		16
# of untested testcases		30
		=== libstdc++-v3 tests ===


Running target unix

		=== libstdc++-v3 Summary ===

# of expected passes		429
# of expected failures		18

Compiler version: 3.3.3 
Platform: sparc-sun-solaris2.9
configure flags: --host=sparc-sun-solaris2.9 --with-system-zlib


Index Nav: [Date Index] [Subject Index] [Author Index] [Thread Index]
Message Nav: [Date Prev] [Date Next] [Thread Prev] [Thread Next]