This is the mail archive of the gcc-testresults@gcc.gnu.org mailing list for the GCC project.


Index Nav: [Date Index] [Subject Index] [Author Index] [Thread Index]
Message Nav: [Date Prev] [Date Next] [Thread Prev] [Thread Next]
Other format: [Raw text]

Results for 3.3.3 (Debian) testsuite on m68k-unknown-linux-gnu


LAST_UPDATED: 
Native configuration is m68k-unknown-linux-gnu

		=== g77 tests ===


Running target unix

		=== g77 Summary ===

# of expected passes		1720
# of unsupported tests		8
/build/buildd/gcc-3.3-3.3.3ds5/build/gcc/testsuite/../g77 version 3.3.3 (Debian)

		=== gcc tests ===


Running target unix
WARNING: program timed out.
FAIL: gcc.c-torture/compile/20001226-1.c,  -O1  
WARNING: program timed out.
FAIL: gcc.c-torture/compile/20001226-1.c,  -O2  
WARNING: program timed out.
FAIL: gcc.c-torture/compile/20001226-1.c,  -O3 -fomit-frame-pointer  
WARNING: program timed out.
FAIL: gcc.c-torture/compile/20001226-1.c,  -O3 -g  
WARNING: program timed out.
FAIL: gcc.c-torture/compile/20001226-1.c,  -Os  
FAIL: gcc.c-torture/execute/20020418-1.c execution,  -O2 
FAIL: gcc.c-torture/execute/20020418-1.c execution,  -Os 
FAIL: gcc.c-torture/execute/loop-2f.c execution,  -O0 
FAIL: gcc.c-torture/execute/loop-2f.c execution,  -O1 
FAIL: gcc.c-torture/execute/loop-2f.c execution,  -O2 
FAIL: gcc.c-torture/execute/loop-2f.c execution,  -O3 -fomit-frame-pointer 
FAIL: gcc.c-torture/execute/loop-2f.c execution,  -O3 -fomit-frame-pointer -funroll-loops 
FAIL: gcc.c-torture/execute/loop-2f.c execution,  -O3 -fomit-frame-pointer -funroll-all-loops -finline-functions 
FAIL: gcc.c-torture/execute/loop-2f.c execution,  -O3 -g 
FAIL: gcc.c-torture/execute/loop-2f.c execution,  -Os 
FAIL: gcc.c-torture/execute/loop-2g.c execution,  -O0 
FAIL: gcc.c-torture/execute/loop-2g.c execution,  -O1 
FAIL: gcc.c-torture/execute/loop-2g.c execution,  -O2 
FAIL: gcc.c-torture/execute/loop-2g.c execution,  -O3 -fomit-frame-pointer 
FAIL: gcc.c-torture/execute/loop-2g.c execution,  -O3 -fomit-frame-pointer -funroll-loops 
FAIL: gcc.c-torture/execute/loop-2g.c execution,  -O3 -fomit-frame-pointer -funroll-all-loops -finline-functions 
FAIL: gcc.c-torture/execute/loop-2g.c execution,  -O3 -g 
FAIL: gcc.c-torture/execute/loop-2g.c execution,  -Os 
FAIL: gcc.c-torture/execute/string-opt-10.c execution,  -O0 
FAIL: gcc.c-torture/execute/string-opt-10.c execution,  -O1 
FAIL: gcc.c-torture/execute/string-opt-10.c execution,  -O2 
FAIL: gcc.c-torture/execute/string-opt-10.c execution,  -O3 -fomit-frame-pointer 
FAIL: gcc.c-torture/execute/string-opt-10.c execution,  -O3 -g 
FAIL: gcc.c-torture/execute/string-opt-10.c execution,  -Os 
FAIL: gcc.c-torture/execute/string-opt-17.c execution,  -O1 
FAIL: gcc.c-torture/execute/string-opt-17.c execution,  -O2 
FAIL: gcc.c-torture/execute/string-opt-17.c execution,  -O3 -fomit-frame-pointer 
FAIL: gcc.c-torture/execute/string-opt-17.c execution,  -O3 -g 
FAIL: gcc.c-torture/execute/string-opt-17.c execution,  -Os 
FAIL: gcc.c-torture/execute/string-opt-9.c execution,  -O0 
FAIL: gcc.c-torture/execute/string-opt-9.c execution,  -O1 
FAIL: gcc.c-torture/execute/string-opt-9.c execution,  -O2 
FAIL: gcc.c-torture/execute/string-opt-9.c execution,  -O3 -fomit-frame-pointer 
FAIL: gcc.c-torture/execute/string-opt-9.c execution,  -O3 -g 
FAIL: gcc.c-torture/execute/string-opt-9.c execution,  -Os 
FAIL: gcc.dg/20020312-2.c (test for excess errors)
WARNING: gcc.dg/20020312-2.c compilation failed to produce executable
FAIL: gcc.dg/bitfld-3.c execution test
FAIL: gcc.dg/bitfld-4.c execution test
XPASS: gcc.dg/c99-flex-array-4.c sizeof != offsetof (test for bogus messages, line 24)
WARNING: program timed out.
FAIL: gcc.dg/c99-intconst-1.c (test for excess errors)
FAIL: gcc.dg/duff-2.c (test for excess errors)
FAIL: gcc.dg/pack-test-1.c (test for excess errors)
FAIL: gcc.dg/uninit-A.c uninitialized variable warning (test for bogus messages, line 52)
FAIL: gcc.dg/uninit-A.c uninitialized variable warning (test for bogus messages, line 53)
FAIL: gcc.dg/weak/typeof-2.c scan-assembler baz3.*baz3.*baz3.*baz3.*baz3.*baz3

		=== gcc Summary ===

# of expected passes		20974
# of unexpected failures	49
# of unexpected successes	1
# of expected failures		68
# of unsupported tests		194
/build/buildd/gcc-3.3-3.3.3ds5/build/gcc/xgcc version 3.3.3 (Debian)

		=== g++ tests ===


Running target unix
FAIL: g++.dg/abi/bitfield4.C execution test
FAIL: g++.dg/abi/empty6.C  (test for warnings, line 6)
WARNING: program timed out.
FAIL: g++.dg/eh/cleanup1.C (test for excess errors)
FAIL: g++.eh/spec3.C  Execution test
FAIL: g++.eh/spec4.C  Execution test
XPASS: g++.other/init5.C  Execution test

		=== g++ Summary ===

# of expected passes		8140
# of unexpected failures	5
# of unexpected successes	1
# of expected failures		93
# of untested testcases		23
# of unsupported tests		30
/build/buildd/gcc-3.3-3.3.3ds5/build/gcc/testsuite/../g++ version 3.3.3 (Debian)

		=== objc tests ===


Running target unix

		=== objc Summary ===

# of expected passes		1166
/build/buildd/gcc-3.3-3.3.3ds5/build/gcc/xgcc version 3.3.3 (Debian)

		=== treelang tests ===


Running target unix

		=== treelang Summary ===

# of expected passes		1
		=== libjava tests ===


Running target unix
WARNING: program timed out.
FAIL: SyncTest execution - bytecode->native test
WARNING: program timed out.
FAIL: SyncTest -O execution - bytecode->native test
FAIL: TestProxy execution - source compiled test
FAIL: TestProxy execution - bytecode->native test
FAIL: TestProxy -O execution - source compiled test
FAIL: TestProxy -O execution - bytecode->native test
FAIL: initexc execution - source compiled test
FAIL: initexc execution - bytecode->native test
FAIL: initexc -O execution - source compiled test
FAIL: initexc -O execution - bytecode->native test
FAIL: invokethrow output - source compiled test
FAIL: invokethrow output - bytecode->native test
FAIL: invokethrow -O output - source compiled test
FAIL: invokethrow -O output - bytecode->native test
FAIL: /build/buildd/gcc-3.3-3.3.3ds5/build/m68k-linux/libjava/testsuite/TestEarlyGC.exe execution - /build/buildd/gcc-3.3-3.3.3ds5/build/m68k-linux/libjava/testsuite/TestEarlyGC.exe
FAIL: /build/buildd/gcc-3.3-3.3.3ds5/build/m68k-linux/libjava/testsuite/TestLeak.exe execution - /build/buildd/gcc-3.3-3.3.3ds5/build/m68k-linux/libjava/testsuite/TestLeak.exe
FAIL: /build/buildd/gcc-3.3-3.3.3ds5/build/m68k-linux/libjava/testsuite/TestMultiple.exe execution - /build/buildd/gcc-3.3-3.3.3ds5/build/m68k-linux/libjava/testsuite/TestMultiple.exe
FAIL: /build/buildd/gcc-3.3-3.3.3ds5/build/m68k-linux/libjava/testsuite/TestParent.exe execution - /build/buildd/gcc-3.3-3.3.3ds5/build/m68k-linux/libjava/testsuite/TestParent.exe

		=== libjava Summary ===

# of expected passes		2419
# of unexpected failures	18
# of expected failures		16
# of untested testcases		26
		=== libstdc++-v3 tests ===


Running target unix
XPASS: 22_locale/collate_byname.cc execution test
XPASS: 22_locale/collate_members_char.cc execution test
XPASS: 22_locale/collate_members_wchar_t.cc execution test
XPASS: 22_locale/ctype_is_char.cc execution test
XPASS: 22_locale/ctype_is_wchar_t.cc execution test
WARNING: program timed out.
FAIL: 22_locale/ctype_scan_wchar_t.cc (test for excess errors)
WARNING: 22_locale/ctype_scan_wchar_t.cc compilation failed to produce executable
XPASS: 22_locale/members.cc execution test
XPASS: 22_locale/messages_byname.cc execution test
XPASS: 22_locale/messages_members_char.cc execution test
XPASS: 22_locale/moneypunct_byname.cc execution test
XPASS: 22_locale/moneypunct_members_char.cc execution test
XPASS: 22_locale/moneypunct_members_wchar_t.cc execution test
WARNING: program timed out.
FAIL: 22_locale/num_put_members_char.cc (test for excess errors)
WARNING: 22_locale/num_put_members_char.cc compilation failed to produce executable
XPASS: 22_locale/numpunct_byname.cc execution test
XPASS: 22_locale/numpunct_members_char.cc execution test
XPASS: 22_locale/numpunct_members_wchar_t.cc execution test
WARNING: program timed out.
FAIL: 23_containers/deque_ctor.cc (test for excess errors)
WARNING: 23_containers/deque_ctor.cc compilation failed to produce executable
WARNING: program timed out.
FAIL: 26_numerics/complex_inserters_extractors.cc (test for excess errors)
WARNING: 26_numerics/complex_inserters_extractors.cc compilation failed to produce executable
WARNING: program timed out.
FAIL: 27_io/filebuf_members.cc execution test
FAIL: 27_io/ios_base_storage.cc execution test
WARNING: program timed out.
FAIL: 27_io/ostream_inserter_arith.cc (test for excess errors)
WARNING: 27_io/ostream_inserter_arith.cc compilation failed to produce executable
WARNING: program timed out.
FAIL: 27_io/ostream_inserter_char.cc (test for excess errors)
WARNING: 27_io/ostream_inserter_char.cc compilation failed to produce executable
WARNING: program timed out.
FAIL: thread/pthread2.cc execution test
WARNING: program timed out.
FAIL: thread/pthread3.cc execution test
WARNING: program timed out.
FAIL: thread/pthread6.cc execution test

		=== libstdc++-v3 Summary ===

# of expected passes		437
# of unexpected failures	11
# of unexpected successes	14
# of expected failures		13

Compiler version: 3.3.3 (Debian) 
Platform: m68k-unknown-linux-gnu
configure flags: --host=m68k-linux -v --enable-languages=c,c++,java,f77,pascal,objc,treelang --prefix=/usr --mandir=/usr/share/man --infodir=/usr/share/info --with-gxx-include-dir=/usr/include/c++/3.3 --enable-shared --with-system-zlib --enable-nls --without-included-gettext --enable-__cxa_atexit --enable-sjlj-exceptions --enable-clocale=gnu --enable-debug --enable-java-gc=boehm --enable-java-awt=xlib --enable-objc-gc
BOOT_CFLAGS=-g -O2 


Build Dependencies:
Desired=Unknown/Install/Remove/Purge/Hold
| Status=Not/Installed/Config-files/Unpacked/Failed-config/Half-installed
|/ Err?=(none)/Hold/Reinst-required/X=both-problems (Status,Err: uppercase=bad)
||/ Name           Version        Description
+++-==============-==============-============================================
ii  binutils       2.14.90.0.7-5  The GNU assembler, linker and binary utiliti
ii  libc6-dev      2.3.2.ds1-11   GNU C Library: Development Libraries and Hea


Patches that Debian applied in this version:

gcc-names:
  versioned gcc names

gcc-version:
  Add "(Debian)" to the gcc version string

libstdc++-pic:
  Build and install libstdc++_pic.a library.

libstdc++-doclink:
  link local libstdc++ documentation to local source-level documentation 

gccbug:
  Use sensible-editor instead of vi as fallback editor

libtool-rpath:
  2003-03-10  Andreas Schwab  <schwab at suse dot de>
  With the introduction of multi-os-directory the libdir specification in
  *.la files have /. appended to \$(libdir).  This confuses libtool when it
  tries to find out whether to add -rpath, because it only matches literally
  against sys_lib_dlsearch_path members.  Tested on i386-linux.

mips-branch-fix:
  Fix #207915 (PR11716).
  Make GCC think that the maximum length of a short branch is
  64K instead of 128K.  It's a big hammer, but it works.

test-summary:
  add libstdc++-v3's check summary to the test summary

gcj-names:
  versioned gcj info names

gcj-without-rpath:
  don't define runtime link path for java binaries and libraries

libffi-install:
  Allows libffi to be installed

libffi-no-debug:
  Do not build libffi with debug information, although configuring
  with --enable-debug

deb-protoize:
  build protoize/unprotoize by default

libobjc:
  Find gc.h header in /usr/include/gc for --enable-objc-gc enabled builds.

g77-names:
  versioned g77 names

treelang-names:
  Install treelang info pages under versioned name

gpc-20030830-patch-update:
  update the gpc diffs to recent gcc sources

gpc-3.x:
  The gpc patch from the gpc tarball.

gpc-names:
  versioned gpc names

gpc-only-update1:

gpc-only-update2:

gpc-only-update3:

gpc-only-update5:
  nonlocal goto patch for gpc

gpc-only-update7:
  correction to stabs+ debug info

gpc-update-makefile:

m68k-subreg:
  2003-04-07  Roman Zippel  <zippel@linux-m68k.org>
  
  * gcc/final.c (alter_subreg): Adjust stack offset for a paradoxical
  	SUBREG, when it's pushed on the stack.

m68k-update2:
  #177840 / PR9812
  
  2003-06-27  James E Wilson  <wilson@tuliptree.org>
  
  	* rtl.h (mem_for_const_double): Delete prototype.
  	* varasm.c (mem_for_const_double): Delete function.
  	* config/m68k/hp320.h, config/m68k/linux.h, config/m68k/m68kelf.h,
  	config/m68k/m68kv4.h, config/m68k/netbsd-elf.h
  	(LEGITIMATE_PIC_OPERAND_P): Delete duplicate definitions.
  	* config/m68k/m68k.h (LEGITIMATE_CONSTANT_P): Disallow XFmode.
  	(LEGITIMATE_PIC_OPERAND_P): Delete CONST_DOUBLE tests.
  	* config/m68k/m68k.md (movxf): Add reload_in_progress guard.  Add
  	comment about confused support for XFmode constants.

reporting:
  <compiler> --help gives hint to /usr/share/doc/debian/bug-reporting.txt

autoreconf:
  autoreconf several directories for proper mipsen libtool support

Counting all warnings,
there are 352 warnings in stage3 of this bootstrap.

Number of warnings per file:
    225 SYSCALLS.c
     49 parse.c
      6 gcc/config/m68k/m68k.md
      6 ./ffe.texi
      5 gcc/treelang/parse.c
      4 ./intdoc.texi
      4 gcc/p/statements.c
      4 gcc/p/lang-specs.h
      3 /usr/share/bison/bison.simple
      3 gcc/unwind-sjlj.c
      3 gcc/tlink.c
      3 gcc/reload1.c
      3 gcc/libgcc2.c
      3 gcc/config/m68k/m68k.c
      2 gcc/unwind-pe.h
      2 gcc/p/rts/endian.pas
      2 gcc/p/gpc.c
      2 gcc/objc/lang-specs.h
      2 gcc/gcc.c
      2 gcc/function.c
      2 gcc/f/sta.c
      2 gcc/emit-rtl.c
      2 gcc/crtstuff.c
      1 libiberty/choose-temp.c
      1 gcc/reload.c
      1 gcc/regmove.c
      1 gcc/ra-rewrite.c
      1 gcc/ra-colorize.c
      1 gcc/p/objects.c
      1 gcc/p/gpc-lex.c
      1 gcc/java/jvspec.c
      1 gcc/f/data.c
      1 gcc/expmed.c
      1 gcc/cp/init.c
      1 gcc/combine.c
      1 gcc/collect2.c

Number of warning types:
    224 function declaration isn't a prototype
     55 traditional C rejects ISO C style function definitions
      9 string length `???' is greater than the length `???' ISO C89 compilers are required to support
      9 comparison between signed and unsigned
      7 `???' might be used uninitialized in this function
      6 undefined flag: srcdir.
      4 source missing a mode?
      4 comparison of unsigned expression < 0 is always false
      3 label `???' defined but not used
      3 `???' defined but not used
      3 assignment makes pointer from integer without a cast
      2 unused parameter `???'
      2 unlikely character ) in @var.
      2 unlikely character ( in @var.
      2 traditional C rejects string concatenation
      2 statement with no effect
      2 signed and unsigned type in conditional expression
      2 passing arg ??? of `???' discards qualifiers from pointer target type
      2 operand 1 missing mode?
      2 implicit declaration of function `???'
      2 dereferencing type-punned pointer will break strict-aliasing rules
      2 conflicting types for built-in function `???'
      1 the use of `???' is dangerous, better use `???'
      1 return makes integer from pointer without a cast
      1 initialization makes pointer from integer without a cast


Index Nav: [Date Index] [Subject Index] [Author Index] [Thread Index]
Message Nav: [Date Prev] [Date Next] [Thread Prev] [Thread Next]