This is the mail archive of the gcc-testresults@gcc.gnu.org mailing list for the GCC project.


Index Nav: [Date Index] [Subject Index] [Author Index] [Thread Index]
Message Nav: [Date Prev] [Date Next] [Thread Prev] [Thread Next]
Other format: [Raw text]

Results for 3.4.0 20040224 (prerelease) testsuite on mips-sgi-irix6.5


This run on SGI Origin 300 cru300 running IRIX 6.5.22m

dejagnu version:
Expect version is	5.40.0
Tcl version is		8.4
Framework version is	1.4.4

Work around PR 14307
Patch http://gcc.gnu.org/ml/gcc-patches/2004-02/msg01512.html
to include/bits/locale_facets.tcc reverted

LAST_UPDATED: Tue Feb 24 12:09:50 GMT 2004

Native configuration is mips-sgi-irix6.5

		=== g++ tests ===


Running target unix
FAIL: g++.dg/pch/system-1.C -g assembly comparison
FAIL: g++.dg/pch/system-2.C -g assembly comparison
XPASS: g++.old-deja/g++.jason/thunk3.C execution test
WARNING: g++.old-deja/g++.mike/p10769a.C compilation failed to produce
executable
WARNING: g++.old-deja/g++.other/enum5.C compilation failed to produce
executable
WARNING: g++.old-deja/g++.pt/friend44.C compilation failed to produce
executable

		=== g++ Summary for unix ===

# of expected passes		9092
# of unexpected failures	2
# of unexpected successes	1
# of expected failures		64
# of unsupported tests		74

Running target unix/-mabi=64
FAIL: g++.dg/pch/system-1.C -g assembly comparison
FAIL: g++.dg/pch/system-2.C -g assembly comparison
XPASS: g++.old-deja/g++.jason/thunk3.C execution test
WARNING: g++.old-deja/g++.mike/p10769a.C compilation failed to produce
executable
WARNING: g++.old-deja/g++.other/enum5.C compilation failed to produce
executable
WARNING: g++.old-deja/g++.pt/friend44.C compilation failed to produce
executable

		=== g++ Summary for unix/-mabi=64 ===

# of expected passes		9092
# of unexpected failures	2
# of unexpected successes	1
# of expected failures		64
# of unsupported tests		74

		=== g++ Summary ===

# of expected passes		18184
# of unexpected failures	4
# of unexpected successes	2
# of expected failures		128
# of unsupported tests		148
/disk4/billingd/obj/gcc-3.4/gcc/testsuite/../g++ version 3.4.0 20040224
(prerelease)

		=== g77 tests ===


Running target unix

		=== g77 Summary for unix ===

# of expected passes		1800
# of unsupported tests		6

Running target unix/-mabi=64

		=== g77 Summary for unix/-mabi=64 ===

# of expected passes		1800
# of unsupported tests		6

		=== g77 Summary ===

# of expected passes		3600
# of unsupported tests		12
/disk4/billingd/obj/gcc-3.4/gcc/testsuite/../g77 version 3.4.0 20040224
(prerelease)

		=== gcc tests ===


Running target unix
FAIL: gcc.dg/builtins-18.c (test for excess errors)
FAIL: gcc.dg/builtins-20.c (test for excess errors)
XPASS: gcc.dg/sibcall-3.c execution test
XPASS: gcc.dg/sibcall-4.c execution test
UNRESOLVED: gcc.dg/visibility-1.c
UNRESOLVED: gcc.dg/visibility-2.c
UNRESOLVED: gcc.dg/visibility-3.c
UNRESOLVED: gcc.dg/visibility-4.c
UNRESOLVED: gcc.dg/visibility-5.c
UNRESOLVED: gcc.dg/visibility-6.c
UNRESOLVED: gcc.dg/visibility-7.c
UNRESOLVED: gcc.dg/visibility-8.c

		=== gcc Summary for unix ===

# of expected passes		23663
# of unexpected failures	2
# of unexpected successes	2
# of expected failures		74
# of unresolved testcases	8
# of untested testcases		7
# of unsupported tests		292

Running target unix/-mabi=64
FAIL: gcc.c-torture/compile/20031023-1.c  -O0  (test for excess errors)
FAIL: gcc.c-torture/compile/20031023-1.c  -O1  (test for excess errors)
FAIL: gcc.c-torture/compile/20031023-1.c  -O2  (test for excess errors)
FAIL: gcc.c-torture/compile/20031023-1.c  -O3 -fomit-frame-pointer
(test for excess errors)
FAIL: gcc.c-torture/compile/20031023-1.c  -O3 -g  (test for excess
errors)
FAIL: gcc.c-torture/compile/20031023-1.c  -Os  (test for excess errors)
FAIL: gcc.c-torture/compile/20031023-2.c  -O0  (test for excess errors)
FAIL: gcc.c-torture/compile/20031023-2.c  -O1  (test for excess errors)
FAIL: gcc.c-torture/compile/20031023-2.c  -O2  (test for excess errors)
FAIL: gcc.c-torture/compile/20031023-2.c  -O3 -fomit-frame-pointer
(test for excess errors)
FAIL: gcc.c-torture/compile/20031023-2.c  -O3 -g  (test for excess
errors)
FAIL: gcc.c-torture/compile/20031023-2.c  -Os  (test for excess errors)
FAIL: gcc.c-torture/compile/20031023-3.c  -O0  (test for excess errors)
FAIL: gcc.c-torture/compile/20031023-3.c  -O1  (test for excess errors)
FAIL: gcc.c-torture/compile/20031023-3.c  -O2  (test for excess errors)
FAIL: gcc.c-torture/compile/20031023-3.c  -O3 -fomit-frame-pointer
(test for excess errors)
FAIL: gcc.c-torture/compile/20031023-3.c  -O3 -g  (test for excess
errors)
FAIL: gcc.c-torture/compile/20031023-3.c  -Os  (test for excess errors)
FAIL: gcc.dg/builtins-18.c (test for excess errors)
FAIL: gcc.dg/builtins-20.c (test for excess errors)
FAIL: gcc.dg/funcorder.c scan-assembler-not link_error
XPASS: gcc.dg/sibcall-3.c execution test
XPASS: gcc.dg/sibcall-4.c execution test
UNRESOLVED: gcc.dg/visibility-1.c
UNRESOLVED: gcc.dg/visibility-2.c
UNRESOLVED: gcc.dg/visibility-3.c
UNRESOLVED: gcc.dg/visibility-4.c
UNRESOLVED: gcc.dg/visibility-5.c
UNRESOLVED: gcc.dg/visibility-6.c
UNRESOLVED: gcc.dg/visibility-7.c
UNRESOLVED: gcc.dg/visibility-8.c

		=== gcc Summary for unix/-mabi=64 ===

# of expected passes		23644
# of unexpected failures	21
# of unexpected successes	2
# of expected failures		74
# of unresolved testcases	8
# of untested testcases		7
# of unsupported tests		292

		=== gcc Summary ===

# of expected passes		47307
# of unexpected failures	23
# of unexpected successes	4
# of expected failures		148
# of unresolved testcases	16
# of untested testcases		14
# of unsupported tests		584
/disk4/billingd/obj/gcc-3.4/gcc/xgcc version 3.4.0 20040224 (prerelease)

		=== objc tests ===


Running target unix

		=== objc Summary for unix ===

# of expected passes		1341
# of unsupported tests		8

Running target unix/-mabi=64

		=== objc Summary for unix/-mabi=64 ===

# of expected passes		1341
# of unsupported tests		8

		=== objc Summary ===

# of expected passes		2682
# of unsupported tests		16
/disk4/billingd/obj/gcc-3.4/gcc/xgcc version 3.4.0 20040224 (prerelease)

		=== libstdc++ tests ===


Running target unix
FAIL: 18_support/numeric_limits.cc execution test
FAIL: 21_strings/basic_string/inserters_extractors/wchar_t/1.cc
execution test
FAIL: 21_strings/basic_string/inserters_extractors/wchar_t/5.cc
execution test
FAIL: 22_locale/collate/compare/wchar_t/2.cc (test for excess errors)
WARNING: 22_locale/collate/compare/wchar_t/2.cc compilation failed to
produce executable
FAIL: 22_locale/collate/compare/wchar_t/wrapped_env.cc (test for excess
errors)
WARNING: 22_locale/collate/compare/wchar_t/wrapped_env.cc compilation
failed to produce executable
FAIL: 22_locale/collate/compare/wchar_t/wrapped_locale.cc (test for
excess errors)
WARNING: 22_locale/collate/compare/wchar_t/wrapped_locale.cc compilation
failed to produce executable
FAIL: 22_locale/collate/hash/wchar_t/2.cc (test for excess errors)
WARNING: 22_locale/collate/hash/wchar_t/2.cc compilation failed to
produce executable
FAIL: 22_locale/collate/hash/wchar_t/wrapped_env.cc (test for excess
errors)
WARNING: 22_locale/collate/hash/wchar_t/wrapped_env.cc compilation
failed to produce executable
FAIL: 22_locale/collate/hash/wchar_t/wrapped_locale.cc (test for excess
errors)
WARNING: 22_locale/collate/hash/wchar_t/wrapped_locale.cc compilation
failed to produce executable
FAIL: 22_locale/collate/transform/wchar_t/2.cc (test for excess errors)
WARNING: 22_locale/collate/transform/wchar_t/2.cc compilation failed to
produce executable
FAIL: 22_locale/collate/transform/wchar_t/wrapped_env.cc (test for
excess errors)
WARNING: 22_locale/collate/transform/wchar_t/wrapped_env.cc compilation
failed to produce executable
FAIL: 22_locale/collate/transform/wchar_t/wrapped_locale.cc (test for
excess errors)
WARNING: 22_locale/collate/transform/wchar_t/wrapped_locale.cc
compilation failed to produce executable
FAIL: 22_locale/ctype/cons/char/1.cc execution test
FAIL: 22_locale/ctype/is/wchar_t/1.cc execution test
FAIL: 22_locale/ctype/scan/wchar_t/1.cc execution test
FAIL: 22_locale/money_get/get/wchar_t/8.cc execution test
FAIL: 22_locale/num_get/get/char/10.cc execution test
FAIL: 22_locale/num_get/get/wchar_t/10.cc execution test
FAIL: 26_numerics/c99_classification_macros_c++.cc (test for excess
errors)
FAIL: 26_numerics/c99_classification_macros_c.cc (test for excess
errors)

		=== libstdc++ Summary for unix ===

# of expected passes		2514
# of unexpected failures	20
# of expected failures		2
# of unsupported tests		7

Running target unix/-mabi=64
FAIL: 18_support/numeric_limits.cc execution test
FAIL: 21_strings/basic_string/inserters_extractors/wchar_t/1.cc
execution test
FAIL: 21_strings/basic_string/inserters_extractors/wchar_t/5.cc
execution test
FAIL: 22_locale/collate/compare/wchar_t/2.cc (test for excess errors)
WARNING: 22_locale/collate/compare/wchar_t/2.cc compilation failed to
produce executable
FAIL: 22_locale/collate/compare/wchar_t/wrapped_env.cc (test for excess
errors)
WARNING: 22_locale/collate/compare/wchar_t/wrapped_env.cc compilation
failed to produce executable
FAIL: 22_locale/collate/compare/wchar_t/wrapped_locale.cc (test for
excess errors)
WARNING: 22_locale/collate/compare/wchar_t/wrapped_locale.cc compilation
failed to produce executable
FAIL: 22_locale/collate/hash/wchar_t/2.cc (test for excess errors)
WARNING: 22_locale/collate/hash/wchar_t/2.cc compilation failed to
produce executable
FAIL: 22_locale/collate/hash/wchar_t/wrapped_env.cc (test for excess
errors)
WARNING: 22_locale/collate/hash/wchar_t/wrapped_env.cc compilation
failed to produce executable
FAIL: 22_locale/collate/hash/wchar_t/wrapped_locale.cc (test for excess
errors)
WARNING: 22_locale/collate/hash/wchar_t/wrapped_locale.cc compilation
failed to produce executable
FAIL: 22_locale/collate/transform/wchar_t/2.cc (test for excess errors)
WARNING: 22_locale/collate/transform/wchar_t/2.cc compilation failed to
produce executable
FAIL: 22_locale/collate/transform/wchar_t/wrapped_env.cc (test for
excess errors)
WARNING: 22_locale/collate/transform/wchar_t/wrapped_env.cc compilation
failed to produce executable
FAIL: 22_locale/collate/transform/wchar_t/wrapped_locale.cc (test for
excess errors)
WARNING: 22_locale/collate/transform/wchar_t/wrapped_locale.cc
compilation failed to produce executable
FAIL: 22_locale/ctype/cons/char/1.cc execution test
FAIL: 22_locale/ctype/is/wchar_t/1.cc execution test
FAIL: 22_locale/ctype/scan/wchar_t/1.cc execution test
FAIL: 22_locale/money_get/get/wchar_t/8.cc execution test
FAIL: 22_locale/num_get/get/char/10.cc execution test
FAIL: 22_locale/num_get/get/wchar_t/10.cc execution test
FAIL: 26_numerics/c99_classification_macros_c++.cc (test for excess
errors)
FAIL: 26_numerics/c99_classification_macros_c.cc (test for excess
errors)

		=== libstdc++ Summary for unix/-mabi=64 ===

# of expected passes		2514
# of unexpected failures	20
# of expected failures		2
# of unsupported tests		7

		=== libstdc++ Summary ===

# of expected passes		5028
# of unexpected failures	40
# of expected failures		4
# of unsupported tests		14

Compiler version: 3.4.0 20040224 (prerelease) 
Platform: mips-sgi-irix6.5
configure flags: --enable-shared --enable-haifa --disable-libgcj
--enable-threads=single --disable-nls
--prefix=/disk4/billingd/tmp/gcc-3.4
Counting all warnings,
there are 212 warnings in stage3 of this bootstrap.

Number of warnings per file:
  69 fp-bit.c
  69 dp-bit.c
  46 tp-bit.c
  10 gcc/config/mips/mips.md
   5 /usr/local/share/bison/bison.simple
   3 gengtype-lex.c
   3 gcc/gcc.c
   2 insn-conditions.c
   2 gcc/objc/lang-specs.h
   2 gcc/f/sta.c
   1 gcc/java/jvspec.c

Number of warning types:
 183 conflicting types for built-in function 'nan'
   8 string length \`???' is greater than the length \`???' ISO C89
compilers are required to support
   7 operand 1 missing mode?
   6 old-style parameter declaration
   3 operand 0 missing mode?
   2 label \`???' defined but not used
   2 dereferencing type-punned pointer will break strict-aliasing rules
   1 conflicting types for built-in function 'nan'./xgcc -B./
-B/disk4/billingd/tmp/gcc-3.4/mips-sgi-irix6.5/bin/ -isystem
/disk4/billingd/tmp/gcc-3.4/mips-sgi-irix6.5/include -isystem
/disk4/billingd/tmp/gcc-3.4/mips-sgi-irix6.5/sys-include
-L/disk4/billingd/obj/gcc-3.4/gcc/../ld -O2  -DIN_GCC    -W -Wall
-Wwrite-strings -Wstrict-prototypes -Wmissing-prototypes
-Wold-style-definition  -isystem ./include   -g  -DIN_LIBGCC2
-D__GCC_FLOAT_NOT_NEEDED  -I. -I. -I/disk4/billingd/src/gcc-3.4/gcc
-I/disk4/billingd/src/gcc-3.4/gcc/.
-I/disk4/billingd/src/gcc-3.4/gcc/../include  -DFINE_GRAINED_LIBRARIES
-mabi=32 -DL_thenan_df -c dp-bit.c -o libgcc/mabi=32/_thenan_df.o


Index Nav: [Date Index] [Subject Index] [Author Index] [Thread Index]
Message Nav: [Date Prev] [Date Next] [Thread Prev] [Thread Next]