This is the mail archive of the gcc-testresults@gcc.gnu.org mailing list for the GCC project.


Index Nav: [Date Index] [Subject Index] [Author Index] [Thread Index]
Message Nav: [Date Prev] [Date Next] [Thread Prev] [Thread Next]
Other format: [Raw text]

Results for 3.5.0 20040224 (experimental) testsuite on i586-suse-linux-gnu


LAST_UPDATED: Tue Feb 24 00:24:58 UTC 2004

Native configuration is i586-suse-linux-gnu

		=== g77 tests ===


Running target unix

		=== g77 Summary ===

# of expected passes		1788
# of unsupported tests		6
/local/build/gcc/testsuite/../g77 version 3.5.0 20040224 (experimental)

		=== gcc tests ===


Running target unix
FAIL: gcc.c-torture/execute/va-arg-25.c execution,  -Os 
XPASS: gcc.dg/cpp/cmdlne-dI-M.c scan-file (^|\\\\n)cmdlne-dI-M.*:[^\\\\n]*cmdlne-dI-M.c
XPASS: gcc.dg/cpp/cmdlne-dM-M.c scan-file (^|\\\\n)cmdlne-dM-M[^\\\\n]*:[^\\\\n]*cmdlne-dM-M.c

		=== gcc Summary ===

# of expected passes		24739
# of unexpected failures	1
# of unexpected successes	2
# of expected failures		61
# of untested testcases		7
# of unsupported tests		183
/local/build/gcc/xgcc version 3.5.0 20040224 (experimental)

		=== g++ tests ===


Running target unix
WARNING: g++.old-deja/g++.mike/p10769a.C compilation failed to produce executable
WARNING: g++.old-deja/g++.other/enum5.C compilation failed to produce executable
XPASS: g++.old-deja/g++.other/init5.C execution test
WARNING: g++.old-deja/g++.pt/friend44.C compilation failed to produce executable

		=== g++ Summary ===

# of expected passes		9625
# of unexpected successes	1
# of expected failures		77
# of unsupported tests		32
/local/build/gcc/testsuite/../g++ version 3.5.0 20040224 (experimental)

		=== objc tests ===


Running target unix

		=== objc Summary ===

# of expected passes		1341
# of unsupported tests		8
/local/build/gcc/xgcc version 3.5.0 20040224 (experimental)


		=== libstdc++-v3 check-abi Summary ===

# of added symbols:		 282
# of missing symbols:		 281
# of incompatible symbols:	 316
		=== libstdc++ tests ===


Running target unix
FAIL: 23_containers/multiset/insert/1.cc execution test
XPASS: 26_numerics/c99_classification_macros_c.cc (test for excess errors)

		=== libstdc++ Summary ===

# of expected passes		2565
# of unexpected failures	1
# of unexpected successes	1
# of expected failures		2

Compiler version: 3.5.0 20040224 (experimental) 
Platform: i586-suse-linux-gnu
configure flags: --enable-threads=posix --prefix=/local/inst/gcc350 --enable-languages=c,c++,f77,objc --disable-checking --disable-libgcj --with-gxx-include-dir=/local/inst/gcc350/include/g++ --with-system-zlib --enable-shared --enable-__cxa_atexit i586-suse-linux


Index Nav: [Date Index] [Subject Index] [Author Index] [Thread Index]
Message Nav: [Date Prev] [Date Next] [Thread Prev] [Thread Next]