This is the mail archive of the gcc-testresults@gcc.gnu.org mailing list for the GCC project.


Index Nav: [Date Index] [Subject Index] [Author Index] [Thread Index]
Message Nav: [Date Prev] [Date Next] [Thread Prev] [Thread Next]
Other format: [Raw text]

Results for 3.3.3 testsuite on alphaev6-dec-osf5.1


Compaq Tru64 UNIX V5.1
Compaq AlphaServer ES40
Native cc used for bootstrap
Native as and ld

Only C, C++, ObjC, and Fortran (f77) are tested (no Java).
LAST_UPDATED: 
Native configuration is alphaev6-dec-osf5.1

		=== libstdc++-v3 tests ===


Running target unix
FAIL: 18_support/numeric_limits.cc execution test
FAIL: 27_io/istream_extractor_arith/12.cc execution test

		=== libstdc++-v3 Summary ===

# of expected passes		416
# of unexpected failures	2
# of expected failures		17
# of unsupported tests		6
		=== g++ tests ===


Running target unix
ERROR: g++.dg/abi/rtti1.C: error executing dg-final: couldn't execute "c++filt": no such file or directory
UNRESOLVED: g++.dg/abi/rtti1.C: error executing dg-final: couldn't execute "c++filt": no such file or directory
FAIL: g++.dg/parse/crash6.C (test for excess errors)
XPASS: g++.ext/attrib5.C (test for excess errors)
XPASS: g++.ext/attrib5.C  Execution test

		=== g++ Summary ===

# of expected passes		8151
# of unexpected failures	1
# of unexpected successes	2
# of expected failures		94
# of unresolved testcases	1
# of untested testcases		22
# of unsupported tests		28
/am/remote/atg2/jbuck/alphatmp/3.3.3/gcc/testsuite/../g++ version 3.3.3

		=== g77 tests ===


Running target unix

		=== g77 Summary ===

# of expected passes		1720
# of unsupported tests		8
/am/remote/atg2/jbuck/alphatmp/3.3.3/gcc/testsuite/../g77 version 3.3.3

		=== gcc tests ===


Running target unix
FAIL: gcc.c-torture/compile/labels-3.c,  -O0  
FAIL: gcc.c-torture/compile/labels-3.c,  -O1  
FAIL: gcc.c-torture/compile/labels-3.c,  -O2  
FAIL: gcc.c-torture/compile/labels-3.c,  -O3 -fomit-frame-pointer  
FAIL: gcc.c-torture/compile/labels-3.c,  -O3 -g  
FAIL: gcc.c-torture/compile/labels-3.c,  -Os  
FAIL: gcc.c-torture/execute/20020227-1.c compilation,  -O2 
UNRESOLVED: gcc.c-torture/execute/20020227-1.c execution,  -O2 
FAIL: gcc.c-torture/execute/20020227-1.c compilation,  -O3 -fomit-frame-pointer 
UNRESOLVED: gcc.c-torture/execute/20020227-1.c execution,  -O3 -fomit-frame-pointer 
FAIL: gcc.c-torture/execute/20020227-1.c compilation,  -O3 -g 
UNRESOLVED: gcc.c-torture/execute/20020227-1.c execution,  -O3 -g 
FAIL: gcc.c-torture/execute/20020227-1.c compilation,  -Os 
UNRESOLVED: gcc.c-torture/execute/20020227-1.c execution,  -Os 
FAIL: gcc.c-torture/execute/regstack-1.c execution,  -O1 
FAIL: gcc.c-torture/execute/ieee/20010226-1.c execution,  -O1 
FAIL: gcc.c-torture/execute/ieee/inf-1.c execution,  -O1 
FAIL: gcc.dg/20020607-2.c (test for excess errors)
WARNING: gcc.dg/20020607-2.c compilation failed to produce executable
FAIL: gcc.dg/duff-2.c (test for excess errors)
FAIL: gcc.dg/fastmath-1.c (test for excess errors)
WARNING: gcc.dg/fastmath-1.c compilation failed to produce executable
FAIL: gcc.dg/fnegate-1.c (test for excess errors)
WARNING: gcc.dg/fnegate-1.c compilation failed to produce executable
FAIL: gcc.dg/inline-2.c scan-assembler bsr
WARNING: program timed out.

		=== gcc Summary ===

# of expected passes		21003
# of unexpected failures	18
# of expected failures		74
# of unresolved testcases	4
# of unsupported tests		188
/am/remote/atg2/jbuck/alphatmp/3.3.3/gcc/xgcc version 3.3.3

		=== objc tests ===


Running target unix

		=== objc Summary ===

# of expected passes		1166
/am/remote/atg2/jbuck/alphatmp/3.3.3/gcc/xgcc version 3.3.3


Compiler version: 3.3.3 
Platform: alphaev6-dec-osf5.1
configure flags: --host=alphaev6-dec-osf5.1 --prefix=/u/jbuck/cvs.alpha/3.3.3 --enable-languages=c,c++,objc,f77


Index Nav: [Date Index] [Subject Index] [Author Index] [Thread Index]
Message Nav: [Date Prev] [Date Next] [Thread Prev] [Thread Next]