This is the mail archive of the gcc-testresults@gcc.gnu.org mailing list for the GCC project.


Index Nav: [Date Index] [Subject Index] [Author Index] [Thread Index]
Message Nav: [Date Prev] [Date Next] [Thread Prev] [Thread Next]
Other format: [Raw text]

Results for 3.4.0 20040222 (prerelease) testsuite on sparc-unknown-linux-gnu


Aurora SPARC Linux 1.0 (Ansel) SparcStation20 dual SuperSparc-(II) sun4m:

binutils 2.14.90 20040218 sparc-linux (host built)
bison-1.35-1
dejagnu-1.4.2-10 (ftp://download.fedora.redhat.com/pub/fedora/linux/core/1)
expect-5.32.2-67
gcc 3.4.0 20040220 (prerelease) sparc-linux (host built)
glibc-2.2.5-44sparc1
glibc-kernheaders-2.4-7.16sparc
kernel-smp-2.4.24-0.1sparc (ftp://ftp.j-son.org/pub/aurora/kernel-2.4.24)
tcl-8.3.3-67

LAST_UPDATED: Sun Feb 22 09:35:39 UTC 2004

Native configuration is sparc-unknown-linux-gnu

		=== g77 tests ===


Running target unix/-fPIC

		=== g77 Summary for unix/-fPIC ===

# of expected passes		1800
# of unsupported tests		6

Running target unix

		=== g77 Summary for unix ===

# of expected passes		1800
# of unsupported tests		6

		=== g77 Summary ===

# of expected passes		3600
# of unsupported tests		12
/usr/local/src/branch/objdir/gcc/testsuite/../g77 version 3.4.0 20040222 (prerelease)

		=== gcc tests ===


Running target unix/-fPIC
UNRESOLVED: gcc.c-torture/execute/20020720-1.c execution,  -O1 
UNRESOLVED: gcc.c-torture/execute/20020720-1.c execution,  -O2 
UNRESOLVED: gcc.c-torture/execute/20020720-1.c execution,  -O3 -fomit-frame-pointer 
UNRESOLVED: gcc.c-torture/execute/20020720-1.c execution,  -O3 -g 
UNRESOLVED: gcc.c-torture/execute/20020720-1.c execution,  -Os 
FAIL: gcc.c-torture/execute/20030125-1.c execution,  -O1 
FAIL: gcc.c-torture/execute/20030125-1.c execution,  -O2 
FAIL: gcc.c-torture/execute/20030125-1.c execution,  -O3 -fomit-frame-pointer 
FAIL: gcc.c-torture/execute/20030125-1.c execution,  -O3 -g 
FAIL: gcc.c-torture/execute/20030125-1.c execution,  -Os 
UNRESOLVED: gcc.c-torture/execute/simd-4.c execution,  -O0 
UNRESOLVED: gcc.dg/compat/vector-1 c_compat_x_tst.o-c_compat_y_tst.o link 
UNRESOLVED: gcc.dg/compat/vector-1 c_compat_x_tst.o-c_compat_y_tst.o execute 
UNRESOLVED: gcc.dg/compat/vector-2 c_compat_x_tst.o-c_compat_y_tst.o link 
UNRESOLVED: gcc.dg/compat/vector-2 c_compat_x_tst.o-c_compat_y_tst.o execute 
FAIL: gcc.dg/builtins-20.c (test for excess errors)
FAIL: gcc.dg/titype-1.c (test for excess errors)
WARNING: gcc.dg/titype-1.c compilation failed to produce executable
FAIL: gcc.dg/ultrasp10.c execution test
FAIL: gcc.dg/ultrasp9.c execution test
XPASS: gcc.dg/uninit-4.c uninitialized variable warning (test for bogus messages, line 26)
FAIL: gcc.dg/uninit-C.c (test for excess errors)

		=== gcc Summary for unix/-fPIC ===

# of expected passes		24069
# of unexpected failures	10
# of unexpected successes	1
# of expected failures		78
# of unresolved testcases	10
# of untested testcases		7
# of unsupported tests		292

Running target unix
FAIL: gcc.c-torture/execute/20030125-1.c execution,  -O1 
FAIL: gcc.c-torture/execute/20030125-1.c execution,  -O2 
FAIL: gcc.c-torture/execute/20030125-1.c execution,  -O3 -fomit-frame-pointer 
FAIL: gcc.c-torture/execute/20030125-1.c execution,  -O3 -g 
FAIL: gcc.c-torture/execute/20030125-1.c execution,  -Os 
UNRESOLVED: gcc.c-torture/execute/simd-4.c execution,  -O0 
UNRESOLVED: gcc.dg/compat/vector-1 c_compat_x_tst.o-c_compat_y_tst.o link 
UNRESOLVED: gcc.dg/compat/vector-1 c_compat_x_tst.o-c_compat_y_tst.o execute 
UNRESOLVED: gcc.dg/compat/vector-2 c_compat_x_tst.o-c_compat_y_tst.o link 
UNRESOLVED: gcc.dg/compat/vector-2 c_compat_x_tst.o-c_compat_y_tst.o execute 
FAIL: gcc.dg/builtins-20.c (test for excess errors)
FAIL: gcc.dg/titype-1.c (test for excess errors)
WARNING: gcc.dg/titype-1.c compilation failed to produce executable
FAIL: gcc.dg/ultrasp10.c execution test
FAIL: gcc.dg/ultrasp9.c execution test
XPASS: gcc.dg/uninit-4.c uninitialized variable warning (test for bogus messages, line 26)
FAIL: gcc.dg/uninit-C.c (test for excess errors)

		=== gcc Summary for unix ===

# of expected passes		24079
# of unexpected failures	10
# of unexpected successes	1
# of expected failures		73
# of unresolved testcases	5
# of untested testcases		7
# of unsupported tests		292

		=== gcc Summary ===

# of expected passes		48148
# of unexpected failures	20
# of unexpected successes	2
# of expected failures		151
# of unresolved testcases	15
# of untested testcases		14
# of unsupported tests		584
/usr/local/src/branch/objdir/gcc/xgcc version 3.4.0 20040222 (prerelease)

		=== g++ tests ===


Running target unix/-fPIC
WARNING: g++.dg/eh/simd-1.C compilation failed to produce executable
WARNING: g++.dg/eh/simd-2.C compilation failed to produce executable
WARNING: g++.old-deja/g++.mike/p10769a.C compilation failed to produce executable
WARNING: g++.old-deja/g++.other/enum5.C compilation failed to produce executable
XPASS: g++.old-deja/g++.other/init5.C execution test
WARNING: g++.old-deja/g++.pt/friend44.C compilation failed to produce executable

		=== g++ Summary for unix/-fPIC ===

# of expected passes		9421
# of unexpected successes	1
# of expected failures		63
# of unsupported tests		69

Running target unix
FAIL: g++.dg/eh/simd-1.C (test for excess errors)
WARNING: g++.dg/eh/simd-1.C compilation failed to produce executable
FAIL: g++.dg/eh/simd-2.C (test for excess errors)
WARNING: g++.dg/eh/simd-2.C compilation failed to produce executable
WARNING: g++.old-deja/g++.mike/p10769a.C compilation failed to produce executable
WARNING: g++.old-deja/g++.other/enum5.C compilation failed to produce executable
XPASS: g++.old-deja/g++.other/init5.C execution test
WARNING: g++.old-deja/g++.pt/friend44.C compilation failed to produce executable

		=== g++ Summary for unix ===

# of expected passes		9419
# of unexpected failures	2
# of unexpected successes	1
# of expected failures		63
# of unsupported tests		69

		=== g++ Summary ===

# of expected passes		18840
# of unexpected failures	2
# of unexpected successes	2
# of expected failures		126
# of unsupported tests		138
/usr/local/src/branch/objdir/gcc/testsuite/../g++ version 3.4.0 20040222 (prerelease)

		=== objc tests ===


Running target unix/-fPIC

		=== objc Summary for unix/-fPIC ===

# of expected passes		1341
# of unsupported tests		8

Running target unix

		=== objc Summary for unix ===

# of expected passes		1341
# of unsupported tests		8

		=== objc Summary ===

# of expected passes		2682
# of unsupported tests		16
/usr/local/src/branch/objdir/gcc/xgcc version 3.4.0 20040222 (prerelease)

		=== libffi tests ===


Running target unix/-fPIC

		=== libffi Summary for unix/-fPIC ===

# of expected passes		212
# of unsupported tests		2

Running target unix

		=== libffi Summary for unix ===

# of expected passes		212
# of unsupported tests		2

		=== libffi Summary ===

# of expected passes		424
# of unsupported tests		4
		=== libjava tests ===


Running target unix/-fPIC
FAIL: linking simple
FAIL: Array_3 execution - source compiled test
FAIL: Array_3 execution - gij test
FAIL: Array_3 execution - bytecode->native test
FAIL: Array_3 -O3 execution - source compiled test
FAIL: Array_3 execution - gij test
FAIL: Array_3 -O3 execution - bytecode->native test
FAIL: Invoke_1 execution - source compiled test
FAIL: Invoke_1 execution - bytecode->native test
FAIL: Invoke_1 -O3 execution - source compiled test
FAIL: Invoke_1 -O3 execution - bytecode->native test
FAIL: PR218 execution - source compiled test
FAIL: PR218 execution - gij test
FAIL: PR218 execution - bytecode->native test
FAIL: PR218 -O3 execution - source compiled test
FAIL: PR218 execution - gij test
FAIL: PR218 -O3 execution - bytecode->native test
WARNING: program timed out.
FAIL: SyncTest execution - source compiled test
WARNING: program timed out.
FAIL: SyncTest execution - gij test
WARNING: program timed out.
FAIL: SyncTest execution - bytecode->native test
WARNING: program timed out.
FAIL: SyncTest -O3 execution - source compiled test
WARNING: program timed out.
FAIL: SyncTest execution - gij test
WARNING: program timed out.
FAIL: SyncTest -O3 execution - bytecode->native test
FAIL: Throw_2 execution - source compiled test
FAIL: Throw_2 execution - gij test
FAIL: Throw_2 execution - bytecode->native test
FAIL: Throw_2 -O3 execution - source compiled test
FAIL: Throw_2 execution - gij test
FAIL: Throw_2 -O3 execution - bytecode->native test

		=== libjava Summary for unix/-fPIC ===

# of expected passes		3204
# of unexpected failures	29
# of expected failures		11
# of untested testcases		36

Running target unix
FAIL: linking simple
FAIL: Array_3 execution - source compiled test
FAIL: Array_3 execution - gij test
FAIL: Array_3 execution - bytecode->native test
FAIL: Array_3 -O3 execution - source compiled test
FAIL: Array_3 execution - gij test
FAIL: Array_3 -O3 execution - bytecode->native test
FAIL: Invoke_1 execution - source compiled test
FAIL: Invoke_1 execution - bytecode->native test
FAIL: Invoke_1 -O3 execution - source compiled test
FAIL: Invoke_1 -O3 execution - bytecode->native test
FAIL: PR218 execution - source compiled test
FAIL: PR218 execution - gij test
FAIL: PR218 execution - bytecode->native test
FAIL: PR218 -O3 execution - source compiled test
FAIL: PR218 execution - gij test
FAIL: PR218 -O3 execution - bytecode->native test
WARNING: program timed out.
FAIL: SyncTest execution - source compiled test
WARNING: program timed out.
FAIL: SyncTest execution - gij test
WARNING: program timed out.
FAIL: SyncTest execution - bytecode->native test
WARNING: program timed out.
FAIL: SyncTest -O3 execution - source compiled test
WARNING: program timed out.
FAIL: SyncTest execution - gij test
WARNING: program timed out.
FAIL: SyncTest -O3 execution - bytecode->native test
FAIL: Throw_2 execution - source compiled test
FAIL: Throw_2 execution - gij test
FAIL: Throw_2 execution - bytecode->native test
FAIL: Throw_2 -O3 execution - source compiled test
FAIL: Throw_2 execution - gij test
FAIL: Throw_2 -O3 execution - bytecode->native test

		=== libjava Summary for unix ===

# of expected passes		3204
# of unexpected failures	29
# of expected failures		11
# of untested testcases		36

		=== libjava Summary ===

# of expected passes		6408
# of unexpected failures	58
# of expected failures		22
# of untested testcases		72

		=== libstdc++-v3 check-abi Summary ===

# of added symbols:		 256
# of missing symbols:		 385
# of incompatible symbols:	 416
		=== libstdc++ tests ===


Running target unix/-fPIC
FAIL: 22_locale/codecvt/encoding/wchar_t/wrapped_locale.cc execution test
FAIL: 22_locale/codecvt/in/wchar_t/9.cc execution test
FAIL: 22_locale/codecvt/max_length/wchar_t/wrapped_locale.cc execution test
FAIL: 22_locale/ctype/widen/wchar_t/2.cc execution test
FAIL: 27_io/basic_filebuf/imbue/wchar_t/12868.cc execution test
FAIL: 27_io/basic_filebuf/overflow/wchar_t/11305-1.cc execution test
FAIL: 27_io/basic_filebuf/overflow/wchar_t/11305-2.cc execution test
FAIL: 27_io/basic_filebuf/overflow/wchar_t/11305-3.cc execution test
FAIL: 27_io/basic_filebuf/overflow/wchar_t/11305-4.cc execution test
FAIL: 27_io/basic_filebuf/seekoff/wchar_t/1.cc execution test
FAIL: 27_io/basic_filebuf/seekoff/wchar_t/2.cc execution test
FAIL: 27_io/basic_filebuf/seekpos/wchar_t/9874.cc execution test
FAIL: 27_io/basic_filebuf/underflow/wchar_t/1.cc execution test
FAIL: 27_io/basic_filebuf/underflow/wchar_t/2.cc execution test
FAIL: 27_io/basic_filebuf/underflow/wchar_t/3.cc execution test
FAIL: 27_io/basic_filebuf/underflow/wchar_t/9520.cc execution test
WARNING: program timed out.
FAIL: thread/pthread1.cc execution test
FAIL: thread/pthread4.cc execution test
WARNING: program timed out.
FAIL: thread/pthread5.cc execution test
WARNING: program timed out.
FAIL: thread/pthread6.cc execution test

		=== libstdc++ Summary for unix/-fPIC ===

# of expected passes		2536
# of unexpected failures	20
# of expected failures		3

Running target unix
FAIL: 22_locale/codecvt/encoding/wchar_t/wrapped_locale.cc execution test
FAIL: 22_locale/codecvt/in/wchar_t/9.cc execution test
FAIL: 22_locale/codecvt/max_length/wchar_t/wrapped_locale.cc execution test
FAIL: 22_locale/ctype/widen/wchar_t/2.cc execution test
XPASS: 26_numerics/c99_classification_macros_c.cc (test for excess errors)
FAIL: 27_io/basic_filebuf/imbue/wchar_t/12868.cc execution test
FAIL: 27_io/basic_filebuf/overflow/wchar_t/11305-1.cc execution test
FAIL: 27_io/basic_filebuf/overflow/wchar_t/11305-2.cc execution test
FAIL: 27_io/basic_filebuf/overflow/wchar_t/11305-3.cc execution test
FAIL: 27_io/basic_filebuf/overflow/wchar_t/11305-4.cc execution test
FAIL: 27_io/basic_filebuf/seekoff/wchar_t/1.cc execution test
FAIL: 27_io/basic_filebuf/seekoff/wchar_t/2.cc execution test
FAIL: 27_io/basic_filebuf/seekpos/wchar_t/9874.cc execution test
FAIL: 27_io/basic_filebuf/underflow/wchar_t/1.cc execution test
FAIL: 27_io/basic_filebuf/underflow/wchar_t/2.cc execution test
FAIL: 27_io/basic_filebuf/underflow/wchar_t/3.cc execution test
FAIL: 27_io/basic_filebuf/underflow/wchar_t/9520.cc execution test
WARNING: program timed out.
FAIL: thread/pthread1.cc execution test
FAIL: thread/pthread4.cc execution test
WARNING: program timed out.
FAIL: thread/pthread5.cc execution test
WARNING: program timed out.
FAIL: thread/pthread6.cc execution test

		=== libstdc++ Summary for unix ===

# of expected passes		2536
# of unexpected failures	20
# of unexpected successes	1
# of expected failures		2

		=== libstdc++ Summary ===

# of expected passes		5072
# of unexpected failures	40
# of unexpected successes	1
# of expected failures		5

Compiler version: 3.4.0 20040222 (prerelease) 
Platform: sparc-unknown-linux-gnu
configure flags: sparc-linux --prefix=/usr/local/gcc-binutils --enable-__cxa_atexit --enable-shared --enable-threads=posix --with-system-zlib --enable-clocale=gnu
Counting all warnings,
there are 90 warnings in stage0 of this bootstrap.

Number of warnings per file:
     20	libiberty/regex.c
     20	libiberty/concat.c
      5	include/xregex2.h
      4	libjava/java/lang/strtod.c
      4	libjava/java/lang/dtoa.c
      4	libiberty/floatformat.c
      3	libjava/java/lang/e_exp.c
      3	libf2c/libI77/rsne.c
      2	libtool
      2	libobjc/linking.m
      2	libjava/java/lang/natClassLoader.cc
      2	<command line>
      1	libobjc/sendmsg.c
      1	libobjc/Protocol.m
      1	libobjc/Object.m
      1	libobjc/encoding.c
      1	libjava/verify.cc
      1	libjava/prims.cc
      1	libjava/jni.cc
      1	libjava/java/lang/e_rem_pio2.c
      1	libjava/java/lang/e_asin.c
      1	libjava/gnu/gcj/io/shs.cc
      1	libjava/boehm.cc
      1	libf2c/libI77/open.c
      1	libf2c/libI77/inquire.c
      1	java/net/natNetworkInterface.cc
      1	include/private/../gc_config_macros.h
      1	include/gc_config_macros.h
      1	gcc/coretypes.h
      1	gcc/boehm-gc/mark_rts.c
      1	fastjar/jartool.c

Number of warning types:
     20	traditional C rejects ISO C style function definitions
     16	signed and unsigned type in conditional expression
      5	ISO C90 does not support \`static' or type qualifiers in parameter array declarators
      4	use of C99 hexadecimal floating constant
      4	unused parameter 'preg'
      4	dereferencing type-punned pointer will break strict-aliasing rules
      4	comparison between signed and unsigned integer expressions
      3	this is the location of the previous definition
      2	\`GC_LINUX_THREADS' redefined
      1	'z' might be used uninitialized in this function
      1	'x' might be used uninitialized in this function
      1	'x0' might be used uninitialized in this function
      1	'void byteReverse()' declared \`static' but never defined
      1	unused parameter '_p'
      1	unused parameter 'fmt'
      1	unused parameter 'args_size'
      1	to ensure that POSIX-compatible ar will work
      1	't' might be used uninitialized in this function
      1	'target_flags' defined but not used
      1	string length \`???' is greater than the length \`???' ISO C89 compilers are required to support
      1	'spec_case' might be used uninitialized in this function
      1	\`rtx' redefined
      1	object name conflicts; overriding AR_FLAGS to 'cq'
      1	'mlo' might be used uninitialized in this function
      1	'lo' might be used uninitialized in this function
      1	'k' might be used uninitialized in this function
      1	'ilim' might be used uninitialized in this function
      1	'ilim1' might be used uninitialized in this function
      1	'hi' might be used uninitialized in this function
      1	function returns address of local variable
      1	'dn' might be used uninitialized in this function
      1	'dn0' might be used uninitialized in this function
      1	'delta' might be used uninitialized in this function
      1	comparison between signed and unsigned
      1	'bs' might be used uninitialized in this function
      1	'bd' might be used uninitialized in this function
      1	'bb' might be used uninitialized in this function
Counting all warnings,
there are 16 warnings in stage3 of this bootstrap.

Number of warnings per file:
      5	/usr/share/bison/bison.simple
      3	gengtype-lex.c
      3	gcc/gcc.c
      2	gcc/objc/lang-specs.h
      2	gcc/f/sta.c
      1	gcc/java/jvspec.c

Number of warning types:
      6	string length \`???' is greater than the length \`???' ISO C89 compilers are required to support
      6	old-style parameter declaration
      2	label \`???' defined but not used
      2	dereferencing type-punned pointer will break strict-aliasing rules


Index Nav: [Date Index] [Subject Index] [Author Index] [Thread Index]
Message Nav: [Date Prev] [Date Next] [Thread Prev] [Thread Next]