This is the mail archive of the gcc-testresults@gcc.gnu.org mailing list for the GCC project.


Index Nav: [Date Index] [Subject Index] [Author Index] [Thread Index]
Message Nav: [Date Prev] [Date Next] [Thread Prev] [Thread Next]
Other format: [Raw text]

Results for 3.3.3 testsuite on powerpc-unknown-linux-gnu


Yellow Dog Linux 3.0.1, upgraded to glibc 2.3.2, running on a Power Mac G4 
(Digital Audio) 466 MHz, 640 MB RAM.
LAST_UPDATED: 
Native configuration is powerpc-unknown-linux-gnu

		=== gcc tests ===


Running target unix
FAIL: gcc.dg/20020103-1.c scan-assembler-not LC
FAIL: gcc.dg/duff-2.c (test for excess errors)

		=== gcc Summary ===

# of expected passes		21073
# of unexpected failures	2
# of expected failures		67
# of unsupported tests		173
/home/josh/gcc-build/gcc/xgcc version 3.3.3

		=== g++ tests ===


Running target unix
XPASS: g++.dg/other/packed1.C execution test

		=== g++ Summary ===

# of expected passes		8144
# of unexpected successes	1
# of expected failures		94
# of untested testcases		23
# of unsupported tests		30
/home/josh/gcc-build/gcc/testsuite/../g++ version 3.3.3

		=== objc tests ===


Running target unix

		=== objc Summary ===

# of expected passes		1166
/home/josh/gcc-build/gcc/xgcc version 3.3.3

		=== libstdc++-v3 tests ===


Running target unix
FAIL: 22_locale/ctype_scan_wchar_t.cc execution test

		=== libstdc++-v3 Summary ===

# of expected passes		452
# of unexpected failures	1
# of expected failures		28

Compiler version: 3.3.3 
Platform: powerpc-unknown-linux-gnu
configure flags: --host=powerpc-unknown-linux-gnu --prefix=/usr --with-cpu=7400 --enable-altivec --enable-languages=c,c++,objc


Index Nav: [Date Index] [Subject Index] [Author Index] [Thread Index]
Message Nav: [Date Prev] [Date Next] [Thread Prev] [Thread Next]